NOAA-style Climate Reports

   V/Λ SELECT: Month and Year   OR  >   Month
                   Monthly Climatological Summary for Jun 2016

Name: Wetterstation Bebra-Gilfershausen   City: Bebra   State: Germany
Elevation: 250 m  Lat: N 50 59 02   Lon: E 009 49 37

                  Temperature (°°C), Rain (mm), Wind Speed (km/h)

                                      Heat  Cool        Avg
    Mean                              Deg   Deg         Wind                 Dom
Day Temp  High   Time   Low    Time   Days  Days  Rain  Speed High   Time    Dir
----------------------------------------------------------------------------------
01  17,5  20,2   10:54  14,9   04:26   1,1   0,0   1,6   0,6  13,0   19:05     E
02  17,3  19,9   17:43  14,5   22:53   1,2   0,0   1,0   0,1   9,0   08:15   ENE
03  17,2  23,5   15:50  13,3   04:34   1,9   0,0   2,1   0,7  14,0   14:08     N
04  18,4  23,3   15:30  13,5   01:42   1,3   0,0   0,5   0,4  12,0   10:24   NNE
05  19,3  25,6   11:00  13,9   03:11   1,1   0,0   0,0   0,7   9,0   07:22   NNE
06  20,8  27,6   14:46  14,1   03:36   1,2   0,0   0,0   1,3  20,0   17:11   NNW
07  19,7  27,2   14:59  11,6   05:25   1,8   0,0   0,0   0,9  14,0   10:36   NNE
08  17,9  26,2   13:26  12,9   23:49   1,4   0,0   3,1   0,7  13,0   13:03   ENE
09  14,8  19,3   17:34  10,3   23:53   3,3   0,0   0,0   0,5  12,0   08:20     W
10  16,0  23,9   15:23   9,2   01:49   3,6   0,0   0,0   0,9  14,0   11:49     E
11  16,2  22,4   13:46  11,3   02:42   2,5   0,0   0,5   0,4  12,0   15:01    NW
12  16,6  20,2   10:09  12,8   04:26   1,7   0,0   2,1   0,3   9,0   08:45     E
13  17,5  21,7   17:01  14,1   04:55   1,5   0,0   0,5   1,6  25,0   16:31     E
14  16,7  21,4   15:55  13,1   01:29   2,0   0,0   0,0   2,7  22,0   13:59     E
15  15,5  20,4   14:48  11,2   23:56   2,7   0,0   3,6   1,8  23,0   11:50     E
16  13,8  19,6   14:32   8,6   05:20   4,2   0,0   4,1   0,1   9,0   14:28    NE
17  15,2  18,5   15:12  11,3   23:57   2,8   0,0   6,2   1,4  19,0   17:21     E
18  15,2  22,4   13:42   8,9   05:16   3,5   0,0   0,5   2,7  31,0   12:59     E
19  15,1  19,8   15:54   9,9   23:52   3,0   0,0   4,7   0,5  12,0   10:20   SSW
20  15,4  23,1   14:49   7,6   03:41   3,9   0,0   1,6   2,9  28,0   14:17     E
21  18,6  24,6   17:06  13,9   00:42   1,2   0,0   1,0   2,0  18,0   15:14   ESE
22  21,0  27,9   16:46  16,4   04:31   0,3   0,0   0,0   1,4  17,0   11:50     E
23  24,0  33,8   16:11  14,1   05:54   0,9   1,1   0,0   2,1  23,0   14:04   ESE
24  23,3  34,2   15:31  16,8   05:47   0,1   0,7  18,1   0,9  24,0   16:01   ESE
25  21,0  26,9   16:22  15,6   22:37   0,3   0,0   2,1   1,2  17,0   19:37     E
26  17,5  23,3   16:47  11,9   05:45   1,8   0,0   0,0   3,0  25,0   16:26     E
27  16,0  21,8   14:40  10,1   05:45   2,6   0,0   1,5   3,0  23,0   14:27     E
28  18,4  23,6   16:29  13,9   05:59   1,2   0,0   0,5   0,9  14,0   18:50   ESE
29  19,6  25,6   14:35  14,2   23:53   0,8   0,0   5,2   2,9  31,0   12:50     E
30  17,6  22,5   15:53  12,1   03:06   1,9   0,0   0,0   1,5  25,0   12:53     E
----------------------------------------------------------------------------------
    17,8  34,2    24     7,6    20    56,8   1,8  60,5   1,3  31,0    18       E

Max >=  27,0  5
Max <=   0,0  0
Min <=   0,0  0
Min <= -18,0  0
Max Rain: 18,1 on day 24
Days of Rain: 10 (>= 2,0 mm)  10 (>= 2,0 mm)  10 (>= 2,0 mm)
Heat Base: 18,0  Cool Base: 29,0  Method: Integration

powered by CumulusMX v3.8.3 (b3093) Valid HTML5    Last Cumulus update   12:56:08