NOAA-style Climate Reports

   V/Λ SELECT: Month and Year   OR  >   Month
                   Monthly Climatological Summary for Mai 2016

Name: Wetterstation Bebra-Gilfershausen   City: Bebra   State: Germany
Elevation: 250 m  Lat: N 50 59 02   Lon: E 009 49 37

                  Temperature (°°C), Rain (mm), Wind Speed (km/h)

                                      Heat  Cool        Avg
    Mean                              Deg   Deg         Wind                 Dom
Day Temp  High   Time   Low    Time   Days  Days  Rain  Speed High   Time    Dir
----------------------------------------------------------------------------------
01  10,9  17,4   16:08   6,2   06:51   7,1   0,0   0,0   3,1  17,0   13:08   NNW
02  11,2  20,1   15:42   2,1   06:16   7,1   0,0   0,0   1,0  12,0   09:53   NNE
03   8,5  15,3   11:54   3,9   05:30  10,3   0,0   2,6   0,9  25,0   12:54    NE
04   8,1  14,8   16:32   0,9   05:22   9,9   0,0   0,5   1,3  12,0   16:53     N
05  10,9  18,9   16:59   0,9   05:44   7,2   0,0   0,0   2,5  20,0   17:29     N
06  15,6  24,8   16:25   5,9   06:18   4,3   0,0   0,0   2,2  24,0   18:16     E
07  16,5  24,5   16:02   6,3   06:18   3,8   0,0   0,0   2,8  23,0   21:49   NNW
08  16,3  23,0   17:01   6,9   06:08   3,2   0,0   0,0   4,2  31,0   18:09   NNW
09  17,8  23,4   16:02   8,9   06:15   1,9   0,0   0,0   4,4  23,0   13:55   NNW
10  17,4  24,4   14:57   8,7   05:51   2,7   0,0   0,0   2,1  23,0   13:48     N
11  17,3  23,6   15:58  10,1   06:28   2,3   0,0   0,0   3,0  27,0   18:53     N
12  18,0  22,3   15:14  12,4   06:44   1,4   0,0   0,0   4,0  34,0   14:07   NNW
13  15,5  21,3   15:32   9,9   05:56   2,9   0,0   0,0   1,2  15,0   16:17    NW
14   9,8  12,9   16:01   5,8   23:52   8,2   0,0   0,0   1,5  16,0   12:08   WNW
15   8,2  13,1   15:50   5,1   00:52   9,8   0,0   2,6   1,7  28,0   16:07     E
16   8,7  14,3   15:15   3,8   05:36   9,3   0,0   0,0   1,2  22,0   13:23   ESE
17   9,9  15,2   14:10   4,1   02:19   8,1   0,0   0,0   1,5  16,0   16:35     E
18  12,9  18,3   14:35   8,6   02:01   5,1   0,0   0,0   1,6  22,0   12:18     E
19  13,1  19,4   17:00   9,2   00:00   4,9   0,0   0,0   1,2  17,0   15:01     E
20  13,6  20,2   14:41   5,5   05:04   4,7   0,0   0,0   2,9  29,0   10:34     E
21  16,0  23,6   15:12   7,9   06:08   3,5   0,0   0,0   2,6  19,0   10:49     E
22  18,9  28,6   15:42   9,2   05:55   2,8   0,0   1,0   3,1  44,0   14:35     E
23  15,6  19,6   15:26  12,9   23:55   2,5   0,0   2,6   1,9  21,0   15:15     E
24  11,9  13,1   00:51  10,9   21:57   6,1   0,0  29,5   0,2  10,0   13:57   WNW
25  12,5  15,2   16:27  10,3   04:38   5,5   0,0   0,5   0,3   8,0   12:48     E
26  15,8  23,2   15:59  11,2   05:37   3,1   0,0   0,0   1,0  16,0   14:54     E
27  14,8  18,9   15:09  10,1   03:26   3,3   0,0   2,6   0,9  19,0   17:13   NNE
28  18,0  24,9   16:53  10,8   05:07   2,2   0,0   3,6   1,2  19,0   20:57    NE
29  18,4  22,8   15:55  13,5   05:29   1,1   0,0   3,1   0,6  14,0   16:38    NW
30  17,6  22,2   15:59  14,3   22:55   1,0   0,0   7,8   1,3  22,0   15:03     E
31  17,9  23,8   14:50  13,4   04:01   1,5   0,0   0,0   0,9  17,0   13:48     E
----------------------------------------------------------------------------------
    14,1  28,6    22     0,9     4   146,8   0,0  56,4   1,9  44,0    22     NNE

Max >=  27,0  1
Max <=   0,0  0
Min <=   0,0  0
Min <= -18,0  0
Max Rain: 29,5 on day 24
Days of Rain: 8 (>= 2,0 mm)  8 (>= 2,0 mm)  8 (>= 2,0 mm)
Heat Base: 18,0  Cool Base: 29,0  Method: Integration

powered by CumulusMX v3.8.3 (b3093) Valid HTML5    Last Cumulus update   12:51:08