NOAA-style Climate Reports

   V/Λ SELECT: Month and Year   OR  >   Month
                   Monthly Climatological Summary for Apr 2016

Name: Wetterstation Bebra-Gilfershausen   City: Bebra   State: Germany
Elevation: 250 m  Lat: N 50 59 02   Lon: E 009 49 37

                  Temperature (°°C), Rain (mm), Wind Speed (km/h)

                                      Heat  Cool        Avg
    Mean                              Deg   Deg         Wind                 Dom
Day Temp  High   Time   Low    Time   Days  Days  Rain  Speed High   Time    Dir
----------------------------------------------------------------------------------
01   5,2  10,5   15:32   1,5   05:04  12,8   0,0   9,8   1,6  18,0   15:23     N
02   7,6  16,8   16:12  -0,6   07:27  10,4   0,0   0,0   1,2  14,0   16:54     E
03  12,4  20,9   15:24   5,5   04:20   6,1   0,0   0,0   1,3  18,0   15:07     E
04  14,2  21,5   14:13   9,4   03:43   4,3   0,0   0,0   2,2  31,0   13:15     E
05  13,0  18,6   14:40   9,6   23:57   5,1   0,0   7,3   2,1  32,0   13:53   ESE
06  11,1  15,8   15:12   6,4   06:01   6,9   0,0   0,5   4,0  37,0   16:40   ESE
07   9,1  14,1   16:32   3,1   23:58   8,9   0,0   0,5   3,5  41,0   12:07   ESE
08   6,3  13,8   13:28  -0,2   06:34  11,7   0,0   0,0   1,1  21,0   11:45     E
09   7,8  15,8   15:08  -0,5   06:44  10,2   0,0   0,0   1,5  18,0   17:07    NE
10  10,3  15,8   15:19   7,0   06:48   7,7   0,0   0,0   1,8  17,0   19:00   NNW
11   8,2  13,1   14:32   2,2   06:42   9,8   0,0   0,0   1,9  35,0   11:49   NNW
12   9,1  15,8   17:14   2,6   05:32   8,9   0,0   0,0   1,9  25,0   12:12     E
13   9,6  15,9   13:52   2,9   06:57   8,4   0,0   0,0   0,6   9,0   10:33     E
14  10,7  17,9   15:28   5,0   07:35   7,3   0,0   0,0   1,2  15,0   14:13   ESE
15   9,6  16,8   16:36   4,5   01:19   8,4   0,0   2,1   2,0  24,0   13:12   ESE
16  10,9  15,3   15:27   7,8   00:03   7,1   0,0   4,2   3,5  29,0   16:00   ESE
17   8,2  11,8   16:03   2,5   23:59   9,8   0,0   5,2   0,6  19,0   13:16    SE
18   6,7  13,9   17:29   0,4   03:53  11,3   0,0   0,0   1,2  21,0   12:16     E
19   9,0  13,2   15:38   4,1   23:57   9,0   0,0   0,0   1,2  25,0   15:49   ESE
20   7,1  15,3   16:55  -0,1   06:19  10,9   0,0   0,0   1,1  21,0   13:46   SSW
21   9,4  19,6   15:54   0,1   06:54   8,8   0,0   0,0   1,0  15,0   09:14   ENE
22   9,7  16,3   16:19   4,1   02:56   8,3   0,0   0,0   0,9  11,0   11:45   NNW
23   6,4   9,1   00:00   1,1   23:50  11,6   0,0   0,5   0,9  11,0   15:18   NNW
24   3,6  10,6   15:56  -0,2   05:25  14,4   0,0   2,6   1,5  26,0   09:59   ESE
25   4,7   9,7   16:32   0,9   06:35  13,3   0,0   3,6   5,3  38,0   16:36     E
26   4,9   9,3   15:01   2,2   07:23  13,1   0,0   3,6   3,8  33,0   13:21   ESE
27   4,6   7,7   15:11   3,2   21:58  13,4   0,0   2,1   4,9  30,0   12:43   ESE
28   5,3  11,4   17:19   0,7   23:53  12,7   0,0   2,1   1,8  25,0   11:04     E
29   6,3  13,8   16:25  -1,5   06:51  11,7   0,0   0,0   3,3  29,0   14:23     E
30   9,1  17,8   14:24   1,1   06:31   8,9   0,0   0,0   1,6  18,0   12:56   NNE
----------------------------------------------------------------------------------
     8,3  21,5     4    -1,5    29   291,2   0,0  44,1   2,0  41,0     7       E

Max >=  27,0  0
Max <=   0,0  0
Min <=   0,0  6
Min <= -18,0  0
Max Rain: 9,8 on day 1
Days of Rain: 10 (>= 2,0 mm)  10 (>= 2,0 mm)  10 (>= 2,0 mm)
Heat Base: 18,0  Cool Base: 29,0  Method: Integration

powered by CumulusMX v3.8.3 (b3093) Valid HTML5    Last Cumulus update   12:44:08