NOAA-style Climate Reports

   V/Λ SELECT: Month and Year   OR  >   Month
                   Monthly Climatological Summary for Mär 2016

Name: Wetterstation Bebra-Gilfershausen   City: Bebra   State: Germany
Elevation: 250 m  Lat: N 50 59 02   Lon: E 009 49 37

                  Temperature (°°C), Rain (mm), Wind Speed (km/h)

                                      Heat  Cool        Avg
    Mean                              Deg   Deg         Wind                 Dom
Day Temp  High   Time   Low    Time   Days  Days  Rain  Speed High   Time    Dir
----------------------------------------------------------------------------------
01   2,2   6,3   15:25  -0,6   00:59  15,8   0,0   0,5   3,7  26,0   19:48   ESE
02   3,8   7,1   13:03   0,3   23:02  14,2   0,0   2,6   3,0  20,0   09:35   ESE
03   4,0   7,3   13:47   0,1   23:55  14,0   0,0   0,0   2,8  24,0   10:54     E
04   3,5   7,2   13:28  -1,3   01:53  14,5   0,0   1,6   3,8  35,0   13:32     E
05   5,1   7,2   16:01   1,9   23:38  12,9   0,0   3,6   0,8  17,0   13:51   ESE
06   3,2   6,2   14:29   1,6   01:14  14,8   0,0   0,5   1,7  19,0   11:50   ESE
07   2,8   6,6   15:20  -0,7   23:58  15,2   0,0   0,0   0,5  15,0   13:48   ESE
08   1,2   5,9   14:41  -1,9   02:28  16,8   0,0   0,0   0,6  11,0   15:37     E
09   1,4   7,6   15:25  -4,1   07:13  16,6   0,0   0,0   1,9  36,0   14:40     E
10   2,6   6,9   12:38  -2,7   06:12  15,4   0,0   0,0   1,7  13,0   12:53   NNW
11   5,2   7,4   13:15   3,8   23:54  12,8   0,0   0,0   0,9  11,0   11:15   NNW
12   3,2   4,0   11:57   1,9   21:12  14,8   0,0   0,0   1,5  10,0   16:08     N
13   2,5   4,9   12:58   0,9   21:24  15,5   0,0   0,0   3,4  18,0   12:46   NNW
14   3,0   7,6   15:02  -0,6   23:53  15,0   0,0   0,0   2,6  17,0   13:39     N
15   2,8   7,8   14:30  -1,6   02:15  15,2   0,0   0,0   1,4  11,0   23:47   NNW
16   4,3   6,9   15:55   1,4   23:59  13,7   0,0   0,0   4,3  23,0   09:38   NNW
17   3,5  11,4   15:01  -3,1   06:57  14,5   0,0   0,0   1,1  19,0   11:07     N
18   3,9  13,1   14:29  -3,1   05:59  14,1   0,0   0,0   1,2  12,0   15:11   NNE
19   5,3   6,8   14:47   3,9   06:15  12,7   0,0   0,0   0,3   8,0   12:36   ESE
20   5,8   7,8   15:05   4,1   05:21  12,2   0,0   0,0   0,7  10,0   12:42   ESE
21   6,3   8,6   12:37   4,4   00:27  11,7   0,0   0,5   0,8  12,0   12:20   WNW
22   6,2   9,6   14:32   3,3   06:08  11,8   0,0   2,1   0,8  26,0   13:12    SE
23   6,2   8,6   12:49   4,4   23:50  12,2   0,0   2,1   0,4  11,0   12:42   NNW
24   6,3  10,1   12:22   3,6   04:03  11,7   0,0   0,5   1,0  12,0   12:03    SE
25   6,1   7,4   11:30   4,9   02:32  11,9   0,0   4,7   1,4  21,0   11:06   ESE
26   8,3  12,5   15:32   4,6   23:59   9,7   0,0   0,0   3,0  36,0   13:55   ESE
27   7,0  11,3   17:10   3,0   03:10  10,5   0,0   1,0   1,8  26,0   16:44   ESE
28   5,9  11,4   12:10   0,7   07:12  12,1   0,0   3,1   5,6  48,0   14:57     E
29   7,1  11,9   17:33   2,9   23:43  10,9   0,0   2,6   3,1  31,0   11:54   ESE
30   7,4  11,3   16:26   2,7   00:54  10,6   0,0   2,1   1,4  22,0   14:11   ESE
31   6,1   7,5   11:34   2,2   23:40  11,9   0,0  10,4   1,5  18,0   18:06   NNW
----------------------------------------------------------------------------------
     4,6  13,1    18    -4,1     9   415,7   0,0  37,9   1,9  48,0    28     ENE

Max >=  27,0  0
Max <=   0,0  0
Min <=   0,0 10
Min <= -18,0  0
Max Rain: 10,4 on day 31
Days of Rain: 9 (>= 2,0 mm)  9 (>= 2,0 mm)  9 (>= 2,0 mm)
Heat Base: 18,0  Cool Base: 29,0  Method: Integration

powered by CumulusMX v3.10.2 (b3117) Valid HTML5    Last Cumulus update   19:27:02