NOAA-style Climate Reports

   V/Λ SELECT: Month and Year   OR  >   Month
                   Monthly Climatological Summary for Feb 2016

Name: Wetterstation Bebra-Gilfershausen   City: Bebra   State: Germany
Elevation: 250 m  Lat: N 50 59 02   Lon: E 009 49 37

                  Temperature (°°C), Rain (mm), Wind Speed (km/h)

                                      Heat  Cool        Avg
    Mean                              Deg   Deg         Wind                 Dom
Day Temp  High   Time   Low    Time   Days  Days  Rain  Speed High   Time    Dir
----------------------------------------------------------------------------------
01  10,1  11,9   12:34   6,4   00:00   7,9   0,0   0,5   4,3  37,0   16:32    SE
02   9,2  11,7   12:45   5,5   22:35   8,8   0,0  10,4   4,4  37,0   03:30    SE
03   3,7   5,8   11:58   1,6   18:28  14,3   0,0   0,5   1,2  21,0   07:09   ESE
04   2,5   3,9   11:23   1,6   16:14  15,5   0,0   4,7   1,2  14,0   13:46   ESE
05   4,1   7,1   23:31   1,9   07:27  13,9   0,0   2,1   1,0  15,0   19:37   ESE
06   6,9  10,6   14:41   1,5   23:28  11,1   0,0   0,0   4,5  41,0   13:35     E
07   4,5   9,9   13:02   0,3   04:20  13,5   0,0   0,0   2,2  28,0   13:17     E
08   6,6   9,0   11:38   5,4   20:47  11,3   0,0   9,9  11,8  53,0   05:56   ESE
09   7,1   8,1   16:48   5,8   06:36  10,9   0,0   6,2   8,4  36,0   16:59     E
10   8,1   8,1   00:00   8,1   00:00   9,9   0,0   0,0  11,0   5,0   00:00     E
11   8,1   8,1   00:00   8,1   00:00   9,9   0,0   0,0  11,0   5,0   00:00     E
12   6,1   8,1   00:00  -1,7   23:53  12,4   0,0   3,1   8,3   5,0   00:00   ENE
13   0,4   4,1   12:36  -3,9   07:14  17,6   0,0   0,5   1,1  19,0   16:05   ENE
14   4,8   7,3   13:33   3,2   00:00  13,2   0,0   3,1   0,4  11,0   11:56     E
15   2,7   3,8   00:00   0,9   23:48  15,3   0,0   0,0   0,7  12,0   22:32    NW
16  -0,4   1,8   14:11  -1,9   21:58  18,4   0,0   0,0   1,4  13,0   11:31   NNW
17   0,2   2,6   12:21  -1,2   00:00  17,8   0,0   0,0   1,7  22,0   11:56     N
18   1,0   4,1   15:05  -2,2   23:55  17,7   0,0   0,5   0,2   8,0   12:29     E
19   0,2   4,8   14:25  -3,9   04:35  17,8   0,0   0,0   0,4  12,0   12:23   ESE
20   3,0   7,1   23:49  -1,5   03:18  15,0   0,0   2,1   4,4  29,0   09:19   ESE
21  10,3  11,9   16:06   7,1   00:00   7,7   0,0   1,0   5,3  38,0   19:56    SE
22   8,7  11,3   12:06   2,1   23:51   9,3   0,0   9,3   4,7  41,0   04:45    SE
23   2,7   6,6   14:59   1,4   05:55  15,3   0,0   5,7   0,3  16,0   14:42     E
24   2,0   4,9   12:42  -0,9   22:34  16,0   0,0   1,0   0,8  13,0   11:27     E
25   0,5   4,7   14:50  -1,9   22:52  17,5   0,0   0,5   0,7  13,0   12:23     E
26   0,8   4,7   15:19  -1,8   02:53  17,2   0,0   0,5   0,9  14,0   10:38     E
27   0,1   4,4   14:18  -3,4   04:53  17,9   0,0   0,0   1,9  22,0   11:55   NNW
28   1,0   4,9   14:35  -3,2   06:44  17,0   0,0   0,0   2,8  18,0   14:20    NW
29   2,0   3,1   12:23   0,4   23:38  16,0   0,0   0,0   4,8  26,0   13:58   NNW
----------------------------------------------------------------------------------
     4,0  11,9     1    -3,9    13   406,1   0,0  61,6   3,5  53,0     8       E

Max >=  27,0  0
Max <=   0,0  0
Min <=   0,0 12
Min <= -18,0  0
Max Rain: 10,4 on day 2
Days of Rain: 10 (>= 2,0 mm)  10 (>= 2,0 mm)  10 (>= 2,0 mm)
Heat Base: 18,0  Cool Base: 29,0  Method: Integration

powered by CumulusMX v3.8.3 (b3093) Valid HTML5    Last Cumulus update   12:31:08