NOAA-style Climate Reports

   V/Λ SELECT: Month and Year   OR  >   Month
                   Monthly Climatological Summary for Jan 2016

Name: Wetterstation Bebra-Gilfershausen   City: Bebra   State: Germany
Elevation: 250 m  Lat: N 50 59 02   Lon: E 009 49 37

                  Temperature (°°C), Rain (mm), Wind Speed (km/h)

                                      Heat  Cool        Avg
    Mean                              Deg   Deg         Wind                 Dom
Day Temp  High   Time   Low    Time   Days  Days  Rain  Speed High   Time    Dir
----------------------------------------------------------------------------------
01   4,1   5,4   13:32   2,6   21:14  13,9   0,0   0,5   0,3  10,0   22:59     E
02   1,6   2,8   00:00   0,5   08:31  16,4   0,0   0,0   1,3  14,0   15:48     N
03   0,9   1,4   11:52   0,2   07:14  22,6   0,0   0,5   1,3  19,0   12:12     E
04   0,3   1,3   21:56  -0,7   08:09  17,7   0,0   0,5   0,8  15,0   00:13     E
05   2,3   3,5   15:10   1,2   00:54  15,7   0,0   5,2   0,0   3,0   19:34   WNW
06   2,0   3,0   00:31   0,9   22:37  16,0   0,0   0,0   0,2   7,0   16:09     N
07   3,2   5,4   23:28   1,2   00:00  14,8   0,0   2,6   1,8  29,0   11:50     E
08   2,7   6,3   13:36  -2,2   23:54  15,3   0,0   0,0   2,3  24,0   12:26   ESE
09  -1,0   2,5   22:01  -3,9   08:33  19,0   0,0   0,0   0,1   6,0   14:33   ESE
10   4,1   8,1   13:50   0,9   03:59  13,9   0,0   6,7   1,5  23,0   14:03   ESE
11   3,9   5,1   13:32   1,8   05:13  17,1   0,0   3,1   1,2  15,0   15:51     E
12   4,7   6,8   13:52   2,5   21:20  13,3   0,0   1,0   1,1  21,0   14:09   ESE
13   4,0   5,4   13:07   2,4   23:53  14,0   0,0   4,1   2,4  23,0   10:58   ESE
14   2,6   5,4   14:16   0,7   07:17  15,4   0,0   1,0   2,9  25,0   18:29   ESE
15   1,9   2,7   14:51   1,1   20:15  16,1   0,0   2,1   1,5 141,0   03:55   ESE
16   1,0   2,2   11:30  -0,4   23:41  17,0   0,0   0,0   2,0  23,0   12:43     E
17  -2,0   0,2   13:23  -8,7   23:33  20,8   0,0   0,5   0,2   9,0   14:36     E
18  -6,1  -2,2   12:54  -9,6   01:11  24,1   0,0   0,0   0,1   6,0   23:11   NNE
19  -8,4  -4,4   14:45 -12,8   08:36  26,4   0,0   0,0   1,9  19,0   22:34   NNW
20  -3,2  -0,8   22:23  -6,2   00:00  21,2   0,0   0,0   2,7  18,0   00:10   NNW
21  -6,4  -1,2   13:18 -11,1   22:29  24,4   0,0   0,0   0,2   9,0   12:37   NNE
22  -9,0  -3,9   14:18 -14,8   07:21  27,0   0,0   0,0   0,2   7,0   13:29     E
23   0,7   2,9   14:29  -4,9   00:00  17,3   0,0   1,0   2,1 138,0   07:37     E
24   2,4   4,4   14:18   0,4   07:29  15,6   0,0   2,6   0,2  13,0   12:55   ESE
25   6,0   8,7   13:34   2,8   23:38  12,0   0,0   0,0   1,3  17,0   01:11   ESE
26   6,5   9,9   14:57   2,9   00:34  11,5   0,0   0,0   1,3  18,0   15:47   ESE
27   9,4  11,5   14:49   6,5   00:00   8,6   0,0   0,0   4,9  31,0   12:54   ESE
28   6,6  10,5   03:27  -0,2   23:56  11,4   0,0   0,5   1,9  29,0   04:18   SSE
29   3,8   7,4   15:48  -1,1   05:00  14,2   0,0   0,0   4,0  29,0   10:20   ESE
30   6,5   7,4   10:23   3,8   23:57  11,5   0,0   8,3   6,9  29,0   09:30   ESE
31   3,5   6,4   23:53   0,2   05:12  14,5   0,0   1,0   1,0  25,0   11:47    SE
----------------------------------------------------------------------------------
     1,6  11,5    27   -14,8    22   518,7   0,0  41,2   1,6 141,0    15     ESE

Max >=  27,0  0
Max <=   0,0  5
Min <=   0,0 13
Min <= -18,0  0
Max Rain: 8,3 on day 30
Days of Rain: 8 (>= 2,0 mm)  8 (>= 2,0 mm)  8 (>= 2,0 mm)
Heat Base: 18,0  Cool Base: 29,0  Method: Integration

powered by CumulusMX v3.10.2 (b3117) Valid HTML5    Last Cumulus update   19:13:02