NOAA-style Climate Reports

   V/Λ SELECT: Month and Year   OR  >   Month
                   Annual Climatological Summary for 2016

Name: Wetterstation Bebra-Gilfershausen   City: Bebra   State: Germany
Elevation: 250 m  Lat: N 50 59 02   Lon: E 009 49 37

                  Temperature (°°C), Heat Base: 18,0  Cool Base: 29,0
                          Dep.  Heat  Cool                       Max  Max  Min  Min
        Mean  Mean        From  Deg   Deg                        >=   <=   <=   <=
 YR MO  Max   Min   Mean  Norm  Days  Days  Hi  Date  Low  Date 27,0  0,0  0,0 -18,0
------------------------------------------------------------------------------------
 16  1   4,0  -1,4   1,6 -13,4   519     0  11,5  27 -14,8   22    0    5   13    0
 16  2   6,7   1,2   4,0   2,0   406     0  11,9   1  -3,9   13    0    0   12    0
 16  3   8,3   1,2   4,6   2,6   416     0  13,1  18  -4,1    9    0    0   10    0
 16  4  14,6   2,8   8,3 -76,7   291     0  21,5   4  -1,5   29    0    0    6    0
 16  5  20,1   8,1  14,1  12,1   147     0  28,6  22   0,9    4    1    0    0    0
 16  6  23,7  12,5  17,8   1,8    57     2  34,2  24   7,6   20    5    0    0    0
 16  7  25,4  13,9  19,2-175,8    41     1  33,0  20   7,6    3   10    0    0    0
 16  8  24,4  12,0  17,8  -0,2    66     2  33,4  27   4,6   11    8    0    0    0
 16  9  23,0  11,2  16,6   3,6    87     0  30,4  13   5,9   25    7    0    0    0
 16 10  12,1   6,0   8,9  -1,1   282     0  16,5  16   2,7   10    0    0    0    0
 16 11   6,8   1,4   4,0   0,0   421     0  12,9   1  -7,7   30    0    1    8    0
 16 12   4,3  -0,9   1,9 -33,1   502     0   9,9  26  -8,7    5    0    4   16    0
------------------------------------------------------------------------------------
        14,4   5,7   9,9 -23,2  3234     5  34,2 Jun -14,8  Jan   31   10   65    0

                                Precipitation (mm)

              Dep.   Max        Days of Rain
              From   Obs.           >=
 YR MO Total  Norm   Day Date  2,0  2,0  2,0
---------------------------------------------
 16  1  41,2 -16,8   8,3  30     8    8    8
 16  2  61,6  17,6  10,4   2    10   10   10
 16  3  37,9 -17,1  10,4  31     9    9    9
 16  4  44,1  -1,9   9,8   1    10   10   10
 16  5  56,4   1,4  29,5  24     8    8    8
 16  6  60,5 -12,5  18,1  24    10   10   10
 16  7  77,6   0,6  25,4  21     8    8    8
 16  8  16,4 -48,6   4,1  12     4    4    4
 16  9  34,7 -34,3  20,2   4     2    2    2
 16 10  55,5   1,5  10,4  22     9    9    9
 16 11  50,7 -11,3  10,4  16     9    9    9
 16 12  13,5 -49,5   3,1  26     2    2    2
---------------------------------------------
       550,1-170,9  29,5  Mai   89   89   89

                                Wind Speed (km/h)
                          Dom
 YR MO   Avg.  Hi   Date  Dir
------------------------------
 16  1   1,6 141,0   15   ESE
 16  2   3,5  53,0    8     E
 16  3   1,9  48,0   28     E
 16  4   2,0  41,0    7     E
 16  5   1,9  44,0   22    NE
 16  6   1,3  31,0   18     E
 16  7   1,3  29,0    1     E
 16  8   1,2  37,0    8     E
 16  9   0,7  29,0   29     E
 16 10   0,6  25,0    4   NNE
 16 11   1,1 140,0   29     E
 16 12   1,3 142,0    1     E
------------------------------
         1,5 142,0  Dez     E

powered by CumulusMX v3.8.3 (b3093) Valid HTML5    Last Cumulus update   13:19:08