NOAA-style Climate Reports

   V/Λ SELECT: Month and Year   OR  >   Month
                   Monthly Climatological Summary for Dez 2015

Name: Wetterstation Bebra-Gilfershausen   City: Bebra   State: Germany
Elevation: 250 m  Lat: N 50 59 02   Lon: E 009 49 37

                  Temperature (°°C), Rain (mm), Wind Speed (km/h)

                                      Heat  Cool        Avg
    Mean                              Deg   Deg         Wind                 Dom
Day Temp  High   Time   Low    Time   Days  Days  Rain  Speed High   Time    Dir
----------------------------------------------------------------------------------
01   8,6  10,3   03:06   7,1   08:17   9,4   0,0   3,6   0,7  14,0   03:23   ESE
02   8,6  10,4   00:53   2,8   23:59   9,4   0,0   0,0   0,5  13,0   13:32   ESE
03   3,2   7,6   13:58   0,4   04:47  14,8   0,0   0,0   0,5  14,0   14:51   ESE
04   4,9   7,8   15:32   2,1   00:04  13,0   0,0   1,0   1,6  21,0   06:25   ESE
05   4,8   7,0   14:18   1,8   03:23  13,1   0,0   0,5   3,5  28,0   18:33   ESE
06   6,7   9,2   23:07   3,8   00:00  11,2   0,0   0,0   3,5  36,0   04:05   ESE
07   8,3  13,3   14:29   2,9   23:35   9,7   0,0   0,0   0,6  17,0   14:52     E
08   3,4   7,8   14:58   1,8   08:54  14,5   0,0   0,0   0,0   5,0   21:50   NNW
09   4,3   8,3   13:43  -1,1   23:49  13,7   0,0   2,1   0,3   8,0   12:06   ESE
10   2,0   6,2   14:34  -1,6   01:32  16,0   0,0   0,5   1,1  19,0   11:10     E
11   2,7   5,3   23:49  -0,2   00:00  15,3   0,0   2,6   3,1  26,0   10:24   ESE
12   4,8   7,9   23:38   0,8   08:42  13,2   0,0   0,5   0,6  21,0   21:06    SE
13   6,1   8,9   02:38   0,8   22:46  11,9   0,0   1,5   1,9  19,0   03:48   ESE
14   4,8   7,3   14:52   1,3   00:00  13,2   0,0   0,0   0,1   8,0   17:12     E
15   5,6   8,2   13:03   3,0   02:00  12,5   0,0   0,0   0,4  61,0   03:52   ESE
16   5,9   8,6   23:30   2,3   07:40  12,1   0,0   3,1   0,1  12,0   18:44   ESE
17  10,7  12,1   14:26   8,6   00:00   7,3   0,0   0,5   0,7  15,0   11:37   ESE
18  10,2  12,2   13:41   8,3   23:20   7,8   0,0   1,5   0,5  10,0   13:17   ESE
19   9,7  12,5   13:52   6,3   23:56   8,3   0,0   0,0   1,4  14,0   12:56     E
20   6,8  10,8   14:04   2,8   07:52  11,2   0,0   0,0   0,4  14,0   15:30   ESE
21   8,5   9,9   12:18   6,9   02:05   9,9   0,0   2,6   2,5  24,0   21:56   ESE
22   9,9  11,4   14:53   8,8   20:16   8,1   0,0   0,5   3,9  26,0   00:15   ESE
23   8,2  11,6   12:55   2,7   23:53  10,5   0,0   0,0   1,8  21,0   12:04   ESE
24   7,1  11,9   13:44   2,1   01:21  10,9   0,0   0,0   1,1  19,0   16:12     E
25   9,4  11,0   23:56   7,2   08:34   8,6   0,0   0,5   1,2  14,0   14:43   ESE
26  10,7  13,6   13:04   7,5   23:54   7,3   0,0   0,0   2,7  16,0   02:56   ESE
27   7,7  10,1   13:09   5,9   05:30  10,3   0,0   0,0   1,7  25,0   11:03   ESE
28   3,3   7,2   00:00   0,8   23:42  14,7   0,0   0,0   0,1  10,0   12:54     E
29   1,6   5,8   14:59  -0,7   07:23  18,9   0,0   0,5   0,1   6,0   11:29     E
30   3,6   6,4   11:26  -0,4   23:56  14,4   0,0   0,0   1,0  24,0   13:58     E
31   1,9   3,8   18:28  -1,4   05:52  23,5   0,0   2,6   0,2   9,0   13:54   NNE
----------------------------------------------------------------------------------
     6,3  13,6    26    -1,6    10   374,7   0,0  24,1   1,2  61,0    15     ESE

Max >=  27,0  0
Max <=   0,0  0
Min <=   0,0  6
Min <= -18,0  0
Max Rain: 3,6 on day 1
Days of Rain: 6 (>= 2,0 mm)  6 (>= 2,0 mm)  6 (>= 2,0 mm)
Heat Base: 18,0  Cool Base: 29,0  Method: Integration

powered by CumulusMX v3.8.3 (b3093) Valid HTML5    Last Cumulus update   23:47:08