NOAA-style Climate Reports

   V/Λ SELECT: Month and Year   OR  >   Month
                   Monthly Climatological Summary for Nov 2015

Name: Wetterstation Bebra-Gilfershausen   City: Bebra   State: Germany
Elevation: 250 m  Lat: N 50 59 02   Lon: E 009 49 37

                  Temperature (°°C), Rain (mm), Wind Speed (km/h)

                                      Heat  Cool        Avg
    Mean                              Deg   Deg         Wind                 Dom
Day Temp  High   Time   Low    Time   Days  Days  Rain  Speed High   Time    Dir
----------------------------------------------------------------------------------
01   5,6  12,9   14:16   2,1   07:37  12,4   0,0   0,0   0,4  12,0   12:16     E
02   3,7  10,4   14:34  -0,1   23:53  14,3   0,0   0,0   0,5  10,0   12:58     E
03   2,7   9,6   14:25  -0,6   01:58  15,3   0,0   0,0   0,6  15,0   11:15     E
04   6,4  14,2   14:32   0,3   00:43  11,6   0,0   0,0   0,7  16,0   11:21     E
05   9,1  15,7   14:47   4,3   07:51   8,9   0,0   0,0   0,6  12,0   11:04   ESE
06  10,8  15,0   12:02   7,4   00:13   7,2   0,0   3,1   0,7  15,0   13:15   ESE
07  15,2  17,8   12:47  11,5   00:00   2,8   0,0   3,1   1,7  17,0   16:08   ESE
08  11,6  15,9   00:32   7,6   21:47   6,4   0,0   0,0   0,5  11,0   00:58   ESE
09  13,3  18,1   12:04   8,1   00:57   4,7   0,0   1,0   2,5  19,0   16:57   ESE
10  13,6  14,4   13:12  13,2   03:36   4,4   0,0   0,0   3,1  31,0   04:33   ESE
11  12,7  14,8   11:26   9,9   22:03   5,3   0,0   0,0   2,6  28,0   13:09   ESE
12  11,8  15,4   13:58   8,4   23:32   6,2   0,0   0,0   1,9  25,0   11:59     E
13  10,0  12,9   13:20   6,4   23:52   8,0   0,0   2,6   3,3  31,0   12:58   ESE
14   7,2   9,5   14:00   3,5   07:00  10,8   0,0   2,6   2,1  23,0   13:13   ESE
15  10,6  12,5   13:39   7,4   01:28   7,4   0,0   6,2   3,3  38,0   10:39   ESE
16  10,6  12,3   00:00   9,1   18:50   7,4   0,0   1,6   3,5  24,0   10:56   ESE
17  11,8  13,8   14:08   9,9   00:00   6,2   0,0   3,6   6,0  35,0   23:04   ESE
18  12,4  14,6   13:21   9,4   19:16   5,6   0,0   2,1   6,1  34,0   03:02   ESE
19  10,7  12,4   11:16   8,4   23:49   7,3   0,0  11,4   2,7  30,0   07:36   ESE
20   7,1   8,7   10:46   3,3   23:42  10,9   0,0   1,0   0,3  16,0   08:01   ESE
21   3,6   5,9   13:03   0,5   20:35  14,4   0,0   1,0   1,2  16,0   12:33     E
22   1,6   4,1   12:11  -0,1   05:11  16,4   0,0   1,6   1,1  15,0   11:54   ESE
23   1,5   4,1   14:48  -1,4   23:36  16,5   0,0   1,0   0,4   9,0   06:17   ESE
24   1,3   3,2   13:37  -1,4   00:00  16,7   0,0   0,0   4,7  28,0   14:28   ESE
25   2,3   3,5   19:56   1,2   02:34  15,7   0,0   5,2   0,9  16,0   01:30   ESE
26   3,3   6,4   13:51   0,4   20:32  14,7   0,0   0,5   0,2  50,0   23:10     E
27   0,9   2,9   14:42   0,2   04:21  17,1   0,0   0,0   2,1  20,0   20:07     E
28   2,1   5,9   15:04   0,3   00:55  15,9   0,0   2,1   3,8  28,0   01:02     E
29   6,1   9,7   23:59   3,3   00:00  11,9   0,0   4,2   6,6  48,0   23:42   ESE
30   7,8   9,8   00:01   6,3   08:59  10,2   0,0  20,7   3,4  29,0   00:17   ESE
----------------------------------------------------------------------------------
     7,6  18,1     9    -1,4    23   312,6   0,0  74,6   2,2  50,0    26     ESE

Max >=  27,0  0
Max <=   0,0  0
Min <=   0,0  5
Min <= -18,0  0
Max Rain: 20,7 on day 30
Days of Rain: 12 (>= 2,0 mm)  12 (>= 2,0 mm)  12 (>= 2,0 mm)
Heat Base: 18,0  Cool Base: 29,0  Method: Integration

powered by CumulusMX v3.8.3 (b3093) Valid HTML5    Last Cumulus update   19:53:24