NOAA-style Climate Reports

   V/Λ SELECT: Month and Year   OR  >   Month
                   Monthly Climatological Summary for Okt 2015

Name: Wetterstation Bebra-Gilfershausen   City: Bebra   State: Germany
Elevation: 250 m  Lat: N 50 59 02   Lon: E 009 49 37

                  Temperature (°°C), Rain (mm), Wind Speed (km/h)

                                      Heat  Cool        Avg
    Mean                              Deg   Deg         Wind                 Dom
Day Temp  High   Time   Low    Time   Days  Days  Rain  Speed High   Time    Dir
----------------------------------------------------------------------------------
01   7,7  14,4   14:38   1,6   07:26  10,3   0,0   0,0   2,2  29,0   13:04     N
02   8,4  16,8   15:40   1,1   06:49   9,6   0,0   0,0   1,6  25,0   20:31   NNW
03   9,7  17,3   14:22   4,2   07:46   8,3   0,0   0,0   0,7  11,0   12:20     E
04  10,8  18,9   14:56   5,8   03:35   7,3   0,0   0,0   0,3  11,0   13:16     E
05  12,2  17,9   15:14   8,5   08:01   5,8   0,0   0,0   1,1  17,0   10:57     E
06  14,1  17,9   15:10  10,8   00:00   3,9   0,0  14,0   0,4  10,0   20:46   ESE
07  15,1  18,2   12:57  13,2   23:19   2,9   0,0   0,5   1,0  19,0   15:06   ESE
08  13,4  15,1   13:50  12,5   01:59   4,6   0,0   2,6   0,4  11,0   14:03     E
09  13,0  15,4   15:49  10,9   23:40   5,0   0,0  11,4   0,5   8,0   23:02   NNE
10   9,0  11,1   15:30   4,7   23:58   9,0   0,0   0,5   1,8  17,0   13:56   NNW
11   5,0   8,4   15:16   1,9   07:25  13,0   0,0   0,0   3,1  22,0   14:51   NNW
12   4,0   8,8   14:29  -0,8   07:53  14,0   0,0   0,0   1,8  12,0   19:16   NNW
13   3,0   4,6   15:04   0,9   05:22  15,0   0,0   0,0   2,8  21,0   10:15   NNW
14   2,8   3,5   13:38   1,3   09:06  15,2   0,0   3,6   0,6  15,0   22:31   NNW
15   4,7   6,9   14:31   2,2   03:52  13,2   0,0   8,3   0,2   8,0   13:16     N
16   7,3   8,9   13:01   6,4   00:00  10,7   0,0   1,6   0,2   6,0   16:56     E
17   7,1   8,5   13:13   6,2   06:07  10,9   0,0   1,0   0,2   9,0   11:39     E
18   6,7   8,9   15:51   5,6   23:58  11,3   0,0   0,0   0,0   3,0   10:00     E
19   6,5   8,1   14:53   4,8   01:47  11,5   0,0   2,6   0,3   6,0   10:15     E
20   8,5  10,0   14:14   7,4   21:59   9,5   0,0   0,5   0,0   4,0   13:49    SE
21   8,4  11,6   14:51   4,5   23:57   9,6   0,0   0,0   0,4  11,0   11:44     E
22   7,8  10,3   23:34   3,6   01:36  10,2   0,0   1,0   1,1  16,0   18:54     E
23   9,1  13,8   14:51   4,3   23:55   8,9   0,0   0,0   0,2   9,0   13:36   ESE
24   6,2   9,4   16:38   2,4   08:44  11,8   0,0   0,5   1,0  17,0   13:49     E
25  10,1  12,9   13:23   7,9   05:55   8,3   0,0   0,0   0,2  10,0   11:34     E
26  10,3  12,8   12:55   5,9   23:53   7,7   0,0   0,0   1,1  10,0   14:08   NNW
27   7,5  13,2   14:40   4,3   03:25  10,5   0,0   0,0   0,6  10,0   11:40     E
28   8,3  11,9   14:41   4,7   00:00   9,7   0,0   0,0   0,2   6,0   12:22     E
29  10,0  12,2   15:09   7,4   00:00   8,0   0,0   0,0   0,1  12,0   06:44   ESE
30  10,4  13,8   12:53   6,8   23:59   7,6   0,0   0,0   0,5  10,0   18:29   NNW
31   8,6  14,2   14:48   3,3   23:59   9,4   0,0   0,0   0,6  18,0   11:01    NE
----------------------------------------------------------------------------------
     8,6  18,9     4    -0,8    12   292,7   0,0  48,1   0,8  29,0     1     NNE

Max >=  27,0  0
Max <=   0,0  0
Min <=   0,0  1
Min <= -18,0  0
Max Rain: 14,0 on day 6
Days of Rain: 6 (>= 2,0 mm)  6 (>= 2,0 mm)  6 (>= 2,0 mm)
Heat Base: 18,0  Cool Base: 29,0  Method: Integration

powered by CumulusMX v3.8.3 (b3093) Valid HTML5    Last Cumulus update   09:25:19