NOAA-style Climate Reports

   V/Λ SELECT: Month and Year   OR  >   Month
                   Monthly Climatological Summary for Sep 2015

Name: Wetterstation Bebra-Gilfershausen   City: Bebra   State: Germany
Elevation: 250 m  Lat: N 50 59 02   Lon: E 009 49 37

                  Temperature (°°C), Rain (mm), Wind Speed (km/h)

                                      Heat  Cool        Avg
    Mean                              Deg   Deg         Wind                 Dom
Day Temp  High   Time   Low    Time   Days  Days  Rain  Speed High   Time    Dir
----------------------------------------------------------------------------------
01  17,8  24,3   13:19  12,9   23:33   1,3   0,0  11,4   0,2  19,0   14:04     E
02  15,2  20,3   14:05  11,8   23:54   3,2   0,0   0,0   0,9  18,0   12:14     E
03  14,2  19,3   15:22  10,0   23:58   3,9   0,0   3,6   0,0   0,0   00:00     N
04  13,1  18,3   15:45   9,4   00:50   4,9   0,0   0,0   1,4  20,0   16:13   ENE
05  11,5  12,8   18:03   9,6   23:53   1,3   0,0   0,0   1,7   9,0   22:16     N
06  11,6  15,9   17:03   8,7   01:42   6,4   0,0   0,5   1,5  21,0   10:57   ESE
07  12,5  17,1   15:29   9,0   00:00   5,5   0,0   5,2   0,4   9,0   13:14     E
08  13,6  19,4   14:12  10,0   23:59   4,4   0,0   0,0   0,0   0,0   00:00     N
09  12,5  17,6   15:17   8,4   02:12   5,5   0,0   0,0   0,9  22,0   14:12    NW
10  12,3  17,4   15:48   7,3   05:00   5,7   0,0   0,0   2,2  23,0   18:25    NW
11  12,2  16,4   13:27   8,8   03:24   5,8   0,0   0,0   0,1   8,0   12:50   NNW
12  14,6  23,4   15:26   7,4   04:16   4,5   0,0   7,3   0,8  15,0   14:16   ESE
13  17,2  19,6   12:35  14,4   23:52   1,2   0,0   3,6   0,0   5,0   19:58   WNW
14  15,0  19,9   15:55  12,6   23:48   3,1   0,0   5,2   1,2  23,0   14:12     E
15  12,2  16,6   16:21   8,2   05:53   5,8   0,0   0,0   3,4  39,0   13:27     E
16  13,3  17,0   16:58   8,6   01:08   4,7   0,0   8,3   0,9  22,0   15:04   ESE
17  14,6  16,6   10:13  12,8   23:43   3,4   0,0   4,1   1,7  29,0   16:26     E
18  12,9  18,8   15:46   9,3   03:43   5,2   0,0   2,1   0,0   7,0   14:50   ENE
19  12,1  17,1   15:42   7,7   04:48   5,9   0,0   0,0   0,0   0,0   00:00     N
20  12,9  16,3   14:05  11,1   02:26   5,1   0,0   1,0   0,0   0,0   00:00     N
21  12,9  17,9   14:17   9,6   07:09   5,1   0,0   0,0   0,5  15,0   14:15   ESE
22  12,1  14,9   15:48   9,9   01:02   5,9   0,0   5,7   1,5  18,0   14:16     E
23  11,8  15,1   14:09   9,4   06:03   6,2   0,0   0,5   1,1  18,0   14:18     E
24  12,8  17,5   14:52   8,6   23:59   5,2   0,0   0,5   2,0  29,0   12:29     E
25  12,2  18,3   14:40   7,8   02:14   5,8   0,0   0,0   0,0   8,0   13:23     E
26  11,9  15,3   12:43   9,1   23:54   6,1   0,0   0,0   0,0   4,0   13:24    NW
27   9,5  15,5   15:09   4,7   05:45   8,5   0,0   0,0   0,0  10,0   12:13     W
28   8,8  16,3   15:13   3,3   05:21   9,2   0,0   0,0   0,1   9,0   15:49   NNW
29   9,6  15,3   14:19   3,6   05:53   8,4   0,0   0,0   2,1  22,0   16:27    NW
30   9,7  15,0   15:16   4,9   23:45   8,3   0,0   0,0   3,0  29,0   14:44   NNW
----------------------------------------------------------------------------------
    12,8  24,3     1     3,3    28   155,5   0,0  59,0   0,9  39,0    15     ENE

Max >=  27,0  0
Max <=   0,0  0
Min <=   0,0  0
Min <= -18,0  0
Max Rain: 11,4 on day 1
Days of Rain: 10 (>= 2,0 mm)  10 (>= 2,0 mm)  10 (>= 2,0 mm)
Heat Base: 18,0  Cool Base: 29,0  Method: Integration

powered by CumulusMX v3.8.3 (b3093) Valid HTML5    Last Cumulus update   14:12:08