NOAA-style Climate Reports

   V/Λ SELECT: Month and Year   OR  >   Month
                   Monthly Climatological Summary for Aug 2015

Name: Wetterstation Bebra-Gilfershausen   City: Bebra   State: Germany
Elevation: 250 m  Lat: N 50 59 02   Lon: E 009 49 37

                  Temperature (°°C), Rain (mm), Wind Speed (km/h)

                                      Heat  Cool        Avg
    Mean                              Deg   Deg         Wind                 Dom
Day Temp  High   Time   Low    Time   Days  Days  Rain  Speed High   Time    Dir
----------------------------------------------------------------------------------
01  17,6  26,5   17:06   9,9   01:22   2,8   0,0   0,0   0,0   6,0   12:22    NE
02  19,1  28,8   15:03   9,9   06:06   2,5   0,0   0,0   0,0   6,0   13:53   WSW
03  21,8  31,9   15:13  12,3   05:54   1,6   0,6   0,0   0,7  19,0   14:15   ESE
04  21,2  32,1   13:33  13,9   05:55   0,9   0,3   0,5   0,8  28,0   13:10   ESE
05  19,4  27,0   17:49  13,0   04:01   1,4   0,0   0,0   0,0   5,0   12:37     E
06  23,2  34,8   17:27  12,9   06:10   1,2   1,2   0,0   0,7  17,0   16:18     E
07  25,9  34,3   17:41  16,7   07:37   0,1   1,1   0,0   0,0   9,0   17:28   NNW
08  23,6  30,8   15:04  18,9   05:19   0,0   0,1   0,5   0,9  18,0   09:57    NW
09  22,7  28,5   16:35  18,6   04:44   0,0   0,0   0,0   1,1  12,0   11:11     N
10  24,4  31,8   15:06  17,9   06:15   0,0   0,6  13,0   1,3  35,0   22:06     N
11  22,2  28,2   15:29  17,0   06:31   0,1   0,0   0,0   0,0   6,0   16:31   WNW
12  22,5  27,9   14:26  17,3   05:37   0,1   0,0   0,0   0,1   5,0   11:03   NNW
13  23,6  30,5   16:57  17,1   06:11   0,1   0,2   0,0   3,0  18,0   14:19   NNW
14  24,3  29,9   16:50  19,9   06:40   0,0   0,0   0,0   1,2  15,0   00:08   ENE
15  22,3  27,9   16:06  16,8   23:59   0,0   0,0   0,0   1,9  32,0   16:21     E
16  17,5  19,2   18:29  15,9   01:38   0,7   0,0  32,1   0,3   8,0   08:42     E
17  16,4  17,3   00:00  15,1   22:52   1,6   0,0   6,7   0,5  11,0   19:07     E
18  15,6  18,2   18:09  13,1   23:41   2,4   0,0   0,0   0,8  24,0   11:37   ESE
19  15,9  21,1   16:24  11,6   07:11   2,8   0,0   0,0   0,4   9,0   16:28   ENE
20  15,7  19,5   15:49  11,6   04:21   2,6   0,0   0,0   0,0   0,0   00:00     N
21  17,1  24,9   16:46  10,8   05:44   2,7   0,0   0,0   0,0   7,0   17:03    NE
22  17,8  25,4   15:52   9,3   06:26   2,9   0,0   0,0   0,2  10,0   18:18    NW
23  18,2  24,6   16:51  10,3   06:40   2,1   0,0   0,0   1,7  21,0   14:29   NNW
24  19,5  24,9   14:26  16,5   02:20   0,5   0,0   5,7   2,2  29,0   16:50     E
25  16,2  20,1   16:58  13,2   22:55   2,1   0,0   0,0   4,2  35,0   08:26     E
26  18,8  25,9   16:05  13,3   00:00   1,7   0,0   0,0   3,6  26,0   11:53     E
27  18,5  25,4   15:11  12,9   05:05   1,6   0,0   3,1   0,0   5,0   14:58   ENE
28  17,5  21,1   14:51  14,1   23:45   1,1   0,0  14,0   0,0   4,0   14:08   ENE
29  18,5  26,1   16:55  13,2   07:36   1,6   0,0   0,5   0,2  11,0   15:14   ENE
30  22,6  32,2   16:01  15,6   03:29   0,6   0,5   0,0   0,0   6,0   14:56   ESE
31  22,8  32,2   16:11  16,2   06:45   0,3   0,5   0,0   0,8  28,0   17:43   ESE
----------------------------------------------------------------------------------
    20,1  34,8     6     9,3    22    38,1   5,1  76,1   0,9  35,0    10     ENE

Max >=  27,0 16
Max <=   0,0  0
Min <=   0,0  0
Min <= -18,0  0
Max Rain: 32,1 on day 16
Days of Rain: 6 (>= 2,0 mm)  6 (>= 2,0 mm)  6 (>= 2,0 mm)
Heat Base: 18,0  Cool Base: 29,0  Method: Integration

powered by CumulusMX v3.8.3 (b3093) Valid HTML5    Last Cumulus update   14:05:08