NOAA-style Climate Reports

   V/Λ SELECT: Month and Year   OR  >   Month
                   Monthly Climatological Summary for Jul 2015

Name: Wetterstation Bebra-Gilfershausen   City: Bebra   State: Hessen,Germany
Elevation: 250 m  Lat: N 50 59 02   Lon: E 009 49 37

                  Temperature (°°C), Rain (mm), Wind Speed (km/h)

                                      Heat  Cool        Avg
    Mean                              Deg   Deg         Wind                 Dom
Day Temp  High   Time   Low    Time   Days  Days  Rain  Speed High   Time    Dir
----------------------------------------------------------------------------------
01  22,7  31,2   16:03  12,8   05:52   1,2   0,3   0,0   0,5  17,0   20:13    NW
02  26,3  35,2   16:35  15,9   05:25   0,3   1,7   0,0   1,8  20,0   13:03     E
03  26,2  35,8   17:30  17,3   05:17   0,0   1,6   0,0   1,6  29,0   13:43     E
04  28,1  37,9   16:20  18,8   05:27   0,0   2,7   0,0   1,8  20,0   17:27   ESE
05  27,9  37,3   15:45  20,4   05:56   0,0   2,1   0,0   0,7  15,0   17:02   ESE
06  22,2  28,3   16:51  15,8   23:52   0,2   0,0   0,0   1,6  28,0   14:44     E
07  22,3  34,3   15:58  12,1   05:39   1,6   1,0   1,0   1,7  21,0   14:43     E
08  18,4  22,1   16:29  15,3   06:08   0,6   0,0   5,2   4,7  29,0   12:12     E
09  15,6  20,4   16:22  10,6   23:58   2,7   0,0   4,2   1,9  25,0   15:50   SSE
10  14,4  22,2   18:04   6,1   05:58   4,5   0,0   0,0   1,1  13,0   09:11   SSW
11  18,7  29,1   17:20   8,9   05:32   2,9   0,0   0,0   0,8  15,0   13:55     E
12  17,7  25,8   14:15  12,1   05:07   2,0   0,0   4,7   0,0   6,0   08:54   ENE
13  16,4  18,4   11:00  14,4   03:04   1,6   0,0   5,7   1,0  13,0   13:58   ESE
14  19,3  24,1   15:04  16,4   04:45   0,5   0,0   1,0   1,9  24,0   13:42     E
15  21,0  26,8   18:20  16,0   02:03   0,4   0,0   0,0   0,8  11,0   11:03     E
16  22,9  30,2   16:38  17,5   05:17   0,1   0,1   0,0   0,8  17,0   11:28     E
17  24,1  34,1   17:31  16,3   05:03   0,3   1,1   0,0   2,2  26,0   15:54   ESE
18  22,5  29,8   14:45  16,5   06:11   0,1   0,0   0,0   1,4  35,0   14:09     E
19  19,3  26,0   14:42  15,5   03:42   0,6   0,0  16,6   0,9  21,0   14:33   ESE
20  19,1  24,4   15:18  13,4   06:25   1,1   0,0   0,0   1,4  22,0   14:46     E
21  23,7  30,1   17:47  18,4   04:18   0,0   0,0   0,0   2,1  28,0   10:11     E
22  23,8  31,6   15:17  16,9   05:58   0,1   0,2   0,0   0,5  16,0   15:04     E
23  20,5  25,0   14:55  15,9   05:53   0,3   0,0   0,0   0,7  12,0   19:01   ENE
24  21,3  28,8   17:40  12,2   05:30   1,6   0,0   0,0   1,6  29,0   15:32    NE
25  19,0  23,2   00:00  14,6   22:05   0,6   0,0   7,3   6,5  52,0   13:27     E
26  16,8  22,9   16:04  11,1   05:41   2,3   0,0   1,0   2,9 140,0   10:58     E
27  16,0  19,9   15:27  13,3   05:00   2,3   0,0  13,0   2,1  25,0   15:25     E
28  16,4  21,3   17:05  11,6   06:18   2,1   0,0   2,1   3,6  29,0   15:11     E
29  16,3  21,3   14:36  11,6   04:39   2,3   0,0   0,0   3,9  34,0   19:23     E
30  14,3  20,5   13:38   8,5   05:38   4,0   0,0   1,0   0,8  22,0   12:51     E
31  15,1  21,5   16:29  10,4   07:01   3,3   0,0   0,0   1,2  14,0   15:35     E
----------------------------------------------------------------------------------
    20,3  37,9     4     6,1    10    39,6  10,8  62,8   1,8 140,0    26       E

Max >=  27,0 14
Max <=   0,0  0
Min <=   0,0  0
Min <= -18,0  0
Max Rain: 16,6 on day 19
Days of Rain: 8 (>= 2,0 mm)  8 (>= 2,0 mm)  8 (>= 2,0 mm)
Heat Base: 18,0  Cool Base: 29,0  Method: Integration

powered by CumulusMX v3.8.3 (b3093) Valid HTML5    Last Cumulus update   09:15:19