NOAA-style Climate Reports

   V/Λ SELECT: Month and Year   OR  >   Month
                   Monthly Climatological Summary for Jun 2015

Name: Wetterstation Bebra-Gilfershausen   City: Bebra   State: Hessen,Germany
Elevation: 250 m  Lat: N 50 59 02   Lon: E 009 49 37

                  Temperature (°°C), Rain (mm), Wind Speed (km/h)

                                      Heat  Cool        Avg
    Mean                              Deg   Deg         Wind                 Dom
Day Temp  High   Time   Low    Time   Days  Days  Rain  Speed High   Time    Dir
----------------------------------------------------------------------------------
01  13,2  17,3   00:00   9,3   23:58   5,3   0,0   4,1   1,0  13,0   02:13     E
02  15,9  24,3   18:21   7,4   02:15   4,2   0,0   0,0   6,1  40,0   16:10     E
03  16,9  22,8   16:01   9,9   05:40   2,4   0,0   0,0   2,2  30,0   14:37     E
04  16,4  23,7   16:17   7,3   06:02   3,3   0,0   0,0   1,5  17,0   14:04   NNW
05  21,2  32,7   16:58   9,1   05:50   2,4   0,7   0,0   1,6 138,0   16:43     E
06  20,9  28,9   13:31  14,4   05:02   0,9   0,0   1,0   1,2  25,0   12:16     E
07  18,4  24,0   16:17  12,6   23:57   1,3   0,0   0,0   0,7  11,0   15:13   NNW
08  14,0  18,4   13:14   9,8   03:34   4,0   0,0   0,0   1,5  31,0   11:04   NNW
09  13,7  17,1   17:31   9,7   04:42   4,5   0,0   0,0   1,6  23,0   07:50   NNW
10  14,9  22,1   15:36   6,8   05:45   3,8   0,0   0,0   2,0  17,0   12:28   NNW
11  17,6  21,6   14:12  14,1   05:51   1,4   0,0   0,0   1,4  22,0   13:01     N
12  20,9  30,5   16:58   0,0   00:00   1,9   0,1   0,0   1,6  18,0   15:52     E
13  19,8  26,1   13:23  14,2   23:59   0,8   0,0   0,0   1,9  22,0   14:10     E
14  18,1  27,0   16:46   9,9   05:40   2,6   0,0   0,0   1,6  15,0   14:29   ENE
15  14,6  18,9   17:06   9,5   23:57   3,5   0,0   0,0   0,8  13,0   09:49    NW
16  12,1  18,3   13:03   6,2   05:35   6,2   0,0   0,0   1,1  16,0   09:57   NNW
17  13,5  22,4   17:58   3,9   05:20   5,7   0,0   0,0   1,5  17,0   13:36     E
18  16,2  21,0   16:55  12,6   04:34   2,5   0,0   6,2   0,2   6,0   19:14   WSW
19  13,4  18,4   15:11  11,1   23:36   4,8   0,0   1,0   1,3  22,0   16:38     E
20  12,7  16,1   15:26  10,3   05:17   5,5   0,0   0,0   0,7  16,0   17:32    SE
21  13,3  17,7   17:06  10,5   05:36   4,9   0,0   3,6   1,8  29,0   16:53     E
22  13,4  15,7   12:18  11,1   23:50   4,8   0,0   6,2   1,7  22,0   13:57     E
23  12,8  18,6   16:35   9,9   05:29   7,2   0,0   7,3   1,1  15,0   15:56   ESE
24  14,2  19,2   17:06  10,4   23:51   4,4   0,0   0,5   0,7  15,0   17:53     E
25  15,9  24,8   15:53   7,3   05:28   3,8   0,0   0,0   0,0   8,0   11:34   ENE
26  18,7  26,0   16:22  11,1   02:44   2,1   0,0   0,0   0,0   9,0   15:07   ESE
27  18,1  24,1   16:52  13,9   23:51   1,0   0,0   2,1   0,0   6,0   16:02   WNW
28  17,1  24,5   17:02   9,3   05:41   2,7   0,0   0,0   0,1  15,0   16:00     E
29  20,7  28,9   16:41  14,1   06:12   1,1   0,0   0,0   1,0  21,0   13:20   ENE
30  20,5  28,3   15:36  12,8   03:13   1,5   0,0   0,0   0,0   0,0   00:00     N
----------------------------------------------------------------------------------
    16,3  32,7     5     0,0    12   100,5   0,8  32,0   1,3 138,0     5     ENE

Max >=  27,0  6
Max <=   0,0  0
Min <=   0,0  1
Min <= -18,0  0
Max Rain: 7,3 on day 23
Days of Rain: 6 (>= 2,0 mm)  6 (>= 2,0 mm)  6 (>= 2,0 mm)
Heat Base: 18,0  Cool Base: 29,0  Method: Integration

powered by CumulusMX v3.10.2 (b3117) Valid HTML5    Last Cumulus update   21:21:29