NOAA-style Climate Reports

   V/Λ SELECT: Month and Year   OR  >   Month
                   Monthly Climatological Summary for Mai 2015

Name: Wetterstation Bebra-Gilfershausen   City: Bebra   State: Hessen,Germany
Elevation: 250 m  Lat: N 50 59 02   Lon: E 009 49 37

                  Temperature (°°C), Rain (mm), Wind Speed (km/h)

                                      Heat  Cool        Avg
    Mean                              Deg   Deg         Wind                 Dom
Day Temp  High   Time   Low    Time   Days  Days  Rain  Speed High   Time    Dir
----------------------------------------------------------------------------------
01   8,7  14,4   16:25   3,9   04:29  14,3   0,0   0,5   1,0  21,0   14:25     E
02   9,1  16,9   15:58   1,5   06:35   9,2   0,0   0,0   1,6  22,0   11:58     E
03  11,7  15,6   14:18   5,5   04:25   6,6   0,0   4,7   1,4  22,0   10:42     E
04  17,2  22,6   17:20  11,3   06:22   2,7   0,0   1,0   2,7  23,0   12:12   ESE
05  17,9  25,2   16:19  11,4   23:59   2,4   0,0   0,0   3,9  39,0   16:23     E
06  13,8  20,2   15:36   7,1   23:52   5,0   0,0   0,5   4,8  39,0   11:36   ESE
07  11,2  17,0   15:45   5,3   06:22   6,8   0,0   0,0   3,1  33,0   09:33     E
08  13,4  22,1   15:32   5,1   05:02   5,3   0,0   0,0   0,6  12,0   15:21     E
09  14,6  21,3   16:16   7,8   05:53   4,2   0,0   0,5   3,0  31,0   15:48     E
10  14,8  20,9   16:18   9,9   06:46   3,7   0,0   0,0   1,9  20,0   10:05   SSE
11  17,2  24,8   16:36  12,6   00:00   5,2   0,0   0,0   1,7  25,0   16:30     E
12  16,1  28,5   15:25   9,1   05:08   3,9   0,0   0,5   3,4  38,0   11:59     E
13  13,8  21,9   15:54   4,8   06:18   4,9   0,0   0,0   1,9  27,0   13:07     E
14  13,0  18,9   15:27   6,2   06:21   5,0   0,0   0,0   0,8  10,0   09:10    NE
15  15,2  20,5   16:24   8,0   23:56   3,2   0,0   0,0   1,5  22,0   14:33     N
16  10,1  18,2   14:57   3,1   06:02  11,5   0,0   0,5   1,3  23,0   14:47   ESE
17  11,7  18,4   16:57   3,4   06:21   6,4   0,0   0,0   1,5  20,0   16:46     E
18  14,2  22,4   17:13   5,2   05:44   5,2   0,0   0,0   4,5  32,0   14:54     E
19  14,5  18,8   15:06   7,9   23:57   4,9   0,0   0,0   4,7  36,0   10:36   ENE
20  10,9  15,8   15:37   4,6   06:08   9,4   0,0   1,0   1,0  15,0   14:50     E
21   9,8  17,3   14:28   2,7   04:33   8,2   0,0   0,0   1,4  16,0   10:33     E
22  12,6  21,3   15:45   3,0   05:51   6,5   0,0   0,0   1,1  12,0   11:34     E
23  15,1  21,2   14:12  10,6   05:42   3,7   0,0   0,0   0,7  15,0   13:31   NNW
24  15,3  20,4   14:37  11,8   03:33   3,1   0,0   0,0   0,3   9,0   16:24   NNW
25  14,9  19,3   13:09   8,9   23:49   4,5   0,0   0,0   0,5  10,0   20:08    NW
26  11,0  15,9   14:47   7,5   02:06   7,0   0,0   0,0   0,7  15,0   17:38   SSW
27  10,2  15,2   16:59   5,6   23:56  10,1   0,0   0,0   0,7  15,0   10:25   ESE
28  11,8  20,5   14:22   3,7   02:39   7,2   0,0   1,0   3,3  37,0   14:05     E
29  12,9  18,9   15:30   6,9   03:37   5,4   0,0   0,0   3,1  32,0   10:41     E
30  11,5  16,8   14:16   6,5   23:57   7,1   0,0   2,1   3,0  35,0   13:55     E
31  13,4  21,2   15:12   3,1   05:31   5,3   0,0   0,0   4,9  37,0   14:39     E
----------------------------------------------------------------------------------
    13,1  28,5    12     1,5     2   187,9   0,0  12,3   2,1  39,0     5       E

Max >=  27,0  1
Max <=   0,0  0
Min <=   0,0  0
Min <= -18,0  0
Max Rain: 4,7 on day 3
Days of Rain: 2 (>= 2,0 mm)  2 (>= 2,0 mm)  2 (>= 2,0 mm)
Heat Base: 18,0  Cool Base: 29,0  Method: Integration

powered by CumulusMX v3.8.3 (b3093) Valid HTML5    Last Cumulus update   09:00:19