NOAA-style Climate Reports

   V/Λ SELECT: Month and Year   OR  >   Month
                   Monthly Climatological Summary for Apr 2015

Name: Wetterstation Bebra-Gilfershausen   City: Bebra   State: Hessen,Germany
Elevation: 250 m  Lat: N 50 59 02   Lon: E 009 49 37

                  Temperature (°°C), Rain (mm), Wind Speed (km/h)

                                      Heat  Cool        Avg
    Mean                              Deg   Deg         Wind                 Dom
Day Temp  High   Time   Low    Time   Days  Days  Rain  Speed High   Time    Dir
----------------------------------------------------------------------------------
01   3,9   9,4   14:54   1,4   22:50  14,1   0,0   6,7   2,9  27,0   15:03    SE
02   3,1   4,3   11:45   0,4   23:53  15,6   0,0   8,3   1,4  16,0   06:47   ESE
03   3,9   8,5   19:12   0,1   00:14  15,3   0,0   0,5   0,3  10,0   10:58     E
04   3,1   7,9   15:27  -0,7   02:21  14,9   0,0   0,0   1,2  19,0   16:53    NW
05   3,3   9,6   15:56  -2,7   07:29  14,7   0,0   0,0   1,3  13,0   14:20     N
06   3,7   9,9   16:47  -1,6   02:17  14,3   0,0   0,0   1,6  17,0   14:30   NNW
07   4,6  13,2   17:10  -3,2   07:08  13,4   0,0   0,0   1,0  21,0   15:38   ESE
08   7,4  15,5   16:41   0,5   05:22  10,6   0,0   0,0   0,7  13,0   11:52    NW
09   9,7  18,9   16:38   1,5   07:09   8,3   0,0   0,0   1,2  13,0   12:21     E
10  11,2  21,6   16:03   2,4   06:42   7,5   0,0   0,0   1,8  19,0   15:48     E
11  10,8  19,2   13:05   3,3   06:16   7,3   0,0   0,5   3,3  28,0   14:07   ESE
12   9,3  16,9   16:42   0,9   07:21   8,7   0,0   0,0   3,1  21,0   14:19   ESE
13   9,1  13,9   16:24   2,8   23:58   8,9   0,0   0,0   1,3  17,0   17:01     W
14   9,6  20,3   18:10   0,2   05:34   8,7   0,0   0,0   2,5  24,0   11:41   ESE
15  14,9  24,3   17:24   4,9   07:10   4,7   0,0   0,0   2,1  25,0   16:26   ESE
16  11,8  19,5   15:40   4,6   06:51   6,4   0,0   0,0   1,5  16,0   10:36   NNE
17   7,6  11,8   13:05   3,5   07:01  10,4   0,0   0,0   1,7  21,0   13:56    NW
18   6,2  12,5   17:11  -0,2   06:22  11,8   0,0   0,0   1,0  12,0   18:34     N
19   7,3  16,2   17:03  -1,3   07:04  10,7   0,0   0,0   1,2  21,0   14:55    NE
20   9,3  18,1   16:15   0,5   06:39   8,7   0,0   0,0   1,6  13,0   10:30   NNW
21  11,3  21,8   14:36   1,4   06:42   7,4   0,0   0,0   1,6  18,0   14:25   NNE
22   7,0  11,0   16:15   2,9   05:16  11,0   0,0   0,0   0,8  12,0   13:13   WNW
23   8,8  18,8   16:51  -0,2   06:00   9,3   0,0   0,0   0,8  13,0   13:10     E
24  11,7  21,5   17:18   1,6   06:20   7,3   0,0   0,0   2,8  25,0   15:05     E
25  11,4  18,2   15:45   3,8   05:39   6,6   0,0   0,5   2,1  16,0   15:09     E
26  13,7  20,4   15:34   8,9   05:45   4,6   0,0   0,0   2,8  27,0   15:27   ESE
27  10,4  13,1   11:53   6,9   23:12   7,6   0,0   6,2   1,1  19,0   15:55   NNW
28   8,6  14,8   16:20   2,6   23:58   9,8   0,0   0,0   1,7  18,0   13:10     N
29   8,3  16,2   15:57  -0,7   06:33  11,7   0,0   0,0   1,7  13,0   15:57   ESE
30  10,5  16,2   13:57   4,5   07:57  12,8   0,0   6,2   0,3  43,0   09:21     E
----------------------------------------------------------------------------------
     8,4  24,3    15    -3,2     7   303,1   0,0  28,9   1,6  43,0    30     ENE

Max >=  27,0  0
Max <=   0,0  0
Min <=   0,0  8
Min <= -18,0  0
Max Rain: 8,3 on day 2
Days of Rain: 4 (>= 2,0 mm)  4 (>= 2,0 mm)  4 (>= 2,0 mm)
Heat Base: 18,0  Cool Base: 29,0  Method: Integration

powered by CumulusMX v3.8.3 (b3093) Valid HTML5    Last Cumulus update   08:52:19