NOAA-style Climate Reports

   V/Λ SELECT: Month and Year   OR  >   Month
                   Monthly Climatological Summary for Mrz 2015

Name: Wetterstation Bebra-Gilfershausen   City: Bebra   State: Hessen,Germany
Elevation: 250 m  Lat: N 50° 59' 02"   Lon: E 009° 49' 37"

                  Temperature (°C), Rain (mm), Wind Speed (km/h)

                                      Heat  Cool        Avg
    Mean                              Deg   Deg         Wind                 Dom
Day Temp  High   Time   Low    Time   Days  Days  Rain  Speed High   Time    Dir
----------------------------------------------------------------------------------
 1   3,8   7,9   16:46  -2,0   00:00  14,2   0,0   2,6   3,2  23,0   06:10   ESE
 2   5,2   8,7   14:15   2,1   07:11  12,8   0,0   3,1   2,8  33,0   11:52   ESE
 3   4,0   8,9   14:55  -0,6   05:28  14,0   0,0   3,1   4,2  29,0   17:49   ESE
 4   2,9   6,5   14:06  -0,4   07:23  15,1   0,0   3,6   1,7  26,0   14:10   ESE
 5   3,4   6,8   15:35   0,2   22:35  14,6   0,0   1,6   0,7   9,0   12:14   WNW
 6   2,9   6,5   15:53  -0,5   07:15  15,1   0,0   0,0   0,4   8,0   16:49     E
 7   3,2  10,9   13:55  -2,6   05:53  14,8   0,0   0,0   1,3  16,0   15:53    SE
 8   5,5  14,6   14:57  -1,4   07:25  12,5   0,0   0,0   1,3  12,0   14:05     E
 9   5,6  13,4   15:09  -0,4   05:24  12,4   0,0   0,0   0,4  12,0   12:50   ENE
10   4,3   8,4   16:21   0,2   02:11  13,7   0,0   1,0   0,3   7,0   14:49     E
11   3,3   8,8   14:12  -0,8   06:40  14,7   0,0   0,0   0,6   9,0   14:06     W
12   2,7   9,2   14:05  -2,6   06:52  15,3   0,0   0,0   1,3  11,0   20:48     N
13   2,4   4,8   15:02  -0,7   21:19  15,6   0,0   0,0   1,4  14,0   17:06     N
14   2,4   4,1   12:19  -1,1   00:39  15,6   0,0   0,5   0,7   8,0   11:32   NNW
15   4,3   5,8   12:50   2,9   05:14  13,7   0,0   1,6   1,9  12,0   14:27   NNW
16   5,8  11,4   16:26   1,1   07:24  12,2   0,0   0,0   1,7  19,0   15:28   NNW
17   7,0  14,5   13:49   0,2   06:43  11,0   0,0   0,0   1,1  16,0   12:45     N
18   7,7  15,9   14:57   1,6   05:17  10,3   0,0   0,0   0,7  10,0   15:03    NE
19   6,1  14,4   14:52  -0,5   06:40  11,9   0,0   0,0   0,6  11,0   15:43    NE
20   4,1  13,3   15:30  -2,0   06:48  13,9   0,0   0,0   0,9  11,0   10:07     E
21   2,1   6,1   16:41  -2,7   05:47  17,1   0,0   0,5   0,2   6,0   13:39     E
22   1,5   3,6   01:51  -1,9   23:55  16,5   0,0   0,5   2,8  18,0   17:21   NNW
23   3,3  11,6   15:27  -4,4   06:36  14,7   0,0   0,0   1,5  18,0   13:31     E
24   5,6  12,3   15:09   0,7   01:31  12,4   0,0   0,0   0,4  10,0   14:28   ENE
25   8,3  17,4   15:43  -0,2   04:43   9,7   0,0   0,0   1,1  15,0   21:10     N
26   6,8   8,9   15:57   4,6   23:56  11,5   0,0   1,0   1,3  14,0   16:16     E
27   6,2   8,1   11:56   3,8   05:13  12,2   0,0   0,5   1,4  16,0   08:58     E
28   6,8  12,6   14:32  -0,7   06:32  11,2   0,0   0,0   3,9  39,0   12:40   ESE
29   9,6  11,5   11:01   7,4   23:59   8,2   0,0  10,4   5,5  39,0   20:06   ESE
30   5,9  10,5   14:14   0,6   23:46  12,1   0,0   2,1   3,5  27,0   12:06    SE
31   7,0  11,9   12:10   0,7   00:00  11,0   0,0   8,3   5,2  53,0   16:35    SE
----------------------------------------------------------------------------------
     4,8  17,4    25    -4,4    23   410,0   0,0  40,4   1,7  53,0    31       E

Max >=  27,0:  0
Max <=   0,0:  0
Min <=   0,0: 18
Min <= -18,0:  0
Max Rain: 10,4 on day 29
Days of Rain: 15 (>= 0,2 mm)  7 (>= 2,0 mm)  0 (>= 20,0 mm)
Heat Base: 18,0  Cool Base: 29,0  Method: Integration

powered by CumulusMX v3.8.3 (b3093) Valid HTML5    Last Cumulus update   08:45:19