NOAA-style Climate Reports

   V/Λ SELECT: Month and Year   OR  >   Month
                   Monthly Climatological Summary for Jan 2015

Name: Wetterstation Bebra-Gilfershausen   City: Bebra   State: Hessen,Germany
Elevation: 250 m  Lat: N 50° 59' 02"   Lon: E 009° 49' 37"

                  Temperature (°C), Rain (mm), Wind Speed (km/h)

                                      Heat  Cool        Avg
    Mean                              Deg   Deg         Wind                 Dom
Day Temp  High   Time   Low    Time   Days  Days  Rain  Speed High   Time    Dir
----------------------------------------------------------------------------------
 1   2,5   3,3   15:05   1,5   08:31  15,5   0,0   0,0   2,2  18,0   21:22   ESE
 2   2,5   4,1   15:00   1,5   04:09  15,5   0,0   1,5   4,9  38,0   05:18   ESE
 3   2,1   3,2   12:34   1,1   07:37  15,9   0,0   1,5   1,2  18,0   13:34     E
 4   3,2   4,9   14:12   1,9   20:57  14,8   0,0   0,5   1,0  11,0   07:02   SSE
 5   1,0   3,4   12:52  -1,5   23:14  17,0   0,0   0,0   0,6  12,0   01:53     E
 6  -1,0   1,3   14:43  -2,4   02:47  19,0   0,0   0,0   0,3  10,0   12:44     E
 7   1,6   4,1   14:42  -1,9   00:00  16,4   0,0   0,5   1,8  13,0   23:12   ESE
 8   4,0   7,5   20:31   1,6   03:42  14,0   0,0  13,0   2,9  25,0   01:12   ESE
 9   6,5   9,9   17:22   3,3   00:00  11,5   0,0   2,1   3,9  29,0   13:11   ESE
10  10,1  13,8   12:45   3,4   22:36   7,9   0,0   5,7   4,3  26,0   11:39   ESE
11   3,6   4,9   13:44   2,5   02:53  14,4   0,0   0,5   3,0  27,0   13:01   ESE
12   5,2   6,4   20:29   4,1   00:18  12,8   0,0   3,1   5,1  35,0   18:55   ESE
13   7,9  10,9   15:01   5,9   01:48  10,1   0,0   3,1   6,6  34,0   14:26     E
14   4,4   6,5   00:00   0,4   23:02  13,6   0,0   2,1   2,7  31,0   15:17   ESE
15   5,7   8,9   21:31   0,6   00:23  12,3   0,0   3,1   7,8  38,0   14:25     E
16   6,0   8,6   00:00   4,7   23:55  12,0   0,0   7,8   0,7  15,0   00:33   ESE
17   2,8   5,3   14:10  -2,2   23:57  15,2   0,0   0,5   0,1   7,0   14:05   ENE
18  -0,5   2,6   14:24  -3,2   08:53  18,5   0,0   0,5   0,9  27,0   13:26   ESE
19  -1,4   1,3   15:12  -4,9   05:04  19,4   0,0   0,0   0,1   5,0   13:33     E
20   0,3   1,8   12:38  -3,1   23:30  17,7   0,0   0,5   0,1   4,0   12:44     E
21  -2,0   1,1   13:58  -5,6   04:19  20,0   0,0   0,0   0,6   9,0   14:13   NNW
22  -0,2   0,6   14:24  -2,4   02:22  18,2   0,0   0,0   1,0  10,0   03:39   NNW
23  -0,1   0,6   13:03  -0,7   17:27  18,1   0,0   0,0   0,4   7,0   13:48   NNW
24  -0,3   0,8   16:01  -1,6   08:23  18,3   0,0   0,0   2,0  30,0   07:21   ESE
25   1,3   2,9   15:43  -0,2   08:28  16,7   0,0   0,5   0,2   5,0   11:28     E
26   1,7   2,6   12:37   1,0   19:09  16,3   0,0   3,6   1,4  10,0   11:49     E
27   2,4   4,2   15:25   1,1   21:10  15,6   0,0   3,6   0,6  10,0   12:23     E
28   2,6   3,6   17:39   1,3   02:08  15,4   0,0   3,1   5,6  33,0   14:35     E
29   1,5   3,3   14:12   0,1   07:21  16,5   0,0   3,6   3,5  19,0   10:17   ESE
30   1,0   2,1   00:36  -1,7   23:55  17,0   0,0   2,1   0,4  26,0   12:55     E
31   0,3   2,9   13:51  -2,5   02:23  17,7   0,0   3,1   0,4   8,0   12:08     E
----------------------------------------------------------------------------------
     2,4  13,8    10    -5,6    21   483,3   0,0  65,6   2,1  38,0     2     ESE

Max >=  27,0:  0
Max <=   0,0:  0
Min <=   0,0: 14
Min <= -18,0:  0
Max Rain: 13,0 on day 8
Days of Rain: 23 (>= 0,2 mm)  14 (>= 2,0 mm)  0 (>= 20,0 mm)
Heat Base: 18,0  Cool Base: 29,0  Method: Integration

powered by CumulusMX v3.8.3 (b3093) Valid HTML5    Last Cumulus update   08:28:19