NOAA-style Climate Reports

   V/Λ SELECT: Month and Year   OR  >   Month
                   Annual Climatological Summary for 2015

Name: Wetterstation Bebra-Gilfershausen   City: Bebra   State: Germany
Elevation: 250 m  Lat: N 50 59 02   Lon: E 009 49 37

                  Temperature (°°C), Heat Base: 18,0  Cool Base: 29,0
                          Dep.  Heat  Cool                       Max  Max  Min  Min
        Mean  Mean        From  Deg   Deg                        >=   <=   <=   <=
 YR MO  Max   Min   Mean  Norm  Days  Days  Hi  Date  Low  Date 27,0  0,0  0,0 -18,0
------------------------------------------------------------------------------------
 15  1   4,4   0,1   2,4 -12,6   483     0  13,8  10  -5,6   21    0    0   14    0
 15  2   4,3  -1,9   1,3  -0,7   469     0  10,3  20  -7,4    7    0    2   24    0
 15  3  10,0   0,0   4,8   2,8   410     0  17,4  25  -4,4   23    0    0   18    0
 15  4  15,5   1,6   8,4 -76,6   303     0  24,3  15  -3,2    7    0    0    8    0
 15  5  19,8   6,6  13,1  11,1   188     0  28,5  12   1,5    2    1    0    0    0
 15  6  21,2   9,3  15,3  -0,7   101     1  32,7   5   0,0   10    6    2    3    0
 15  7  27,1  14,1  20,3-174,7    40    11  37,9   4   6,1   10   14    0    0    0
 15  8  26,7  14,3  20,1   2,1    38     5  34,8   6   9,3   22   16    0    0    0
 15  9  17,5   9,0  12,8  -0,2   156     0  24,3   1   3,3   28    0    0    0    0
 15 10  12,1   5,3   8,6  -1,4   293     0  18,9   4  -0,8   12    0    0    1    0
 15 11  10,9   4,6   7,6   3,6   313     0  18,1   9  -1,4   23    0    0    5    0
 15 12   9,2   3,0   6,3 -28,7   375     0  13,6  26  -1,6   10    0    0    6    0
------------------------------------------------------------------------------------
        14,9   5,5  10,1 -23,0  3167    16  37,9 Jul  -7,4  Feb    0    2   38    0

                                Precipitation (mm)

              Dep.   Max        Days of Rain
              From   Obs.           >=
 YR MO Total  Norm   Day Date  2,0  2,0  2,0
---------------------------------------------
 15  1  65,6   7,6  13,0   8    14   14   14
 15  2  18,0 -26,0   7,3  23     2    2    2
 15  3  40,4 -14,6  10,4  29     7    7    7
 15  4  28,9 -17,1   8,3   2     4    4    4
 15  5  12,3 -42,7   4,7   3     2    2    2
 15  6  32,0 -41,0   7,3  23     6    6    6
 15  7  62,8 -14,2  16,6  19     8    8    8
 15  8  76,1  11,1  32,1  16     6    6    6
 15  9  59,0 -10,0  11,4   1    10   10   10
 15 10  48,1  -5,9  14,0   6     6    6    6
 15 11  74,6  12,6  20,7  30    12   12   12
 15 12  24,1 -38,9   3,6   1     6    6    6
---------------------------------------------
       541,9-179,1  32,1  Aug   83   83   83

                                Wind Speed (km/h)
                          Dom
 YR MO   Avg.  Hi   Date  Dir
------------------------------
 15  1   2,1  38,0    2   ESE
 15  2   1,6  34,0   21     E
 15  3  ----  53,0   31     E
 15  4   1,6  43,0   30     E
 15  5   2,1  39,0    5     E
 15  6   1,3 138,0    5   ENE
 15  7   1,8 140,0   26     E
 15  8   0,9  35,0   10   ENE
 15  9   0,9  39,0   15     E
 15 10   0,8  29,0    1   NNE
 15 11   2,2  50,0   26   ESE
 15 12   1,2  61,0   15   ESE
------------------------------
         1,5 140,0  Jul     W

powered by CumulusMX v3.8.3 (b3093) Valid HTML5    Last Cumulus update   22:02:24