NOAA-style Climate Reports

   V/Λ SELECT: Month and Year   OR  >   Month
                   Monthly Climatological Summary for Dez 2014

Name: Wetterstation Bebra-Gilfershausen   City: Bebra   State: Hessen,Germany
Elevation: 250 m  Lat: N 50° 59' 02"   Lon: E 009° 49' 37"

                  Temperature (°C), Rain (mm), Wind Speed (km/h)

                                      Heat  Cool        Avg
    Mean                              Deg   Deg         Wind                 Dom
Day Temp  High   Time   Low    Time   Days  Days  Rain  Speed High   Time    Dir
----------------------------------------------------------------------------------
 1  -0,2   2,1   00:00  -1,9   23:50  18,2   0,0   0,0   3,9  21,0   06:13   NNW
 2  -1,3  -0,4   14:47  -2,0   05:10  19,3   0,0   0,0   2,4  13,0   03:01   NNW
 3  -1,4  -0,9   12:56  -1,6   02:51  19,4   0,0   0,0   1,4   8,0   10:47    NW
 4   0,2   1,4   23:48  -1,3   00:30  17,8   0,0   0,0   1,0  40,0   11:32   NNW
 5   2,4   3,5   14:24   1,3   00:00  15,6   0,0   0,0   0,1   8,0   13:32   ESE
 6   3,0   4,2   13:43   0,9   07:37  15,0   0,0   0,0   0,1   5,0   11:21     E
 7   3,7   5,4   12:33   1,9   18:06  15,5   0,0   1,5   1,2  15,0   20:18     E
 8   1,3   4,7   13:48  -3,2   23:57  16,7   0,0   0,0   0,6  15,0   14:54     E
 9   0,1   2,8   14:35  -3,7   01:18  17,9   0,0   0,0   0,5   9,0   19:48   SSE
10   2,4   3,3   21:19   1,3   00:00  15,6   0,0   0,5   6,2  30,0   09:37     E
11   3,3   5,9   14:34   1,6   17:53  14,7   0,0   4,1   2,9  19,0   15:02   ESE
12   6,6   8,4   19:46   3,2   00:00  11,4   0,0   3,1   7,8  33,0   14:44   ESE
13   4,2   7,2   00:00   1,9   19:24  13,8   0,0   7,3   0,2   7,0   09:44   ESE
14   2,4   3,6   13:28   1,3   04:43  15,6   0,0   2,1   0,1   7,0   21:43   ESE
15   3,4   5,3   12:30   0,9   04:51  14,6   0,0   0,0   1,1  14,0   14:51   ESE
16   4,7   6,6   12:02   2,7   22:30  13,3   0,0   0,0   0,5  10,0   11:43   ESE
17   3,3   5,8   23:53   1,5   05:02  14,7   0,0   5,2   3,1  26,0   11:02   ESE
18   8,7  11,4   22:49   5,8   00:00   9,3   0,0   0,0   2,2  19,0   23:25   ESE
19   9,0  11,3   00:00   3,8   23:10   9,0   0,0   5,2   3,8  28,0   11:21   ESE
20   4,6   5,5   14:25   3,0   22:22  13,4   0,0   5,2   3,2  29,0   11:38   ESE
21   4,9   6,6   12:03   2,8   03:54  13,1   0,0   0,0   3,4  36,0   19:58   ESE
22   7,6   9,4   23:53   6,5   00:00  10,8   0,0   0,0   6,6  36,0   02:24   ESE
23   9,3   9,9   17:01   8,3   23:48   8,7   0,0   0,0   5,2  34,0   00:33   ESE
24   7,1   8,3   00:00   5,6   23:48  10,9   0,0   3,6   4,9  22,0   19:26   ESE
25   3,8   6,5   13:11   1,8   04:39  14,2   0,0   0,0   1,6  15,0   12:07     E
26   1,0   3,9   12:27  -3,8   23:59  17,0   0,0   0,0   0,5   8,0   11:08   ENE
27  -1,1   1,0   12:32  -3,9   00:34  19,1   0,0   0,0   3,8  31,0   18:25   NNE
28  -3,7  -1,8   23:57  -6,9   08:34  21,7   0,0   0,0   2,4  19,0   01:06   NNW
29  -0,8   1,4   13:40  -2,1   07:25  18,8   0,0   0,5   1,2  13,0   16:19   ESE
30   0,1   1,8   16:05  -1,4   00:00  17,9   0,0   0,5   0,2   5,0   03:40     E
31   1,7   2,4   11:47   0,6   01:26  16,3   0,0   5,2   0,0   2,0   14:55     E
----------------------------------------------------------------------------------
     2,9  11,4    18    -6,9    28   469,3   0,0  44,0   2,3  40,0     4       E

Max >=  27,0:  0
Max <=   0,0:  3
Min <=   0,0: 11
Min <= -18,0:  0
Max Rain: 7,3 on day 13
Days of Rain: 13 (>= 0,2 mm)  9 (>= 2,0 mm)  0 (>= 20,0 mm)
Heat Base: 18,0  Cool Base: 29,0  Method: Integration

powered by CumulusMX v3.8.3 (b3093) Valid HTML5    Last Cumulus update   08:37:19