NOAA-style Climate Reports

   V/Λ SELECT: Month and Year   OR  >   Month
                   Monthly Climatological Summary for Nov 2014

Name: Wetterstation Bebra-Gilfershausen   City: Bebra   State: Hessen,Germany
Elevation: 250 m  Lat: N 50° 59' 02"   Lon: E 009° 49' 37"

                  Temperature (°C), Rain (mm), Wind Speed (km/h)

                                      Heat  Cool        Avg
    Mean                              Deg   Deg         Wind                 Dom
Day Temp  High   Time   Low    Time   Days  Days  Rain  Speed High   Time    Dir
----------------------------------------------------------------------------------
 1   9,7  16,0   14:46   6,4   23:52   8,3   0,0   0,0   0,3   8,0   12:20     E
 2   9,4  14,8   13:37   4,5   07:31   8,6   0,0   0,5   1,2  17,0   15:01     E
 3  12,6  14,8   13:13   9,9   00:00   5,4   0,0   0,0   3,1  24,0   14:53     E
 4  11,8  14,6   12:08   9,3   22:55   6,2   0,0   0,5   1,7  19,0   09:28     E
 5   9,7  10,9   13:26   8,6   23:41   8,3   0,0   0,5   0,2   5,0   06:43     E
 6   7,9  10,1   13:48   5,0   23:58  10,1   0,0   0,0   1,1  14,0   11:37     E
 7   4,9   8,0   13:43   1,1   04:43  13,1   0,0   0,0   1,3  16,0   18:26     E
 8   7,8  11,9   13:21   2,6   23:23  10,2   0,0   0,5   2,1  31,0   11:53     E
 9   4,5   9,6   13:34   1,8   03:55  13,4   0,0   0,0   0,6  11,0   13:25     E
10   7,2   9,5   15:28   2,9   00:00  10,8   0,0   0,0   0,8  10,0   10:00     E
11   8,3  10,5   14:58   5,3   08:17   9,7   0,0   0,0   0,8  10,0   19:51     N
12   8,4   9,1   15:39   7,6   08:07   9,6   0,0   0,0   0,2   6,0   10:45     E
13   9,7  12,1   13:37   7,6   03:22   8,3   0,0   0,0   0,1   6,0   15:58     E
14   9,3  11,8   14:17   4,5   23:53   8,7   0,0   0,0   0,5  16,0   15:04     E
15   8,1  11,4   12:21   4,4   00:06   9,9   0,0   0,0   0,4   7,0   14:25   ENE
16   8,5   8,9   00:12   7,3   23:51   9,9   0,0  10,4   0,6  14,0   12:45   ESE
17   6,6  10,1   13:14   3,8   05:34  11,4   0,0   0,0   0,2   5,0   16:20   NNW
18   7,6   8,1   01:43   6,8   22:13  10,4   0,0   3,6   0,7  11,0   03:30   NNW
19   6,6   7,0   12:01   6,1   05:39  11,4   0,0   0,0   0,1   4,0   05:07   NNW
20   6,3   6,9   00:00   5,4   22:18  11,7   0,0   0,0   0,1  19,0   20:42   NNW
21   5,1   7,0   13:58   0,4   23:43  12,9   0,0   0,0   0,3  11,0   14:11   NNW
22   2,9   6,9   14:22  -1,2   08:03  15,6   0,0   0,0   0,9  11,0   19:12     E
23   4,8   9,6   14:35   2,1   08:26  13,2   0,0   0,0   0,4   9,0   11:15     E
24   5,0   9,0   14:16   2,1   19:03  13,0   0,0   1,0   0,2   9,0   12:37     E
25   2,5   5,3   15:24  -0,1   08:32  15,5   0,0   0,0   1,2  10,0   21:10     N
26   2,7   4,3   00:00   1,1   08:12  15,3   0,0   0,0   1,0  10,0   00:00    NW
27   3,3   5,3   12:22  -0,2   07:07  14,7   0,0   0,0   0,6  15,0   11:20     E
28   2,9   3,9   00:09   2,1   19:13  15,1   0,0   0,0   2,7  20,0   03:26   NNW
29   2,3   2,9   22:25   1,9   07:51  15,7   0,0   0,0   2,1  13,0   03:36   NNW
30   2,8   3,5   13:16   2,1   23:54  15,2   0,0   0,0   0,8  19,0   13:56     E
----------------------------------------------------------------------------------
     6,6  16,0     1    -1,2    22   341,6   0,0  17,0   0,9  31,0     8     ENE

Max >=  27,0:  0
Max <=   0,0:  0
Min <=   0,0:  3
Min <= -18,0:  0
Max Rain: 10,4 on day 16
Days of Rain: 7 (>= 0,2 mm)  2 (>= 2,0 mm)  0 (>= 20,0 mm)
Heat Base: 18,0  Cool Base: 29,0  Method: Integration

powered by CumulusMX v3.10.2 (b3117) Valid HTML5    Last Cumulus update   20:23:02