NOAA-style Climate Reports

   V/Λ SELECT: Month and Year   OR  >   Month
                   Monthly Climatological Summary for Sep 2014

Name: Wetterstation Bebra-Gilfershausen   City: Bebra   State: Hessen,Germany
Elevation: 250 m  Lat: N 50° 59' 02"   Lon: E 009° 49' 37"

                  Temperature (°C), Rain (mm), Wind Speed (km/h)

                                      Heat  Cool        Avg
    Mean                              Deg   Deg         Wind                 Dom
Day Temp  High   Time   Low    Time   Days  Days  Rain  Speed High   Time    Dir
----------------------------------------------------------------------------------
 1  13,8  17,6   13:24   9,8   00:43   4,2   0,0   0,5   0,4  12,0   15:15     E
 2  15,3  18,5   17:19  13,5   06:51   2,7   0,0   2,1   0,3   7,0   21:10   NNW
 3  13,9  18,5   17:10   8,5   05:38   4,1   0,0   0,0   1,7  18,0   19:08   NNW
 4  16,1  20,2   16:40  11,8   05:25   2,3   0,0   0,0   2,2  20,0   16:59   NNW
 5  18,6  25,3   15:37  12,8   05:22   1,4   0,0   0,0   0,3  10,0   15:18     E
 6  18,7  24,8   14:51  15,4   01:52   0,9   0,0   0,5   0,4  10,0   14:21     E
 7  17,5  23,2   16:08  13,9   02:36   1,6   0,0   0,0   0,0   3,0   17:48     E
 8  16,7  22,4   15:29  13,0   08:12   2,3   0,0   0,0   0,3   9,0   11:14     E
 9  14,4  20,1   15:07  10,7   03:20   3,9   0,0   0,0   0,0   0,0   00:00   ---
10  13,7  16,4   15:39  11,2   03:24   4,3   0,0   0,0   0,0   0,0   00:00   ---
11  13,1  16,1   15:59   9,9   23:10   4,9   0,0  13,0   0,5  11,0   12:51   NNW
12  13,4  16,2   18:22   9,8   00:53   4,6   0,0   0,0   0,8  13,0   13:17    NW
13  15,6  16,6   13:49  14,9   06:58   2,4   0,0   0,0   0,0   0,0   00:00   ---
14  16,9  20,8   15:01  15,1   07:27   1,5   0,0   0,0   0,1   8,0   16:44    NW
15  17,4  20,5   16:55  15,3   23:59   1,1   0,0   0,0   0,0   3,0   08:53    NW
16  17,1  22,7   17:22  12,5   06:03   2,1   0,0   0,0   0,1   7,0   16:59   NNW
17  16,5  23,1   15:24  10,8   06:44   2,8   0,0   0,0   0,3  11,0   13:59   NNE
18  15,0  20,9   14:39  10,0   06:43   3,4   0,0   0,0   0,0   0,0   00:00   ---
19  17,1  23,5   13:30  13,9   07:11   1,7   0,0  19,7   0,2  12,0   14:30     E
20  15,9  19,6   14:21  13,5   22:25   2,2   0,0   8,3   0,0   0,0   00:00   ---
21  14,3  17,4   13:16  11,3   23:22   3,7   0,0  11,4   0,0   0,0   00:00   ---
22  11,2  13,4   12:35   9,0   13:57   6,8   0,0   3,6   0,3   9,0   13:24   WSW
23  11,3  15,4   15:22   7,3   23:57   6,7   0,0   0,0   0,5  16,0   14:59     E
24   9,5  14,9   14:48   5,4   07:14   8,4   0,0   0,0   0,6  18,0   14:39     E
25  12,5  17,2   14:37   9,6   02:52   5,5   0,0   0,0   0,4  10,0   13:46     E
26  13,6  16,0   16:12  11,9   06:19   4,4   0,0   0,0   0,9  12,0   09:25   ESE
27  14,4  19,5   16:01   8,9   23:50   3,8   0,0   0,0   0,2  10,0   14:57     E
28  12,6  20,1   15:31   7,1   07:55   5,7   0,0   0,0   0,5   9,0   10:51     E
29  14,5  21,9   14:49   9,2   03:24   4,2   0,0   0,0   0,9  21,0   14:10     E
30  16,8  20,6   15:10  14,4   23:34   1,8   0,0   1,0   0,6  10,0   16:30     E
----------------------------------------------------------------------------------
    14,9  25,3     5     5,4    24   105,4   0,0  60,1   0,4  21,0    29      NE

Max >=  27,0:  0
Max <=   0,0:  0
Min <=   0,0:  0
Min <= -18,0:  0
Max Rain: 19,7 on day 19
Days of Rain: 9 (>= 0,2 mm)  6 (>= 2,0 mm)  0 (>= 20,0 mm)
Heat Base: 18,0  Cool Base: 29,0  Method: Integration

powered by CumulusMX v3.8.3 (b3093) Valid HTML5    Last Cumulus update   08:25:19