NOAA-style Climate Reports

   V/Λ SELECT: Month and Year   OR  >   Month
                   Monthly Climatological Summary for Aug 2014

Name: Wetterstation Bebra-Gilfershausen   City: Bebra   State: Hessen,Germany
Elevation: 250 m  Lat: N 50° 59' 02"   Lon: E 009° 49' 37"

                  Temperature (°C), Rain (mm), Wind Speed (km/h)

                                      Heat  Cool        Avg
    Mean                              Deg   Deg         Wind                 Dom
Day Temp  High   Time   Low    Time   Days  Days  Rain  Speed High   Time    Dir
----------------------------------------------------------------------------------
 1  19,3  27,1   16:05  12,2   06:16   1,9   0,0   0,0   0,6  12,0   14:12     E
 2  20,7  28,3   16:37  13,4   06:03   1,2   0,0   0,0   1,1  17,0   14:56     E
 3  19,2  23,8   12:11  15,8   05:47   0,4   0,0   9,3   0,4   9,0   12:04     E
 4  20,8  27,2   16:14  17,0   23:59   0,1   0,0   0,0   1,4  18,0   12:51     E
 5  18,1  22,6   16:56  14,3   23:56   0,9   0,0   1,5   0,2   8,0   11:50    SE
 6  18,3  24,5   15:32  13,4   01:32   1,9   0,0   0,0   0,8  12,0   14:21     E
 7  18,3  23,7   17:35  14,9   01:06   1,1   0,0   1,0   0,7  12,0   11:25     E
 8  19,6  27,3   16:11  13,1   04:16   1,7   0,0   0,0   1,1  19,0   15:15     E
 9  19,2  24,4   16:06  13,9   23:49   1,0   0,0   3,1   1,8  19,0   11:51     E
10  18,5  26,4   14:59  12,5   02:29   1,6   0,0  20,2   1,8  32,0   18:07     E
11  17,5  22,6   16:39  11,9   23:53   1,7   0,0   0,0   2,7  24,0   12:35     E
12  16,1  23,0   15:40   9,8   03:49   3,2   0,0   0,0   3,0  25,0   12:23     E
13  15,9  21,9   14:48  11,3   02:46   2,8   0,0   9,3   0,2   7,0   15:29   ESE
14  15,8  20,2   15:11  12,5   23:11   2,5   0,0   0,5   2,3  20,0   16:00   ESE
15  14,9  18,9   13:45  12,2   05:09   3,2   0,0   3,6   1,5  18,0   13:32     E
16  15,4  19,8   12:40  13,1   06:29   2,7   0,0   2,1   0,7  24,0   10:46     E
17  15,6  19,5   14:35  11,9   03:14   2,6   0,0   0,5   3,3  30,0   15:15     E
18  15,6  19,1   16:15  11,2   23:04   2,5   0,0   0,0   4,0  24,0   13:58     E
19  13,4  20,4   16:01   8,4   07:02   4,8   0,0   3,6   2,6  27,0   15:57     E
20  12,3  18,2   15:14   7,3   05:53   5,7   0,0   0,5   1,5  30,0   14:33     E
21  12,7  18,9   15:01   7,3   03:54   5,4   0,0   0,0   0,8  12,0   12:12     E
22  13,3  19,6   14:54   6,6   06:37   4,9   0,0   0,0   2,2  22,0   16:52     E
23  13,8  18,5   12:58  11,2   23:25   4,2   0,0   2,1   0,7  15,0   11:23   ESE
24  12,4  17,8   15:48   6,8   06:49   5,6   0,0   4,2   1,4  17,0   12:27   ESE
25  12,1  17,4   12:42   6,5   05:31   5,9   0,0   3,6   0,4  12,0   12:12     E
26  13,3  15,6   12:43  11,9   05:48   4,7   0,0  16,1   0,0   4,0   12:03    SW
27  14,0  20,4   15:20   9,5   23:52   4,3   0,0   0,0   0,3   8,0   10:12     E
28  14,6  23,5   15:41   7,5   03:07   4,5   0,0   0,0   0,7  13,0   14:52   ESE
29  17,7  23,2   15:34  13,5   03:13   1,6   0,0   0,5   0,1   7,0   13:47     E
30  16,7  20,4   12:42  13,6   06:59   1,7   0,0   0,5   0,6  17,0   12:06     E
31  15,6  19,9   12:16  10,3   23:54   2,6   0,0   0,5   0,5  11,0   11:22     E
----------------------------------------------------------------------------------
    16,2  28,3     2     6,5    25    88,9   0,0  82,7   1,3  32,0    10       E

Max >=  27,0:  4
Max <=   0,0:  0
Min <=   0,0:  0
Min <= -18,0:  0
Max Rain: 20,2 on day 10
Days of Rain: 19 (>= 0,2 mm)  11 (>= 2,0 mm)  1 (>= 20,0 mm)
Heat Base: 18,0  Cool Base: 29,0  Method: Integration

powered by CumulusMX v3.8.3 (b3093) Valid HTML5    Last Cumulus update   08:17:19