NOAA-style Climate Reports

   V/Λ SELECT: Month and Year   OR  >   Month
                   Monthly Climatological Summary for Jul 2014

Name: Wetterstation Bebra-Gilfershausen   City: Bebra   State: Hessen,Germany
Elevation: 250 m  Lat: N 50° 59' 02"   Lon: E 009° 49' 37"

                  Temperature (°C), Rain (mm), Wind Speed (km/h)

                                      Heat  Cool        Avg
    Mean                              Deg   Deg         Wind                 Dom
Day Temp  High   Time   Low    Time   Days  Days  Rain  Speed High   Time    Dir
----------------------------------------------------------------------------------
 1  14,1  21,5   16:11   7,6   04:09   4,5   0,0   0,0   0,8  14,0   11:17     E
 2  14,5  21,8   16:42   7,0   05:32   4,4   0,0   0,0   0,6  10,0   15:12   ENE
 3  17,3  27,3   15:31   7,3   05:31   3,7   0,0   0,0   1,6  22,0   12:52     E
 4  20,0  29,4   15:38  10,1   05:23   2,3   0,0   0,0   1,2  19,0   13:17     E
 5  20,2  26,3   14:33  14,5   06:03   0,5   0,0   0,0   3,8  28,0   13:22     E
 6  23,0  30,0   16:15  16,2   06:04   0,2   0,0   0,0   3,1  26,0   12:17     E
 7  19,6  23,3   16:40  17,3   04:29   0,1   0,0   1,5   0,7  11,0   14:51    NE
 8  18,4  22,1   16:52  16,3   03:44   0,5   0,0  24,4   1,4  23,0   16:03     E
 9  14,1  16,5   00:00  12,6   07:45   3,9   0,0  34,2   1,5  12,0   15:52     E
10  16,6  22,5   14:25  13,5   06:00   2,1   0,0  21,8   0,6  22,0   18:14   ESE
11  17,7  26,1   13:08  13,5   05:06   1,5   0,0   4,1   0,5  14,0   14:44     E
12  17,5  23,3   14:39  11,8   23:58   1,8   0,0   0,0   0,6   8,0   18:58    NW
13  16,5  20,9   12:02  11,6   00:13   2,1   0,0   1,0   2,3  22,0   12:00     E
14  19,8  25,2   14:40  15,6   23:44   0,6   0,0   1,5   2,2  20,0   12:47     E
15  19,1  26,4   16:00  13,0   03:54   1,5   0,0   0,0   1,3  19,0   11:46     E
16  19,4  27,1   16:14  13,9   04:51   1,2   0,0   0,0   0,4  10,0   13:25     E
17  20,8  29,3   16:01  12,9   05:48   1,4   0,0   0,0   0,9  10,0   09:40     E
18  22,4  31,5   15:47  13,8   05:43   1,0   0,5   0,0   0,8  14,0   11:08   ESE
19  23,4  32,9   16:58  14,3   05:36   0,8   0,9   0,0   1,4  25,0   13:27   ESE
20  22,3  29,2   12:53  16,5   04:13   0,3   0,0   5,2   0,2  10,0   23:25     E
21  21,5  25,9   17:12  18,7   05:40   0,0   0,0  15,5   0,5  11,0   14:27     E
22  22,2  27,9   17:09  18,0   23:58   0,0   0,0   7,8   1,3  12,0   13:15    NW
23  21,4  28,3   15:07  15,3   05:28   0,6   0,0   0,0   1,4  12,0   13:55     N
24  19,6  26,3   15:38  13,6   05:28   1,1   0,0   0,0   2,5  23,0   17:38   NNW
25  18,7  23,7   16:31  15,2   00:53   0,8   0,0   0,5   0,6   9,0   12:59    NW
26  19,4  27,3   15:22  14,4   02:54   1,1   0,0   0,0   0,7  14,0   16:30   NNW
27  21,6  29,5   16:21  15,1   04:13   0,8   0,0   0,0   0,7  14,0   13:49     E
28  22,5  27,9   15:56  16,1   05:57   0,3   0,0   0,0   1,2  13,0   17:28   NNW
29  21,1  26,9   14:45  18,3   05:52   0,0   0,0   9,8   0,5  12,0   15:30    NW
30  19,5  20,8   12:25  17,0   23:32   0,0   0,0  14,5   0,1   8,0   14:06    NW
31  19,6  26,4   15:40  14,5   23:59   0,9   0,0   0,5   0,7  11,0   12:17     E
----------------------------------------------------------------------------------
    19,5  32,9    19     7,0     2    40,0   1,4 142,3   1,2  28,0     5     ENE

Max >=  27,0: 13
Max <=   0,0:  0
Min <=   0,0:  0
Min <= -18,0:  0
Max Rain: 34,2 on day 9
Days of Rain: 14 (>= 0,2 mm)  9 (>= 2,0 mm)  3 (>= 20,0 mm)
Heat Base: 18,0  Cool Base: 29,0  Method: Integration

powered by CumulusMX v3.8.3 (b3093) Valid HTML5    Last Cumulus update   12:52:08