NOAA-style Climate Reports

   V/Λ SELECT: Month and Year   OR  >   Month
                   Monthly Climatological Summary for Jun 2014

Name: Wetterstation Bebra-Gilfershausen   City: Bebra   State: Hessen,Germany
Elevation: 250 m  Lat: N 50° 59' 02"   Lon: E 009° 49' 37"

                  Temperature (°C), Rain (mm), Wind Speed (km/h)

                                      Heat  Cool        Avg
    Mean                              Deg   Deg         Wind                 Dom
Day Temp  High   Time   Low    Time   Days  Days  Rain  Speed High   Time    Dir
----------------------------------------------------------------------------------
 1  13,2  20,1   15:45   6,2   04:37   5,0   0,0   0,0   0,8  10,0   14:07   NNE
 2  14,3  21,1   12:27   8,4   06:13   4,1   0,0   0,0   0,8  12,0   12:10   NNE
 3  15,1  23,3   14:42   6,5   05:59   4,2   0,0   0,0   0,8  16,0   12:53    SE
 4  15,7  22,6   12:07   9,9   06:22   3,1   0,0   4,2   0,7  18,0   19:04    SE
 5  14,8  18,6   16:25   9,6   23:59   3,2   0,0   0,0   4,7  29,0   10:19    SE
 6  16,1  25,8   16:11   6,0   05:50   4,2   0,0   0,0   1,6  22,0   13:16    SE
 7  20,2  31,1   15:59   9,3   05:42   2,6   0,3   0,0   1,2  17,0   12:30    SE
 8  24,8  32,9   14:35  12,5   05:22   1,3   1,9   0,5   1,9   9,0   09:05    SE
13  32,9  32,9   00:00  32,9   00:00   0,0   1,3   0,0  ----   0,0   00:00    SE
14  15,5  18,2   14:55   0,0   14:55   0,9   0,0   0,0   0,6   8,0   16:22    NW
15  14,1  20,1   15:02   7,3   05:00   4,2   0,0   0,0   0,5   8,0   14:56   NNE
16  13,8  18,6   15:26   8,8   03:28   4,2   0,0   0,0   0,4  16,0   10:24    NW
17  15,8  20,3   16:23  11,5   23:59   2,7   0,0   0,0   0,7  11,0   16:34    NW
18  16,0  23,8   15:14   8,2   05:44   3,5   0,0   0,0   0,9  10,0   17:16   ENE
19  14,0  19,2   15:30   8,8   05:03   4,0   0,0   0,0   0,9  13,0   15:56   ENE
20  14,2  18,5   14:06  11,0   03:41   3,8   0,0   0,0   0,7  13,0   09:19     E
21  14,4  18,8   15:59   9,6   05:08   3,7   0,0   0,0   0,6  12,0   18:44     E
22  15,1  21,3   16:52   9,9   00:31   3,5   0,0   0,0   0,9  12,0   13:01    NE
23  14,2  19,3   15:11   9,7   06:09   4,0   0,0   0,0   0,7   9,0   10:31    NE
24  14,7  21,8   14:26   7,0   05:51   4,0   0,0   8,3   1,0  12,0   11:09   ENE
25  13,1  16,8   17:25   8,8   23:57   4,9   0,0   2,1   0,7  15,0   11:36    NW
26  12,8  19,3   16:25   6,2   04:36   5,2   0,0   0,0   0,6  10,0   10:14   ENE
27  16,4  24,8   15:18   7,0   05:10   3,8   0,0   0,0   1,8  17,0   16:41     E
28  17,1  23,6   14:10  12,3   05:47   2,0   0,0   5,7   2,2  16,0   13:42     E
29  15,4  17,1   14:03  12,4   23:26   2,6   0,0  10,4   0,3   7,0   04:50     E
30  14,3  18,8   12:50   9,8   23:58   3,8   0,0   4,7   0,5  14,0   11:37     E
----------------------------------------------------------------------------------
    16,1  32,9     8     0,0    14    88,5   3,5  35,9   1,1  29,0     5       E

Max >=  27,0:  3
Max <=   0,0:  0
Min <=   0,0:  1
Min <= -18,0:  0
Max Rain: 10,4 on day 29
Days of Rain: 7 (>= 0,2 mm)  6 (>= 2,0 mm)  0 (>= 20,0 mm)
Heat Base: 18,0  Cool Base: 29,0  Method: Integration

powered by CumulusMX v3.8.3 (b3093) Valid HTML5    Last Cumulus update   12:48:08