NOAA-style Climate Reports

   V/Λ SELECT: Month and Year   OR  >   Month
                   Monthly Climatological Summary for Mai 2014

Name: Wetterstation Bebra-Gilfershausen   City: Bebra   State: Hessen,Germany
Elevation: 250 m  Lat: N 50° 59' 02"   Lon: E 009° 49' 37"

                  Temperature (°C), Rain (mm), Wind Speed (km/h)

                                      Heat  Cool        Avg
    Mean                              Deg   Deg         Wind                 Dom
Day Temp  High   Time   Low    Time   Days  Days  Rain  Speed High   Time    Dir
----------------------------------------------------------------------------------
 1  13,2  18,2   13:18  10,6   04:22   4,8   0,0  17,6   1,0  16,0   16:44   ESE
 2  10,2  13,6   10:13   5,7   23:53   7,8   0,0   0,0   2,3  20,0   18:41     N
 3   7,6  12,5   15:16   2,8   23:57  10,4   0,0   0,0   1,9  16,0   02:19     N
 4   7,4  15,6   15:33  -0,1   06:23  10,6   0,0   0,0   1,7  12,0   14:12     E
 5  10,5  18,4   16:58   2,1   06:26   7,5   0,0   0,0   0,8  15,0   17:23   ESE
 6  12,3  20,5   13:49   3,9   06:17   6,0   0,0   0,0   2,3  23,0   13:44    SE
 7  13,5  17,8   14:50   8,9   23:12   4,5   0,0   0,5   2,5  21,0   11:38   SSE
 8  11,9  15,9   15:33   8,3   05:09   6,1   0,0   5,2   2,6  28,0   13:11    SE
 9  14,7  19,9   14:54   8,9   23:51   3,6   0,0   1,6   5,6  33,0   13:56    SE
10  11,2  16,5   13:08   6,5   06:12   6,8   0,0  13,0   3,0  24,0   09:53    SE
11  10,6  14,8   14:20   7,3   04:50   7,4   0,0   3,6   3,6  32,0   11:46    SE
12  11,0  16,3   15:41   7,1   06:15   7,0   0,0   0,5   4,0  22,0   17:54    SE
13   9,6  12,8   16:04   7,3   23:56   8,4   0,0  11,9   0,7  11,0   16:02    SE
14   8,9  13,7   16:51   3,5   04:00   9,7   0,0   3,1   1,1  21,0   12:00   ESE
15   9,5  13,5   15:48   5,3   03:12   8,5   0,0   0,0   0,9  14,0   13:27   NNE
16  12,5  17,9   15:07   7,2   05:59   5,5   0,0   0,0   2,5  16,0   16:33     N
17  11,9  18,4   15:45   4,8   05:33   6,1   0,0   0,0   1,3  15,0   16:04   NNE
18  13,4  21,4   15:17   7,3   03:36   5,0   0,0   0,0   0,9  11,0   17:51    NE
19  16,4  24,3   16:18  10,1   05:40   3,2   0,0   0,5   1,1  13,0   17:57    SE
20  18,4  28,5   14:35   8,5   05:35   3,1   0,0   0,0   1,0  15,0   14:31    SE
21  19,5  28,8   15:04  10,0   05:53   2,3   0,0   0,0   1,3  16,0   14:00    SE
22  20,6  28,9   15:27  12,4   05:31   1,5   0,0   4,1   1,0  24,0   22:00   ESE
23  15,4  19,5   18:08  11,6   23:57   2,8   0,0   6,2   1,5  17,0   16:32    SE
24  15,2  23,1   13:36   8,8   04:43   3,8   0,0   0,0   1,9  19,0   17:38    SE
25  14,9  22,6   14:53   6,1   05:59   4,3   0,0   0,0   0,8  11,0   07:57   NNE
26  16,5  23,8   13:35   8,9   05:58   2,9   0,0   0,0   2,7  29,0   14:41    NE
27  15,7  17,8   15:19  14,3   04:57   2,3   0,0  19,2   0,1   5,0   16:19    SE
28  13,7  14,9   00:00  11,9   23:13   4,3   0,0  24,9   0,2   5,0   11:48    SE
29  10,2  11,9   00:00   7,4   23:47   7,8   0,0   2,1   1,1  11,0   18:38     N
30  11,8  18,1   16:38   7,3   00:06   6,2   0,0   0,0   0,8  13,0   14:29   ENE
31  13,5  21,5   16:16   7,1   05:42   5,1   0,0   0,0   0,9  12,0   10:37   ESE
----------------------------------------------------------------------------------
    13,0  28,9    22    -0,1     4   175,3   0,0 114,0   1,7  33,0     9     ESE

Max >=  27,0:  3
Max <=   0,0:  0
Min <=   0,0:  1
Min <= -18,0:  0
Max Rain: 24,9 on day 28
Days of Rain: 15 (>= 0,2 mm)  11 (>= 2,0 mm)  1 (>= 20,0 mm)
Heat Base: 18,0  Cool Base: 29,0  Method: Integration

powered by CumulusMX v3.10.2 (b3117) Valid HTML5    Last Cumulus update   05:45:28