NOAA-style Climate Reports

   V/Λ SELECT: Month and Year   OR  >   Month
                   Monthly Climatological Summary for Mrz 2014

Name: Wetterstation Bebra-Gilfershausen   City: Bebra   State: Hessen,Germany
Elevation: 250 m  Lat: N 50° 59' 02"   Lon: E 009° 49' 37"

                  Temperature (°C), Rain (mm), Wind Speed (km/h)

                                      Heat  Cool        Avg
    Mean                              Deg   Deg         Wind                 Dom
Day Temp  High   Time   Low    Time   Days  Days  Rain  Speed High   Time    Dir
----------------------------------------------------------------------------------
 1   4,9   9,8   14:21   0,3   06:29  13,1   0,0   0,0   0,6  11,0   14:25   ESE
 2   3,8   9,1   15:08  -0,5   23:59  14,2   0,0   0,0   1,1  19,0   15:16    SE
 3   4,1   8,5   13:59  -1,3   02:29  13,9   0,0   0,0   2,2  20,0   14:48   SSE
 4   3,0  10,4   15:34  -1,1   03:07  15,0   0,0   0,0   0,6  12,0   12:26     E
 5   3,0  10,2   16:13  -0,4   03:04  15,0   0,0   2,6   0,5  13,0   15:30    SE
 6   3,1   9,4   16:12  -0,6   01:00  15,0   0,0   0,0   0,2   7,0   11:40   ESE
 7   4,0  11,9   15:12  -1,4   02:23  14,0   0,0   0,0   1,2  19,0   13:18    SE
 8   6,8  14,5   14:33   0,4   02:41  11,2   0,0   0,0   1,2  13,0   19:32   ESE
 9   6,3  17,4   15:15  -0,4   08:00  11,7   0,0   0,0   1,0  11,0   11:15    SE
10   6,2  16,8   15:06  -1,2   06:55  11,8   0,0   0,0   1,0  14,0   11:44     E
11   6,7  15,6   14:35  -0,7   06:54  11,3   0,0   0,0   1,6  16,0   17:11   NNE
12   5,9  13,8   14:34  -0,2   05:58  12,1   0,0   0,0   1,7  19,0   10:47   NNE
13   5,9  17,3   14:57  -1,7   06:51  12,1   0,0   0,0   0,6  12,0   12:18    SE
14   5,9  15,9   15:22  -1,7   07:07  12,1   0,0   0,0   0,9  11,0   10:35    SE
15   7,4   9,5   14:02   2,1   00:24  10,6   0,0   1,0   2,1  18,0   17:15   SSE
16   8,8  10,1   20:36   7,1   03:36   9,2   0,0   3,1   2,6  16,0   20:08    SE
17   9,9  13,3   13:49   7,1   00:00   8,1   0,0   0,0   1,2  13,0   06:44    SE
18   9,4  13,0   12:54   5,6   06:57   8,6   0,0   0,0   2,5  18,0   12:33    SE
19   9,2  13,3   16:48   5,8   23:41   8,8   0,0   0,5   3,0  25,0   01:03    SE
20   9,9  19,4   15:06   1,5   07:17   8,3   0,0   0,0   2,4  25,0   14:28   SSE
21  11,3  18,7   13:10   4,9   02:59   6,7   0,0   0,0   5,4  39,0   13:55   SSE
22   8,1  11,2   13:54   4,8   23:24   9,9   0,0   3,1   2,6  24,0   11:52   SSE
23   6,1   9,8   14:06   2,3   23:02  11,9   0,0   0,5   1,1  19,0   11:30    SE
24   3,5   8,7   13:46   0,1   23:48  14,5   0,0   0,5   0,4  10,0   13:29    NE
25   2,6   8,6   14:35  -1,9   04:10  16,0   0,0   0,0   1,2  16,0   13:05   NNE
26   4,2   9,8   14:03  -2,4   04:01  13,8   0,0   0,0   2,9  16,0   14:50   NNE
27   7,8  12,8   15:43   1,4   07:00  10,2   0,0   0,0   4,1  24,0   14:51     N
28   7,3  11,8   11:51   2,5   05:29  10,7   0,0   0,0   2,2  19,0   15:46   NNE
29   8,8  16,9   14:20   0,4   05:48   9,2   0,0   0,0   1,6  16,0   13:16     N
30   9,9  20,2   16:25   2,1   05:51   8,3   0,0   0,0   1,1  12,0   13:21    SE
31   9,5  18,5   15:50   3,8   06:21   8,6   0,0   0,0   0,8  10,0   13:29    SE
----------------------------------------------------------------------------------
     6,6  20,2    30    -2,4    26   355,9   0,0  11,3   1,7  39,0    21     ESE

Max >=  27,0:  0
Max <=   0,0:  0
Min <=   0,0: 14
Min <= -18,0:  0
Max Rain: 3,1 on day 16
Days of Rain: 7 (>= 0,2 mm)  3 (>= 2,0 mm)  0 (>= 20,0 mm)
Heat Base: 18,0  Cool Base: 29,0  Method: Integration

powered by CumulusMX v3.8.3 (b3093) Valid HTML5    Last Cumulus update   07:41:19