NOAA-style Climate Reports

   V/Λ SELECT: Month and Year   OR  >   Month
                   Monthly Climatological Summary for Feb 2014

Name: Wetterstation Bebra-Gilfershausen   City: Bebra   State: Hessen,Germany
Elevation: 250 m  Lat: N 50° 59' 02"   Lon: E 009° 49' 37"

                  Temperature (°C), Rain (mm), Wind Speed (km/h)

                                      Heat  Cool        Avg
    Mean                              Deg   Deg         Wind                 Dom
Day Temp  High   Time   Low    Time   Days  Days  Rain  Speed High   Time    Dir
----------------------------------------------------------------------------------
 1  -4,0  -3,4   00:00  -4,0   02:28  22,0   0,0   0,0   0,3   8,0   12:28    SE
 2  -3,4   0,9   20:15  -4,0   00:00  21,4   0,0   0,0   0,4   7,0   12:08    SE
 3   1,8   4,9   13:38  -0,9   04:21  16,2   0,0   0,0   1,3   9,0   11:25    NE
 4   1,5   4,8   16:04  -1,5   23:54  16,5   0,0   0,0   0,3   8,0   01:10    SE
 5   0,6   4,6   15:11  -3,1   07:45  17,4   0,0   0,0   1,3  16,0   16:49    SE
 6   5,6   9,2   14:15   0,9   00:00  12,4   0,0   0,5   2,9  29,0   14:07    SE
 7   7,2  11,3   11:34   4,1   06:17  10,8   0,0   3,6   5,7  57,0   13:39   SSE
 8   4,9   8,9   12:24  -0,2   05:22  13,1   0,0   1,0   7,2  36,0   13:08    SE
 9   4,9   7,8   14:03   0,1   23:46  13,4   0,0   0,0   6,5  36,0   13:35   SSE
10   2,4   5,9   16:26  -2,2   05:26  15,6   0,0   0,5   0,6  16,0   17:54     E
11   4,1   6,6   14:38   2,4   22:44  13,9   0,0   0,5   2,1  24,0   14:43   SSE
12   4,0   6,8   11:55   1,9   20:09  14,0   0,0   0,0   3,7  29,0   15:22   SSE
13   4,7   7,3   13:26   2,2   00:00  13,3   0,0   6,7   4,0  32,0   00:35    SE
14   5,1   7,8   14:51   2,6   02:49  12,9   0,0   0,0   4,3  25,0   15:16    SE
15   7,8  11,8   11:09   3,4   03:33  10,2   0,0   1,0   7,8  38,0   18:39   SSE
16   5,6   8,4   12:22   1,3   22:17  12,4   0,0   2,6   4,7  25,0   00:35    SE
17   3,8   9,8   15:22  -0,1   23:37  14,2   0,0   0,0   0,9  15,0   12:22   SSE
18   1,7   6,6   15:02  -1,4   08:06  16,3   0,0   0,5   0,1   4,0   15:02   ESE
19   5,3   9,3   14:00   1,5   00:49  12,7   0,0   0,0   0,9  13,0   09:39    SE
20   6,7  10,4   14:36   2,4   00:00  11,2   0,0   0,0   4,0  28,0   15:02    SE
21   6,7  10,4   12:10   0,9   23:54  11,3   0,0   1,6   1,8  24,0   16:42    SE
22   3,4   8,2   14:10  -1,1   07:51  14,6   0,0   0,5   2,3  27,0   12:02    SE
23   4,5   9,3   15:07  -0,4   23:43  13,5   0,0   0,0   2,5  24,0   12:24   SSE
24   2,7  11,7   14:49  -3,2   07:28  15,3   0,0   0,0   1,3  17,0   13:47    SE
25   4,3  12,2   15:02  -2,2   06:23  13,6   0,0   0,0   1,9  28,0   16:08    SE
26   7,5  11,8   14:27   4,3   06:23  10,5   0,0   2,6   0,8  14,0   12:20    SE
27   6,8   9,6   14:25   3,5   23:15  11,2   0,0   0,5   2,2  24,0   14:27   SSE
28   4,9   7,9   16:25   1,6   22:51  13,6   0,0   1,6   1,3  12,0   10:53    SE
----------------------------------------------------------------------------------
     4,0  12,2    25    -4,0     1   393,5   0,0  23,7   2,6  57,0     7      SE

Max >=  27,0:  0
Max <=   0,0:  1
Min <=   0,0: 13
Min <= -18,0:  0
Max Rain: 6,7 on day 13
Days of Rain: 14 (>= 0,2 mm)  4 (>= 2,0 mm)  0 (>= 20,0 mm)
Heat Base: 18,0  Cool Base: 29,0  Method: Integration

powered by CumulusMX v3.10.2 (b3117) Valid HTML5    Last Cumulus update   21:42:29