NOAA-style Climate Reports

   V/Λ SELECT: Month and Year   OR  >   Month
                   Monthly Climatological Summary for Jan 2014

Name: Wetterstation Bebra-Gilfershausen   City: Bebra   State: Hessen,Germany
Elevation: 250 m  Lat: N 50° 59' 02"   Lon: E 009° 49' 37"

                  Temperature (°C), Rain (mm), Wind Speed (km/h)

                                      Heat  Cool        Avg
    Mean                              Deg   Deg         Wind                 Dom
Day Temp  High   Time   Low    Time   Days  Days  Rain  Speed High   Time    Dir
----------------------------------------------------------------------------------
 1   1,6   4,7   14:19  -0,6   04:04  16,4   0,0   0,0   0,8  14,0   13:00   SSE
 2   5,3   8,4   14:19   1,5   00:00  12,7   0,0   1,6   3,2  31,0   14:19    SE
 3   5,3   8,9   20:08   1,3   04:40  12,7   0,0   2,1   2,9  30,0   13:29   SSE
 4   4,3   7,3   14:26   1,6   05:46  13,8   0,0   0,5   0,3  10,0   17:33   NNW
 5   4,5   6,9   13:30   0,3   21:52  13,5   0,0   1,5   0,4  16,0   07:32   SSE
 6   5,2   7,4   16:08   1,3   03:52  12,8   0,0   4,1   3,2  36,0   06:11    SE
 7   8,0  11,0   14:16   4,5   09:29  10,0   0,0   4,7   2,2  21,0   12:36    SE
 8   8,2  11,4   12:47   2,4   23:42   9,8   0,0   0,0   2,1  23,0   07:12   SSE
 9   7,0  10,9   12:51   1,9   01:47  11,0   0,0   4,7   4,2  30,0   15:47   SSE
10   4,3   7,3   12:50   0,3   23:14  13,7   0,0   0,5   2,3  19,0   10:52    SE
11   2,4   5,7   16:45  -1,1   06:00  15,6   0,0   1,6   1,1  13,0   19:44   SSE
12   0,6   4,0   13:55  -2,5   23:47  17,4   0,0   0,0   0,9  16,0   13:08    SE
13   0,8   3,4   15:54  -3,4   02:41  17,2   0,0   0,5   0,2   8,0   07:22   SSE
14   2,7   3,4   14:38   1,8   09:08  15,3   0,0   0,0   0,5   7,0   14:31   ESE
15   3,6   5,2   12:29   2,3   00:00  14,4   0,0   0,0   2,9  19,0   18:30    SE
16   4,9   6,4   13:34   3,5   01:37  13,1   0,0   2,6   0,8  10,0   10:32    SE
17   5,2   8,1   14:06   0,0   23:45  12,8   0,0   0,5   1,7  19,0   13:31   SSE
18   1,5   6,3   15:01  -1,1   05:03  16,5   0,0   0,0   0,3   5,0   10:55    NE
19   3,6   5,8   15:24  -0,1   00:00  14,4   0,0   0,0   3,1  19,0   10:33   NNE
20   1,3   2,9   00:00   0,4   19:36  16,7   0,0   0,0   1,9  11,0   13:31     N
21   1,5   2,4   14:55   0,3   00:02  16,5   0,0   0,0   0,4   8,0   13:16   ESE
22   2,2   3,6   13:58   0,7   23:59  15,8   0,0   0,0   0,3   6,0   19:05     N
23   0,4   0,9   21:15  -0,1   09:23  17,6   0,0   0,0   0,4   6,0   11:28     N
24  -0,2   1,0   03:43  -3,3   23:34  18,2   0,0   1,5   0,9   8,0   18:47   NNE
25  -3,9  -3,0   22:23  -4,9   08:58  21,9   0,0   0,0   1,6  16,0   08:21   NNE
26  -2,0   0,8   23:58  -3,0   00:00  20,5   0,0   0,0   0,6   6,0   23:13   NNE
27   1,3   3,6   12:55  -0,9   19:45  16,7   0,0  11,9   0,8  12,0   11:04   SSE
28   1,6   3,4   14:13  -0,4   21:08  16,4   0,0   2,1   1,1  13,0   13:43   ESE
29  -1,6   0,7   01:02  -2,4   10:09  20,4   0,0   0,0   2,3  10,0   10:45     N
30  -4,1  -1,1   19:07  -4,9   03:02  22,1   0,0   0,5   0,3   7,0   01:15     N
31  -1,7   1,9   15:06  -3,4   23:06  19,7   0,0   0,0   0,6   8,0   00:47    NE
----------------------------------------------------------------------------------
     2,4  11,4     8    -4,9    25   485,6   0,0  40,9   1,4  36,0     6     ESE

Max >=  27,0:  0
Max <=   0,0:  2
Min <=   0,0: 16
Min <= -18,0:  0
Max Rain: 11,9 on day 27
Days of Rain: 16 (>= 0,2 mm)  7 (>= 2,0 mm)  0 (>= 20,0 mm)
Heat Base: 18,0  Cool Base: 29,0  Method: Integration

powered by CumulusMX v3.8.3 (b3093) Valid HTML5    Last Cumulus update   14:04:08