NOAA-style Climate Reports

   V/Λ SELECT: Month and Year   OR  >   Month
                   Annual Climatological Summary for 2014

Name: Wetterstation Bebra-Gilfershausen   City: Bebra   State: Hessen,Germany
Elevation: 250 m  Lat: N 50° 59' 02"   Lon: E 009° 49' 37"

                  Temperature (°C), Heat Base: 18,0  Cool Base: 29,0
                          Dep.  Heat  Cool                       Max  Max  Min  Min
        Mean  Mean        From  Deg   Deg                        >=   <=   <=   <=
 YR MO  Max   Min   Mean  Norm  Days  Days  Hi  Date  Low  Date 27,0  0,0  0,0 -18,0
------------------------------------------------------------------------------------
 14  1   4,8  -0,3   2,4   4,4   485     0  11,4   8  -4,9   25    0    2   16    0
 14  2   7,9   0,3   4,0   4,0   393     0  12,2  25  -4,0    1    0    1   13    0
 14  3  13,1   1,2   6,6   4,1   355     0  20,2  30  -2,4   26    0    0   14    0
 14  4  17,4   6,1  11,4   3,9   206     0  22,9   3  -1,6   17    0    0    2    0
 14  5  18,8   7,5  13,0   0,5   175     0  28,9  22  -0,1    4    3    0    1    0
 14  6  21,9   9,6  16,1   0,6    88     3  32,9   8   0,0   14    3    0    1    0
 14  7  25,9  14,0  19,5   2,0    39     1  32,9  19   7,0    2   13    0    0    0
 14  8  21,7  11,4  16,2  -0,8    88     0  28,3   2   6,5   25    4    0    0    0
 14  9  19,4  11,3  14,9   1,9   105     0  25,3   5   5,4   24    0    0    0    0
 14 10  15,7   8,3  11,7   3,7   196     0  20,1   1   4,9    6    0    0    0    0
 14 11   9,1   4,0   6,6   3,6   341     0  16,0   1  -1,2   22    0    0    3    0
 14 12   4,7   0,8   2,9   2,8   469     0  11,4  18  -6,9   28    0    3   11    0
------------------------------------------------------------------------------------
        15,0   6,2  10,4   2,5  2946     4  32,9 Jun  -6,9  Dez   23    6   61    0

                                Precipitation (mm)

              Dep.   Max        Days of Rain
              From   Obs.           >=
 YR MO Total  Norm   Day Date  0,2  2,0 20,0
---------------------------------------------
 14  1  40,9 -17,1  11,9  27    16    7    0
 14  2  23,7 -26,3   6,7  13    14    4    0
 14  3  11,3 -42,7   3,1  16     7    3    0
 14  4  35,3 -39,7   6,7  14    14    8    0
 14  5 114,0  19,0  24,9  28    15   11    1
 14  6  35,9 -72,1  10,4  29     7    6    0
 14  7 142,3  54,3  34,2   9    14    9    3
 14  8  82,7 -10,3  20,2  10    19   11    1
 14  9  60,1   2,1  19,7  19     9    6    0
 14 10  80,7  26,7  20,2  22    14    8    1
 14 11  17,0 -44,0  10,4  16     7    2    0
 14 12  44,0  -8,0   7,3  13    13    9    0
---------------------------------------------
       687,9-158,1  34,2  Jul  149   84    6

                                Wind Speed (km/h)
                          Dom
 YR MO   Avg.  Hi   Date  Dir
------------------------------
 14  1   1,4  36,0    6    SE
 14  2   2,6  57,0    7    SE
 14  3   1,7  39,0   21   ESE
 14  4   1,3  25,0    7     E
 14  5   1,7  33,0    9   ESE
 14  6   1,1  29,0    5   ESE
 14  7   1,2  28,0    5     E
 14  8   1,3  32,0   10     E
 14  9   0,4  21,0   29    NE
 14 10   0,9  29,0    7     E
 14 11   0,9  31,0    8   ENE
 14 12   2,3  40,0    4     E
------------------------------
         1,4  57,0  Feb   ESE

powered by CumulusMX v3.8.3 (b3093) Valid HTML5    Last Cumulus update   13:05:08