NOAA-style Climate Reports

   V/Λ SELECT: Month and Year   OR  >   Month
                   Monthly Climatological Summary for Nov 2013

Name: Wetterstation Bebra-Gilfershausen   City: Bebra   State: Hessen,Germany
Elevation: 250 m  Lat: N 50° 59' 02"   Lon: E 009° 49' 37"

                  Temperature (°C), Rain (mm), Wind Speed (km/h)

                                      Heat  Cool        Avg
    Mean                              Deg   Deg         Wind                 Dom
Day Temp  High   Time   Low    Time   Days  Days  Rain  Speed High   Time    Dir
----------------------------------------------------------------------------------
 1   7,6   9,8   16:59   2,7   01:14  10,4   0,0   0,5   2,2  19,0   13:09    SE
 2  10,6  13,5   18:42   7,6   00:46   7,4   0,0   6,2   1,7  14,0   04:01   SSE
 3   9,1  11,2   04:15   6,9   22:28   8,9   0,0   6,7   3,5  22,0   20:09    SE
 4   8,3  11,1   17:40   5,2   23:55   9,7   0,0   5,7   9,3  39,0   07:58    SE
 5   6,2   8,5   14:06   4,2   22:14  11,8   0,0   1,6   4,4  25,0   13:48    SE
 6   7,6  10,4   23:57   4,4   00:00  10,4   0,0   5,7   1,4  17,0   10:50    SE
 7  13,0  15,3   11:56  10,4   00:00   5,0   0,0   1,0   4,2  22,0   12:46   SSE
 8  10,8  12,2   00:00   9,8   07:08   7,2   0,0  16,6   0,5  10,0   23:14    SE
 9   7,9  10,2   02:36   3,6   20:51  10,1   0,0   1,6   2,2  17,0   12:13   SSE
10   5,9   7,5   13:51   3,1   22:06  12,1   0,0   2,1   1,2  19,0   00:34    SE
11   4,8   8,3   13:10   0,1   23:31  13,2   0,0   0,5   0,4  10,0   11:04    SE
12   2,8   7,2   15:04  -1,9   06:45  15,2   0,0   0,0   0,8  24,0   13:04   SSE
13   5,0   8,9   13:23  -0,1   22:53  13,0   0,0   0,5   0,3   8,0   11:12   ENE
14   1,4   3,9   16:12  -0,8   07:38  16,6   0,0   0,0   0,2   8,0   09:20    SE
15   2,3   5,0   14:50   0,5   19:01  15,7   0,0   0,0   0,6   8,0   15:50   NNE
16   1,4   3,6   14:59  -1,1   23:46  16,6   0,0   0,0   0,3  12,0   06:54   ESE
17   2,2   4,9   13:55  -1,1   00:00  15,8   0,0   0,5   1,5  25,0   15:44   NNE
18   4,8   5,9   14:52   3,9   04:57  13,2   0,0   0,0   0,8  13,0   15:57    SE
19   5,1   6,2   12:26   4,5   04:54  12,9   0,0   6,2   0,1   3,0   01:09     W
20   3,5   5,2   12:43  -0,7   23:51  14,5   0,0   9,8   0,1   6,0   09:17    NE
21   1,2   2,4   11:36  -0,9   01:06  17,9   0,0   4,1   1,3  10,0   16:03   NNE
22   2,7   3,6   23:58   1,9   00:00  15,3   0,0   0,5   2,0  10,0   09:35     N
23   5,1   6,3   14:00   3,6   00:00  12,9   0,0   0,0   1,7  11,0   19:49     N
24   3,6   5,6   00:00  -0,7   23:54  14,4   0,0   0,5   0,7  11,0   03:46     N
25  -1,6   2,0   14:11  -4,6   07:26  19,6   0,0   0,0   0,6  12,0   11:35    SE
26  -2,4   1,8   13:32  -5,2   08:23  20,4   0,0   0,0   0,1   4,0   13:19     E
27  -0,8   1,4   15:29  -3,3   07:47  18,8   0,0   0,0   1,8  15,0   20:04    SE
28   1,8   2,7   15:21   0,6   01:23  16,2   0,0   1,0   1,4  15,0   00:23   SSE
29   3,1   4,2   20:05   2,1   04:35  14,9   0,0   3,1   1,6  14,0   12:35   SSE
30   3,7   5,4   13:06   1,9   01:35  14,3   0,0   1,6   0,5   9,0   05:49   SSE
----------------------------------------------------------------------------------
     4,6  15,3     7    -5,2    26   404,4   0,0  76,0   1,6  39,0     4      SE

Max >=  27,0:  0
Max <=   0,0:  0
Min <=   0,0: 11
Min <= -18,0:  0
Max Rain: 16,6 on day 8
Days of Rain: 21 (>= 0,2 mm)  10 (>= 2,0 mm)  0 (>= 20,0 mm)
Heat Base: 18,0  Cool Base: 29,0  Method: Integration

powered by CumulusMX v3.8.3 (b3093) Valid HTML5    Last Cumulus update   21:54:24