NOAA-style Climate Reports

   V/Λ SELECT: Month and Year   OR  >   Month
                   Monthly Climatological Summary for Okt 2013

Name: Wetterstation Bebra-Gilfershausen   City: Bebra   State: Hessen,Germany
Elevation: 250 m  Lat: N 50° 59' 02"   Lon: E 009° 49' 37"

                  Temperature (°C), Rain (mm), Wind Speed (km/h)

                                      Heat  Cool        Avg
    Mean                              Deg   Deg         Wind                 Dom
Day Temp  High   Time   Low    Time   Days  Days  Rain  Speed High   Time    Dir
----------------------------------------------------------------------------------
 1   7,9  12,4   16:26   3,8   06:20  10,1   0,0   0,0   2,4  22,0   13:58     N
 2   8,3  13,8   14:57   2,9   06:02   9,7   0,0   0,0   2,7  22,0   15:34   NNW
 3   6,9  14,4   15:13  -0,1   06:57  11,1   0,0   0,0   1,9  26,0   12:29    SE
 4   9,9  15,8   15:58   4,9   03:32   8,0   0,0   0,0   1,7  16,0   10:02    SE
 5  10,0  11,0   18:40   8,9   00:25   8,0   0,0  35,7   0,0   7,0   12:38    SE
 6  11,9  14,0   15:54  10,2   00:33   6,1   0,0   3,1   0,0   0,0   00:00     E
 7  13,2  16,1   13:59  11,4   21:11   4,8   0,0   0,0   0,3   6,0   17:35     N
 8  12,8  14,4   15:10  11,9   00:00   5,2   0,0   0,0   0,0   0,0   00:00     E
 9  12,8  15,4   15:02  11,1   05:57   5,2   0,0   5,7   1,6  16,0   12:56    SE
10   8,6  11,1   00:00   5,6   22:50   9,4   0,0  11,4   0,4   8,0   03:09    SE
11   6,6   8,3   14:11   4,8   01:49  11,4   0,0  11,4   0,3   6,0   10:24    SE
12   5,5   8,2   17:18   1,7   05:52  12,5   0,0   3,1   0,4   8,0   19:48    SE
13   6,6   9,2   15:37   2,6   23:48  11,4   0,0   0,0   1,7  21,0   11:16    SE
14   5,8  11,1   16:11   1,1   03:50  12,2   0,0   2,1   0,4   9,0   13:50   ESE
15   9,7  12,0   14:39   6,9   23:27   8,6   0,0   8,3   1,0  16,0   15:14    SE
16   8,3   9,8   17:29   6,9   00:00   9,7   0,0   0,5   0,5   8,0   15:29    SE
17  10,4  13,9   12:31   7,0   01:08   7,6   0,0   4,1   2,3  23,0   12:29    SE
18   8,7  13,0   15:51   4,6   23:53   9,3   0,0   0,0   0,4  10,0   10:14    SE
19   8,9  15,8   14:51   2,8   08:10   9,1   0,0   0,0   1,4  19,0   11:57   SSE
20  13,3  16,1   14:54  11,3   00:25   4,7   0,0   5,7   0,3  16,0   13:15    SE
21  13,5  17,3   14:24   9,1   23:58   4,5   0,0   0,0   1,0  17,0   14:37    SE
22  12,5  20,8   15:34   7,7   03:22   5,8   0,0   0,0   1,0  18,0   16:06    SE
23  13,7  17,2   14:46  10,9   00:00   4,3   0,0   0,5   2,6  25,0   12:03    SE
24  12,5  15,1   15:03   8,4   23:57   5,5   0,0   0,5   0,7  14,0   14:42   SSE
25  10,5  14,3   16:55   7,1   04:50   7,5   0,0   0,0   0,3   6,0   14:25    SE
26  14,9  18,1   13:00  12,1   00:10   3,1   0,0   3,6   1,7  29,0   12:08    SE
27  13,8  17,2   12:38  10,1   19:30   4,4   0,0  15,5   6,4  32,0   10:04    SE
28  14,3  18,4   12:17  11,3   23:55   3,8   0,0   2,6   9,1  38,0   14:32   SSE
29  10,1  12,4   10:40   5,4   23:49   7,9   0,0   0,0   2,9  32,0   10:27   SSE
30   6,4  11,8   13:55   1,5   23:52  11,6   0,0   0,0   2,0  22,0   14:27    SE
31   3,9  11,0   14:57   0,2   07:10  14,7   0,0   0,0   1,1  16,0   12:25    SE
----------------------------------------------------------------------------------
    10,1  20,8    22    -0,1     3   247,2   0,0 113,8   1,6  38,0    28      SE

Max >=  27,0:  0
Max <=   0,0:  0
Min <=   0,0:  1
Min <= -18,0:  0
Max Rain: 35,7 on day 5
Days of Rain: 16 (>= 0,2 mm)  13 (>= 2,0 mm)  1 (>= 20,0 mm)
Heat Base: 18,0  Cool Base: 29,0  Method: Integration

powered by CumulusMX v3.10.2 (b3117) Valid HTML5    Last Cumulus update   13:30:33