NOAA-style Climate Reports

   V/Λ SELECT: Month and Year   OR  >   Month
                   Monthly Climatological Summary for Sep 2013

Name: Wetterstation Bebra-Gilfershausen   City: Bebra   State: Hessen,Germany
Elevation: 250 m  Lat: N 50° 59' 02"   Lon: E 009° 49' 37"

                  Temperature (°C), Rain (mm), Wind Speed (km/h)

                                      Heat  Cool        Avg
    Mean                              Deg   Deg         Wind                 Dom
Day Temp  High   Time   Low    Time   Days  Days  Rain  Speed High   Time    Dir
----------------------------------------------------------------------------------
 1  13,7  17,4   13:17   8,4   06:15   4,3   0,0   4,1   0,7  11,0   13:15   ESE
 2  15,4  20,4   16:42  11,9   04:36   2,9   0,0   0,0   1,9  20,0   10:56    SE
 3  17,9  21,5   16:42  14,6   06:12   0,9   0,0   0,0   1,2  18,0   00:46    SE
 4  17,5  25,5   15:07  11,3   04:11   2,6   0,0   0,0   1,1  13,0   10:16    SE
 5  18,8  28,1   15:29  10,9   06:49   2,4   0,0   0,0   1,5  25,0   14:34    SE
 6  19,4  28,6   15:08  11,1   07:03   2,2   0,0   0,0   1,8  19,0   15:18    SE
 7  18,6  25,6   13:33  12,6   06:31   1,6   0,0   0,0   0,9  18,0   12:05    SE
 8  17,3  21,3   13:19  15,2   23:42   1,2   0,0   1,0   1,1  21,0   13:08   ESE
 9  13,7  17,6   16:08  10,8   22:53   4,3   0,0  11,9   1,1  18,0   16:06   SSE
10  12,1  14,2   13:01   9,8   23:12   5,9   0,0   7,3   3,2  22,0   09:35    SE
11  11,3  14,4   13:22   9,9   00:00   6,7   0,0  13,0   3,7  28,0   07:47    SE
12  12,1  15,0   15:04  10,3   03:26   5,9   0,0   6,7   0,3   8,0   11:08   ESE
13  13,4  17,8   14:59  10,4   01:56   4,6   0,0   2,1   0,2   5,0   14:53    SE
14  13,4  17,5   16:45   8,8   02:24   4,6   0,0   1,0   1,4  16,0   15:55   SSE
15  14,1  17,1   15:23  11,9   22:31   3,9   0,0   0,0   0,4   9,0   12:23   ESE
16  12,3  16,5   14:48   9,3   22:59   5,7   0,0   2,1   3,0  26,0   14:57    SE
17   9,9  14,7   14:14   5,6   07:29   8,1   0,0   1,0   3,8  31,0   14:03    SE
18  10,7  13,8   14:27   7,8   21:16   7,3   0,0   8,3   0,9  14,0   02:40    SE
19  10,9  15,2   14:28   5,9   07:39   7,1   0,0   0,5   1,1  17,0   15:37    SE
20  12,1  15,2   14:33  10,2   00:28   5,9   0,0   1,6   0,8  10,0   13:28   SSE
21  13,1  16,6   14:44  10,8   07:59   4,9   0,0   0,0   0,5  14,0   14:38    SE
22  13,6  17,3   13:18  10,2   04:57   4,4   0,0   0,0   0,7   9,0   10:18    SE
23  14,6  17,5   13:30  12,4   03:54   3,4   0,0   0,0   0,5  10,0   10:11   ESE
24  14,7  18,6   14:15  11,9   06:02   3,4   0,0   0,0   0,8  19,0   14:15    SE
25  13,2  18,8   16:41   8,7   04:27   4,9   0,0   0,0   0,4   9,0   15:41    SE
26  13,4  17,1   14:08  10,4   20:44   4,6   0,0   0,0   1,1  12,0   15:45     N
27   9,1  13,6   15:16   4,1   23:50   8,9   0,0   0,0   1,6  14,0   13:14     N
28   8,5  15,4   15:16   1,3   07:18   9,5   0,0   0,0   2,7  23,0   12:54   NNE
29  10,9  15,0   15:43   7,2   07:45   7,1   0,0   0,0   5,9  34,0   12:52     N
30   9,4  14,1   15:34   4,1   07:44   8,6   0,0   0,0   4,4  25,0   12:08     N
----------------------------------------------------------------------------------
    13,5  28,6     6     1,3    28   147,8   0,0  60,6   1,6  34,0    29     ESE

Max >=  27,0:  2
Max <=   0,0:  0
Min <=   0,0:  0
Min <= -18,0:  0
Max Rain: 13,0 on day 11
Days of Rain: 13 (>= 0,2 mm)  8 (>= 2,0 mm)  0 (>= 20,0 mm)
Heat Base: 18,0  Cool Base: 29,0  Method: Integration

powered by CumulusMX v3.8.3 (b3093) Valid HTML5    Last Cumulus update   14:01:08