NOAA-style Climate Reports

   V/Λ SELECT: Month and Year   OR  >   Month
                   Monthly Climatological Summary for Aug 2013

Name: Wetterstation Bebra-Gilfershausen   City: Bebra   State: Hessen,Germany
Elevation: 250 m  Lat: N 50° 59' 02"   Lon: E 009° 49' 37"

                  Temperature (°C), Rain (mm), Wind Speed (km/h)

                                      Heat  Cool        Avg
    Mean                              Deg   Deg         Wind                 Dom
Day Temp  High   Time   Low    Time   Days  Days  Rain  Speed High   Time    Dir
----------------------------------------------------------------------------------
 1  21,3  30,6   15:58  12,8   06:02   1,3   0,2   0,0   1,5  17,0   11:06    SE
 2  23,3  33,7   15:23  13,8   06:14   1,0   1,1   0,0   2,2  22,0   15:36    SE
 3  22,9  30,4   14:43  16,2   04:54   0,3   0,2   0,0   1,6  29,0   13:15   ESE
 4  22,1  28,5   15:25  16,9   06:49   0,2   0,0   0,0   0,8  13,0   12:08   ESE
 5  22,2  30,6   15:24  14,6   04:14   0,9   0,2   0,0   0,9  15,0   14:37    SE
 6  22,3  30,9   13:40  16,7   23:44   0,2   0,3   3,1   1,6  23,0   18:45    SE
 7  20,4  26,9   17:22  15,3   04:57   0,6   0,0   0,5   1,4  15,0   10:16     N
 8  19,5  23,0   14:52  16,7   23:51   0,1   0,0   3,1   0,7  12,0   11:54   ESE
 9  17,6  23,1   14:10  12,4   06:00   1,9   0,0   0,0   0,4  13,0   14:06    SE
10  18,2  25,6   16:46  12,1   02:37   2,0   0,0   0,0   1,4  21,0   12:21   ESE
11  15,5  21,2   17:19   8,3   06:26   3,3   0,0   0,0   1,1  24,0   13:32    SE
12  16,2  23,1   13:04  11,3   06:40   2,9   0,0   4,1   2,5  22,0   09:15    SE
13  14,5  19,6   13:31  10,9   23:54   3,6   0,0   0,0   1,0  17,0   11:20    SE
14  13,5  20,1   14:37   7,1   04:54   4,9   0,0   0,0   0,8  11,0   11:09    SE
15  16,0  23,8   13:09   7,8   06:48   3,9   0,0   0,0   2,0  22,0   16:04    SE
16  17,9  27,6   16:04   8,7   06:41   3,2   0,0   0,0   1,7  18,0   14:00    SE
17  18,3  27,4   15:01  10,3   06:03   2,5   0,0   0,0   1,1  10,0   14:01    SE
18  17,6  21,8   12:22  14,9   02:48   1,0   0,0   1,5   0,5  12,0   12:19   SSE
19  17,4  23,3   14:42  13,9   21:44   1,5   0,0   6,2   1,8  13,0   14:40    SE
20  16,2  21,1   15:53  12,4   23:44   2,4   0,0   0,0   0,3   9,0   13:38   NNW
21  15,8  23,5   14:27   8,3   06:44   3,5   0,0   0,0   0,4  10,0   11:07   ESE
22  17,2  25,6   15:58   9,2   06:44   3,1   0,0   0,0   0,9  11,0   12:07   ESE
23  17,6  22,3   15:51  13,5   05:15   1,6   0,0   0,0   1,4  12,0   18:44     N
24  17,8  25,0   15:33   9,9   06:33   2,5   0,0   0,0   1,0  13,0   12:27   ESE
25  17,7  21,7   17:44  14,5   04:43   1,5   0,0   1,0   0,1   6,0   18:44    NE
26  16,4  18,5   16:44  14,3   23:44   1,6   0,0   0,0   1,1   8,0   07:44     N
27  15,4  21,6   16:44   9,6   07:44   3,4   0,0   0,0   1,3  10,0   16:44    NW
28  15,7  21,9   15:44  10,3   05:44   3,1   0,0   0,0   0,3   7,0   17:49     E
29  15,7  24,9   13:59   7,3   06:49   4,1   0,0   0,0   1,0  17,0   12:32    SE
30  16,5  24,7   16:12   8,3   06:53   3,4   0,0   0,0   0,9  12,0   17:37   ESE
31  16,7  22,6   13:39  11,3   07:39   2,3   0,0   2,1   1,5  18,0   13:35    SE
----------------------------------------------------------------------------------
    17,9  33,7     2     7,1    14    67,8   2,0  21,6   1,2  29,0     3     ESE

Max >=  27,0:  8
Max <=   0,0:  0
Min <=   0,0:  0
Min <= -18,0:  0
Max Rain: 6,2 on day 19
Days of Rain: 8 (>= 0,2 mm)  5 (>= 2,0 mm)  0 (>= 20,0 mm)
Heat Base: 18,0  Cool Base: 29,0  Method: Integration

powered by CumulusMX v3.8.3 (b3093) Valid HTML5    Last Cumulus update   13:53:08