NOAA-style Climate Reports

   V/Λ SELECT: Month and Year   OR  >   Month
                   Monthly Climatological Summary for Jul 2013

Name: Wetterstation Bebra-Gilfershausen   City: Bebra   State: Hessen,Germany
Elevation: 250 m  Lat: N 50° 59' 02"   Lon: E 009° 49' 37"

                  Temperature (°C), Rain (mm), Wind Speed (km/h)

                                      Heat  Cool        Avg
    Mean                              Deg   Deg         Wind                 Dom
Day Temp  High   Time   Low    Time   Days  Days  Rain  Speed High   Time    Dir
----------------------------------------------------------------------------------
 1  18,0  24,9   14:51  11,1   05:16   2,1   0,0   0,0   3,5  69,0   16:48    SE
 2  18,6  24,9   16:47  12,4   05:50   1,6   0,0   0,0   2,1  22,0   12:54    SE
 3  17,3  22,0   11:55  13,9   00:28   1,4   0,0   7,8   1,9  17,0   11:17    SE
 4  18,9  23,8   15:57  15,6   23:44   0,8   0,0   0,0   0,6  12,0   15:20    SE
 5  18,7  23,7   14:50  15,1   23:56   1,0   0,0   0,0   0,1   5,0   12:24   ESE
 6  18,8  25,6   15:23  11,7   05:41   1,8   0,0   0,0   1,2  11,0   13:00     N
 7  18,9  25,4   15:48  10,9   05:52   1,9   0,0   0,0   1,5  14,0   12:57   NNW
 8  19,1  25,9   15:26  11,1   05:26   2,0   0,0   0,0   1,4  17,0   16:50     N
 9  20,1  27,5   15:10  11,9   05:53   1,6   0,0   0,0   1,0  13,0   11:43   NNW
10  19,1  24,8   14:56  13,9   05:20   1,0   0,0   0,0   1,4  12,0   14:07    NE
11  15,9  20,6   16:53  10,1   05:00   2,5   0,0   0,0   0,7  12,0   10:21     N
12  15,6  21,9   14:46   8,9   05:21   3,4   0,0   0,0   0,7  11,0   10:34     E
13  16,8  25,3   14:16   8,4   05:59   3,3   0,0   0,0   0,3   8,0   15:35   NNW
14  16,9  25,1   13:43   8,9   06:09   3,1   0,0   0,0   1,0  12,0   09:52   ENE
15  17,6  25,4   15:36  10,4   03:51   2,6   0,0   0,0   1,0  17,0   14:21     E
16  18,4  26,6   13:43   9,8   05:31   2,6   0,0   0,0   0,3  10,0   13:41     N
17  19,5  27,7   15:34  10,9   06:17   2,0   0,0   0,0   0,8  17,0   15:08   NNW
18  20,7  28,1   15:41  13,1   06:07   1,2   0,0   0,0   1,5  14,0   15:28     N
19  20,2  27,9   16:01  12,9   05:45   1,3   0,0   0,0   0,9  14,0   11:47     N
20  18,3  24,9   15:09  11,8   05:33   1,8   0,0   0,0   1,0  12,0   14:20     N
21  20,6  29,4   14:40  11,3   06:26   1,9   0,0   0,0   1,2  16,0   13:30    NE
22  22,7  32,8   16:50  12,9   06:12   1,2   0,8   0,0   0,7   9,0   15:09   ESE
23  22,2  32,5   14:23  15,5   06:00   0,4   0,3   0,0   0,7  16,0   15:57    SE
24  21,4  30,1   13:54  16,1   03:03   0,4   0,1   3,1   1,0  13,0   12:57    SE
25  21,9  28,8   15:13  17,8   06:11   0,0   0,0   0,0   0,8  12,0   13:03    SE
26  22,8  31,3   14:21  16,2   04:06   0,3   0,1   0,0   0,9  11,0   09:41    SE
27  25,0  33,9   15:31  17,2   05:53   0,1   1,2   0,0   1,6  31,0   14:44    SE
28  23,2  29,9   12:37  18,8   02:37   0,0   0,0   2,6   1,6  24,0   13:03    SE
29  20,1  24,5   14:43  16,7   23:58   0,1   0,0   5,7   1,4  17,0   12:11    SE
30  19,0  25,3   14:29  14,3   06:06   1,0   0,0   0,5   3,0  29,0   12:23    SE
31  19,4  23,2   13:03  15,4   23:51   0,4   0,0   2,6   2,5  22,0   11:01    SE
----------------------------------------------------------------------------------
    19,5  33,9    27     8,4    13    44,8   2,5  22,3   1,2  69,0     1       E

Max >=  27,0: 12
Max <=   0,0:  0
Min <=   0,0:  0
Min <= -18,0:  0
Max Rain: 7,8 on day 3
Days of Rain: 6 (>= 0,2 mm)  5 (>= 2,0 mm)  0 (>= 20,0 mm)
Heat Base: 18,0  Cool Base: 29,0  Method: Integration

powered by CumulusMX v3.8.3 (b3093) Valid HTML5    Last Cumulus update   09:03:19