NOAA-style Climate Reports

   V/Λ SELECT: Month and Year   OR  >   Month
                   Monthly Climatological Summary for Jun 2013

Name: Wetterstation Bebra-Gilfershausen   City: Bebra   State: Hessen,Germany
Elevation: 250 m  Lat: N 50° 59' 02"   Lon: E 009° 49' 37"

                  Temperature (°C), Rain (mm), Wind Speed (km/h)

                                      Heat  Cool        Avg
    Mean                              Deg   Deg         Wind                 Dom
Day Temp  High   Time   Low    Time   Days  Days  Rain  Speed High   Time    Dir
----------------------------------------------------------------------------------
 1  12,5  14,1   02:52  10,9   23:09   5,5   0,0   6,7   1,4  13,0   19:34   NNE
 2  11,7  14,9   14:17   8,5   06:20   6,6   0,0   0,0   3,4  22,0   10:22     N
 3  12,5  18,2   15:46   7,9   05:47   5,5   0,0   0,0   1,7  21,0   10:32     N
 4  13,2  19,8   15:41   6,3   02:31   5,0   0,0   0,0   1,5  14,0   11:37    NE
 5  15,0  21,1   15:36   9,1   03:39   3,7   0,0   0,0   2,1  18,0   09:20     N
 6  15,4  23,5   13:49   5,5   05:40   4,3   0,0   0,0   1,8  11,0   09:49   NNE
 7  17,2  24,3   16:29   9,1   05:55   2,8   0,0   0,0   1,1  10,0   12:40   NNE
 8  18,5  25,5   14:03  10,5   05:31   2,2   0,0   0,0   1,6  19,0   15:50     N
 9  15,3  19,3   10:40  12,5   05:21   2,7   0,0  24,9   1,1  16,0   13:14     N
10  15,0  20,2   16:53  11,0   23:59   3,6   0,0   0,0   1,0  16,0   14:23     E
11  15,2  23,2   16:14   8,3   03:34   3,8   0,0   0,0   0,6  10,0   16:01     E
12  16,9  23,9   15:16   8,1   05:16   3,2   0,0   0,0   1,9  21,0   14:05    SE
13  20,1  26,3   15:49  13,9   02:30   1,1   0,0   5,7   4,5  25,0   13:04    SE
14  15,4  20,4   14:54  10,7   23:56   2,9   0,0   3,1   0,9  14,0   14:03    SE
15  15,1  22,1   13:56   6,9   05:48   3,9   0,0   0,0   3,4  33,0   13:13    SE
16  16,2  22,8   15:17   9,8   05:51   2,9   0,0   0,0   2,2  18,0   13:58    SE
17  19,0  26,1   14:34  10,4   04:32   2,1   0,0   0,0   2,3  15,0   18:32     N
18  23,4  32,8   15:23  14,6   05:51   0,7   0,6   0,0   0,7   8,0   08:53    NE
19  26,1  34,2   14:32  17,5   05:13   0,0   1,2   0,0   1,9  13,0   12:37     N
20  22,5  31,6   14:12  18,7   05:49   0,0   0,1   9,3   1,1  46,0   14:55   NNE
21  18,6  22,8   16:46  14,5   23:57   0,7   0,0   7,8   5,1  33,0   11:27    SE
22  17,2  21,9   16:09  12,2   04:31   1,9   0,0   0,5   3,2  22,0   10:24    SE
23  16,9  20,5   12:24  13,3   23:55   1,4   0,0   0,0   4,1  26,0   10:37    SE
24  15,0  20,4   13:00  10,9   05:19   3,1   0,0   2,6   1,2  18,0   08:13    SE
25  13,5  16,3   15:23  11,2   23:49   4,5   0,0   0,0   0,5  12,0   16:47    NE
26  11,9  15,6   15:46   8,6   03:21   6,1   0,0   0,0   1,1  13,0   12:53    SE
27  12,7  16,5   16:29  10,2   03:38   5,5   0,0   0,5   1,2  12,0   15:14    SE
28  12,9  17,0   11:55   8,1   04:33   5,1   0,0   0,0   2,1  19,0   08:25    SE
29  14,3  19,3   16:00   9,9   23:54   3,8   0,0   3,6   1,4  17,0   13:43   ESE
30  12,9  18,6   17:34   5,6   05:38   5,2   0,0   0,0   1,4  16,0   18:31    SE
----------------------------------------------------------------------------------
    16,1  34,2    19     5,5     6    99,8   1,9  64,7   1,9  46,0    20       E

Max >=  27,0:  3
Max <=   0,0:  0
Min <=   0,0:  0
Min <= -18,0:  0
Max Rain: 24,9 on day 9
Days of Rain: 10 (>= 0,2 mm)  8 (>= 2,0 mm)  1 (>= 20,0 mm)
Heat Base: 18,0  Cool Base: 29,0  Method: Integration

powered by CumulusMX v3.10.2 (b3117) Valid HTML5    Last Cumulus update   20:57:03