NOAA-style Climate Reports

   V/Λ SELECT: Month and Year   OR  >   Month
                   Monthly Climatological Summary for Mai 2013

Name: Wetterstation Bebra-Gilfershausen   City: Bebra   State: Hessen,Germany
Elevation: 250 m  Lat: N 50° 59' 02"   Lon: E 009° 49' 37"

                  Temperature (°C), Rain (mm), Wind Speed (km/h)

                                      Heat  Cool        Avg
    Mean                              Deg   Deg         Wind                 Dom
Day Temp  High   Time   Low    Time   Days  Days  Rain  Speed High   Time    Dir
----------------------------------------------------------------------------------
 1  10,7  13,8   13:56   7,3   01:28   7,3   0,0   0,0   3,4  22,0   10:43   NNE
 2  11,8  13,9   17:00  10,4   06:17   6,2   0,0   0,0   1,5  11,0   13:38     N
 3  13,2  17,1   13:43   7,8   23:55   4,8   0,0   0,0   2,0  18,0   12:51   NNE
 4  11,8  19,3   13:53   4,4   05:44   6,2   0,0   0,0   1,6  16,0   19:07    SE
 5  14,5  23,4   16:30   6,3   04:52   4,7   0,0   0,0   1,4  22,0   14:33    SE
 6  14,7  22,2   15:46   5,4   06:23   4,5   0,0   0,0   2,8  19,0   14:42   NNE
 7  14,4  17,3   14:57  10,1   02:42   3,6   0,0   0,0   1,0  13,0   11:55   NNE
 8  16,9  23,5   15:30  12,1   06:46   2,4   0,0   0,0   3,5  29,0   12:35    SE
 9  16,3  21,6   12:44  12,5   05:06   2,3   0,0   0,0   2,4  24,0   11:36    SE
10  15,1  19,5   13:59  11,9   06:33   3,0   0,0   0,0   2,6  27,0   11:08    SE
11  12,6  17,1   14:10   8,4   23:40   5,4   0,0   1,0   2,1  24,0   14:20    SE
12   9,8  13,6   16:35   6,3   22:35   8,2   0,0   3,6   1,9  28,0   14:50    SE
13   9,8  13,6   18:02   6,4   05:11   8,2   0,0   5,2   2,8  18,0   16:32    SE
14  11,6  16,3   17:01   8,6   23:54   6,4   0,0   1,6   1,4  19,0   09:05    SE
15  14,7  22,8   14:11   5,3   05:43   4,6   0,0   0,0   1,9  18,0   17:32    SE
16  15,9  20,9   14:05  11,4   06:21   2,6   0,0   1,0   2,2  20,0   12:36   NNE
17  15,4  22,2   13:50  11,3   04:44   3,3   0,0  35,2   0,9  16,0   16:37   ENE
18  12,4  15,9   16:26   8,9   23:46   5,6   0,0  17,1   1,5  20,0   16:01    SE
19  13,3  19,8   16:26   7,4   02:05   4,9   0,0   2,6   3,1  23,0   20:56     N
20  12,4  16,2   12:56   9,6   06:30   5,6   0,0   6,7   6,3  31,0   10:33    SE
21  12,0  16,2   14:17   7,9   06:05   6,0   0,0   0,0   2,7  17,0   00:15    SE
22   9,8  11,3   00:00   7,8   23:17   8,2   0,0  11,9   1,5  16,0   19:25    SE
23   6,6  10,9   15:55   1,8   05:42  11,4   0,0   7,3   1,1  28,0   14:25    SE
24   8,2  12,1   16:22   5,3   04:25   9,8   0,0   0,0   0,5   9,0   16:42     N
25   9,5  15,3   14:26   3,8   04:48   8,5   0,0   1,0   1,3  16,0   08:48   ENE
26   8,7  11,3   15:32   6,8   06:21   9,3   0,0  30,0   2,0  11,0   12:45    SE
27   9,8  12,8   18:29   8,2   07:19   8,2   0,0  17,6   0,6  12,0   19:37   ESE
28  13,2  20,9   15:31   8,1   06:16   5,2   0,0   0,0   1,0  15,0   14:12    SE
29  10,4  13,9   14:39   7,3   05:54   7,6   0,0  10,4   2,1  16,0   15:48    SE
30  11,8  16,2   14:57   7,2   05:35   6,5   0,0   5,2   0,6   9,0   09:44   ESE
31  13,7  16,9   19:15  11,3   00:00   4,3   0,0  20,2   2,8  17,0   09:02     N
----------------------------------------------------------------------------------
    12,3  23,5     8     1,8    23   184,8   0,0 177,6   2,0  31,0    20     ESE

Max >=  27,0:  0
Max <=   0,0:  0
Min <=   0,0:  0
Min <= -18,0:  0
Max Rain: 35,2 on day 17
Days of Rain: 17 (>= 0,2 mm)  13 (>= 2,0 mm)  3 (>= 20,0 mm)
Heat Base: 18,0  Cool Base: 29,0  Method: Integration

powered by CumulusMX v3.8.3 (b3093) Valid HTML5    Last Cumulus update   08:48:19