NOAA-style Climate Reports

   V/Λ SELECT: Month and Year   OR  >   Month
                   Monthly Climatological Summary for Apr 2013

Name: Wetterstation Bebra-Gilfershausen   City: Bebra   State: Hessen,Germany
Elevation: 250 m  Lat: N 50° 59' 02"   Lon: E 009° 49' 37"

                  Temperature (°C), Rain (mm), Wind Speed (km/h)

                                      Heat  Cool        Avg
    Mean                              Deg   Deg         Wind                 Dom
Day Temp  High   Time   Low    Time   Days  Days  Rain  Speed High   Time    Dir
----------------------------------------------------------------------------------
 1   0,2   5,2   14:39  -4,6   06:50  17,8   0,0   0,0   2,1  18,0   12:18     N
 2  -0,4   2,8   14:04  -4,6   07:15  18,4   0,0   0,0   4,1  20,0   18:00   NNE
 3   0,5   1,8   13:39  -0,7   07:01  18,1   0,0   0,0   6,1  51,0   23:13     N
 4   1,0   2,5   16:31  -0,8   06:57  17,0   0,0   0,0   4,3  18,0   10:51   NNE
 5   1,8   3,3   13:33   0,9   05:31  16,2   0,0   0,0   2,7  16,0   00:20     N
 6   1,8   3,5   15:08  -0,7   23:47  16,2   0,0   0,5   0,8   9,0   12:13   NNE
 7   2,1   8,1   16:12  -1,6   23:46  15,9   0,0   0,5   1,2  12,0   13:36     E
 8   2,7   8,9   15:42  -4,1   04:22  15,3   0,0   0,0   2,5  19,0   14:20   NNE
 9   6,6  11,6   14:13   2,4   06:24  11,4   0,0   0,5   2,0  21,0   13:56    SE
10   6,8  10,7   15:42   2,8   00:40  11,2   0,0   4,7   1,7  20,0   14:49   SSE
11  10,3  17,4   14:59   3,9   03:23   7,7   0,0   4,1   3,8  32,0   15:19    SE
12  10,0  15,4   16:19   6,5   23:57   8,0   0,0  21,8   2,3  36,0   14:38   SSE
13   9,4  14,3   17:01   4,8   23:46   8,6   0,0   0,5   3,1  19,0   18:29   SSE
14  11,5  19,6   16:28   4,5   00:14   6,6   0,0   0,0   2,4  22,0   18:24   SSE
15  15,1  24,9   16:23   5,4   07:00   4,8   0,0   0,0   2,3  19,0   14:15    SE
16  15,5  21,6   14:16  10,7   02:57   3,2   0,0   0,5   2,0  19,0   18:26    SE
17  15,5  21,1   16:22  10,3   05:37   3,1   0,0   0,0   3,0  28,0   12:39    SE
18  15,4  23,6   12:53   8,4   06:21   3,7   0,0   0,0   3,1  38,0   12:23    SE
19  11,3  16,1   13:33   6,8   05:03   6,7   0,0   0,0   2,0  21,0   12:48    SE
20   8,5  12,4   16:00   4,6   07:13   9,5   0,0   0,0   4,0  24,0   16:47     N
21  11,0  16,4   17:22   5,6   00:25   7,0   0,0   0,0   2,2  12,0   04:51     N
22  11,5  15,9   17:00   5,8   23:58   6,5   0,0   0,0   0,3  12,0   17:56    SE
23  11,2  18,2   15:38   3,6   06:19   6,8   0,0   0,0   2,8  30,0   12:25    SE
24  13,1  21,9   16:11   4,1   06:05   5,7   0,0   0,0   3,2  24,0   12:59    SE
25  15,2  25,3   15:38   6,4   06:28   4,4   0,0   0,0   1,6  17,0   13:23    SE
26  13,6  23,9   13:26   6,9   06:12   5,3   0,0   9,3   2,9  39,0   11:59    SE
27   6,4   8,6   00:00   5,3   23:15  11,6   0,0   8,8   2,5  13,0   21:32     N
28   7,3  10,9   16:34   4,4   03:22  10,6   0,0   1,6   1,5  13,0   00:47   NNE
29  10,8  15,9   14:44   7,3   23:57   7,2   0,0   0,0   3,5  30,0   13:44    SE
30   8,6  13,3   14:13   3,6   03:52   9,4   0,0   2,1   1,6  16,0   10:03   NNE
----------------------------------------------------------------------------------
     8,5  25,3    25    -4,6     1   293,9   0,0  54,9   2,6  51,0     3       E

Max >=  27,0:  0
Max <=   0,0:  0
Min <=   0,0:  7
Min <= -18,0:  0
Max Rain: 21,8 on day 12
Days of Rain: 12 (>= 0,2 mm)  6 (>= 2,0 mm)  1 (>= 20,0 mm)
Heat Base: 18,0  Cool Base: 29,0  Method: Integration

powered by CumulusMX v3.8.3 (b3093) Valid HTML5    Last Cumulus update   13:23:08