NOAA-style Climate Reports

   V/Λ SELECT: Month and Year   OR  >   Month
                   Monthly Climatological Summary for Mrz 2013

Name: Wetterstation Bebra-Gilfershausen   City: Bebra   State: Hessen,Germany
Elevation: 250 m  Lat: N 50° 59' 02"   Lon: E 009° 49' 37"

                  Temperature (°C), Rain (mm), Wind Speed (km/h)

                                      Heat  Cool        Avg
    Mean                              Deg   Deg         Wind                 Dom
Day Temp  High   Time   Low    Time   Days  Days  Rain  Speed High   Time    Dir
----------------------------------------------------------------------------------
 1   1,8   3,2   14:15   0,9   23:39  16,2   0,0   0,0   0,7   9,0   15:58     N
 2   1,1   6,4   15:11  -2,8   07:45  16,9   0,0   0,0   1,3  22,0   14:17    SE
 3   1,2   4,1   15:07  -2,6   00:13  16,8   0,0   0,0   0,6  12,0   10:15    SE
 4   1,1   8,4   15:23  -3,9   07:02  18,3   0,0   0,0   1,0  12,0   11:38   ESE
 5   1,8  10,9   15:05  -4,6   07:23  16,2   0,0   0,0   1,6  19,0   15:27    SE
 6   3,7  14,4   15:11  -3,4   06:37  14,3   0,0   0,0   0,9  12,0   11:01   ENE
 7   5,7   8,8   13:51   1,2   00:43  12,7   0,0   0,0   1,3  14,0   21:40     N
 8   5,0   6,8   10:59   2,1   23:56  13,1   0,0   0,5   4,5  15,0   18:07   NNE
 9   3,3   5,3   17:15   1,9   02:24  14,7   0,0   4,1   1,2  10,0   00:07     N
10   2,4   6,6   10:34  -1,9   23:56  15,6   0,0   3,6   1,2  16,0   09:24   NNE
11  -3,0  -1,8   00:00  -4,1   23:27  22,4   0,0   0,0   2,3  12,0   23:27     N
12  -4,4  -3,6   14:47  -5,0   07:27  24,4   0,0   0,0   5,1  23,0   16:13     N
13  -4,4  -1,0   14:59  -8,1   05:04  23,3   0,0   2,6   0,7   9,0   00:34     N
14  -2,9   1,3   13:50  -7,8   06:50  21,7   0,0   1,0   1,3  12,0   11:23     E
15  -5,6   0,3   14:48 -13,7   07:09  23,9   0,0   1,0   0,9  15,0   14:22   ESE
16   0,2   5,1   13:05  -5,0   00:03  17,8   0,0   0,0   2,9  26,0   22:50    SE
17   2,4   4,4   15:32   0,9   10:32  15,6   0,0   1,6   2,4  29,0   05:52    SE
18   3,6   6,7   14:29   1,9   01:55  14,4   0,0   1,0   0,4  12,0   00:00     N
19   4,0   7,8   15:46   1,8   04:10  14,0   0,0   0,0   1,3  20,0   13:29    SE
20   1,8   3,0   11:09   1,0   23:56  16,2   0,0   5,2   1,0  26,0   06:39     N
21   1,2   3,2   14:51   0,1   03:39  16,8   0,0   0,0   0,6  12,0   01:54     N
22  -0,7   1,6   14:23  -1,9   19:49  18,7   0,0   0,0   5,5  25,0   09:26   NNE
23  -3,3  -1,8   00:02  -5,8   23:55  21,3   0,0   0,5   9,0  33,0   20:19   NNE
24  -4,3  -0,8   15:07  -7,9   06:35  22,0   0,0   0,0  10,7  31,0   01:25   NNE
25  -3,1   0,1   14:26  -6,2   05:35  21,1   0,0   0,0   9,2  30,0   18:17     N
26  -2,2   1,1   14:38  -5,6   05:51  20,2   0,0   0,0   7,0  32,0   14:34   NNE
27  -1,4   2,0   14:16  -4,7   05:27  19,4   0,0   0,0   4,8  21,0   15:46     N
28   0,0   2,6   11:58  -4,0   03:35  18,0   0,0   0,0   2,1  14,0   00:07   NNE
29   1,2   3,9   12:08  -0,4   06:49  16,8   0,0   0,5   0,8  11,0   13:28   ESE
30   0,6   3,4   15:12  -2,1   23:49  17,4   0,0   0,5   1,2  13,0   13:08     N
31  -0,6   3,0   14:18  -4,4   03:29  17,8   0,0   0,0   1,7  15,0   16:14     N
----------------------------------------------------------------------------------
     0,2  14,4     6   -13,7    15   558,0   0,0  22,1   2,7  33,0    23     NNE

Max >=  27,0:  0
Max <=   0,0:  5
Min <=   0,0: 22
Min <= -18,0:  0
Max Rain: 5,2 on day 20
Days of Rain: 12 (>= 0,2 mm)  4 (>= 2,0 mm)  0 (>= 20,0 mm)
Heat Base: 18,0  Cool Base: 29,0  Method: Integration

powered by CumulusMX v3.8.3 (b3093) Valid HTML5    Last Cumulus update   00:31:08