NOAA-style Climate Reports

   V/Λ SELECT: Month and Year   OR  >   Month
                   Monthly Climatological Summary for Jan 2013

Name: Wetterstation Bebra-Gilfershausen   City: Bebra   State: Hessen,Germany
Elevation: 250 m  Lat: N 50° 59' 02"   Lon: E 009° 49' 37"

                  Temperature (°C), Rain (mm), Wind Speed (km/h)

                                      Heat  Cool        Avg
    Mean                              Deg   Deg         Wind                 Dom
Day Temp  High   Time   Low    Time   Days  Days  Rain  Speed High   Time    Dir
----------------------------------------------------------------------------------
 1   5,6   6,7   00:00   5,2   05:48  12,4   0,0   0,0   2,2  12,0   01:29   SSE
 2   5,1   6,1   00:00   3,2   23:46  12,9   0,0   2,6   2,2  13,0   11:12     S
 3   5,7   7,8   23:39   3,2   00:00  12,3   0,0   2,1   3,7  21,0   15:22   SSE
 4   8,5   9,5   14:34   7,6   02:38   9,5   0,0   4,1   0,8  14,0   01:11    SE
 5   7,8   8,8   00:42   6,8   22:44  10,2   0,0   0,5   1,6  13,0   01:59    SE
 6   6,9   7,8   18:23   6,2   08:06  11,1   0,0   1,0   0,8   9,0   10:12    SE
19   2,4   8,3   11:29  -6,4   23:28  11,4   0,0  11,4   6,2   8,0   23:28    NW
20  -5,4  -4,1   14:28  -6,5   03:28  23,4   0,0   0,0  10,3 124,0   14:28   NNE
21  -4,7  -3,6   14:28  -5,3   05:28  22,7   0,0   0,0   1,6  16,0   00:28     N
22  -5,0  -4,0   15:28  -5,5   02:28  23,0   0,0   0,0   2,0   7,0   05:28   NNW
23  -5,0  -4,2   13:23  -5,6   01:28  24,4   0,0   0,0   0,7   7,0   11:28     N
24  -3,9  -2,4   15:21  -5,7   02:29  22,8   0,0   0,0   0,6   6,0   16:06     N
25  -4,8  -2,8   00:00  -6,9   19:21  23,7   0,0   0,0   1,4  34,0   03:13   NNE
26  -4,1  -2,4   13:46  -6,2   00:02  22,8   0,0   0,0   3,7  19,0   17:53   SSE
27   0,1   2,4   14:45  -3,1   00:00  17,9   0,0   2,1   4,3  33,0   11:36    SE
28   2,2   3,6   13:36   1,3   00:04  15,8   0,0   2,6   2,2  21,0   23:47   SSE
29   4,4   6,7   23:50   2,7   03:10  13,6   0,0   1,5   3,0  31,0   01:44    SE
30   8,3  11,9   14:37   3,9   21:38   9,7   0,0   8,8   4,9  25,0   11:56   SSE
31   5,3   7,6   13:20   3,6   22:39  12,7   0,0   1,6   5,0  29,0   10:48   SSE
----------------------------------------------------------------------------------
     1,5  11,9    30    -6,9    25   312,3   0,0  38,3   2,5 124,0    20     ESE

Max >=  27,0:  0
Max <=   0,0:  7
Min <=   0,0:  9
Min <= -18,0:  0
Max Rain: 11,4 on day 19
Days of Rain: 11 (>= 0,2 mm)  7 (>= 2,0 mm)  0 (>= 20,0 mm)
Heat Base: 18,0  Cool Base: 29,0  Method: Integration

powered by CumulusMX v3.8.3 (b3093) Valid HTML5    Last Cumulus update   08:15:19