NOAA-style Climate Reports

   V/Λ SELECT: Month and Year   OR  >   Month
                   Annual Climatological Summary for 2013

Name: Wetterstation Bebra-Gilfershausen   City: Bebra   State: Hessen,Germany
Elevation: 250 m  Lat: N 50° 59' 02"   Lon: E 009° 49' 37"

                  Temperature (°C), Heat Base: 18,0  Cool Base: 29,0
                          Dep.  Heat  Cool                       Max  Max  Min  Min
        Mean  Mean        From  Deg   Deg                        >=   <=   <=   <=
 YR MO  Max   Min   Mean  Norm  Days  Days  Hi  Date  Low  Date 27,0  0,0  0,0 -18,0
------------------------------------------------------------------------------------
 13  1   3,4  -0,4   1,5   3,5   312     0  11,9  30  -6,9   25    0    7    9    0
 13  2   2,0  -1,5   0,2   0,2   431     0   6,6   4  -9,1   11    0    5   17    0
 13  3   3,7  -3,0   0,2  -2,3   558     0  14,4   6 -13,7   15    0    5   22    0
 13  4  13,8   3,6   8,5   1,0   293     0  25,3  25  -4,6    1    0    0    7    0
 13  5  17,0   8,0  12,3  -0,2   184     0  23,5   8   1,8   23    0    0    0    0
 13  6  21,8  10,5  16,1   0,6    99     1  34,2  19   5,5    6    3    0    0    0
 13  7  26,6  13,1  19,5   2,0    44     2  33,9  27   8,4   13   12    0    0    0
 13  8  24,7  11,9  17,9   0,9    67     2  33,7   2   7,1   14    8    0    0    0
 13  9  18,0   9,6  13,5   0,5   147     0  28,6   6   1,3   28    2    0    0    0
 13 10  13,9   6,6  10,1   2,1   247     0  20,8  22  -0,1    3    0    0    1    0
 13 11   6,8   1,9   4,6   1,6   404     0  15,3   7  -5,2   26    0    0   11    0
 13 12   6,1   1,5   3,9   3,8   439     0  12,4  24  -4,1    4    0    0    9    0
------------------------------------------------------------------------------------
        13,1   5,1   9,0   1,1  3232     6  34,2 Jun -13,7  Mrz   25   17   76    0

                                Precipitation (mm)

              Dep.   Max        Days of Rain
              From   Obs.           >=
 YR MO Total  Norm   Day Date  0,2  2,0 20,0
---------------------------------------------
 13  1  38,3 -19,7  11,4  19    11    7    0
 13  2  26,9 -23,1   5,2   4    14    5    0
 13  3  22,1 -31,9   5,2  20    12    4    0
 13  4  54,9 -20,1  21,8  12    12    6    1
 13  5 177,6  82,6  35,2  17    17   13    3
 13  6  64,7 -43,3  24,9   9    10    8    1
 13  7  22,3 -65,7   7,8   3     6    5    0
 13  8  21,6 -71,4   6,2  19     8    5    0
 13  9  60,6   2,6  13,0  11    13    8    0
 13 10 113,8  59,8  35,7   5    16   13    1
 13 11  76,0  15,0  16,6   8    21   10    0
 13 12  31,1 -20,9   7,3   5    13    6    0
---------------------------------------------
       709,9-136,1  35,7  Okt  153   90    6

                                Wind Speed (km/h)
                          Dom
 YR MO   Avg.  Hi   Date  Dir
------------------------------
 13  1   2,4 124,0   20   SSE
 13  2   1,7  53,0   11    NE
 13  3   2,7  33,0   23   NNE
 13  4   2,6  51,0    3     E
 13  5   2,0  31,0   20   ESE
 13  6   1,9  46,0   20   ESE
 13  7   1,2  69,0    1   ESE
 13  8   1,2  29,0    3    SE
 13  9   1,6  34,0   29   ESE
 13 10   1,6  38,0   28    SE
 13 11   1,6  39,0    4    SE
 13 12   2,6  40,0    5    SE
------------------------------
         1,9 124,0  Jan   ESE

powered by CumulusMX v3.8.3 (b3093) Valid HTML5    Last Cumulus update   13:59:08