NOAA-style Climate Reports

   V/Λ SELECT: Month and Year   OR  >   Month
                   Monthly Climatological Summary for Dez 2012

Name: Wetterstation Bebra-Gilfershausen   City: Bebra   State: Hessen,Germany
Elevation: 250 m  Lat: N 50° 59' 02"   Lon: E 009° 49' 37"

                  Temperature (°C), Rain (mm), Wind Speed (km/h)

                                      Heat  Cool        Avg
    Mean                              Deg   Deg         Wind                 Dom
Day Temp  High   Time   Low    Time   Days  Days  Rain  Speed High   Time    Dir
----------------------------------------------------------------------------------
 1  -0,7   2,2   14:31  -4,6   02:14  18,7   0,0   0,0   1,7  25,0   23:40    SE
 2   0,6   1,3   20:44  -0,4   04:31  17,4   0,0   0,5   3,3  25,0   02:16    SE
 3   0,3   1,6   12:42  -3,2   08:50  17,7   0,0   0,0   3,6  33,0   18:18    SE
 4   2,1   3,4   14:53   0,8   00:00  15,9   0,0   2,6   2,6  22,0   15:01     S
 5   0,2   2,0   13:23  -3,3   20:18  17,8   0,0   0,5   0,2   8,0   02:59    SE
 6  -2,4   0,1   12:14  -8,6   23:55  20,4   0,0   0,0   1,1  17,0   11:23    NW
 7  -6,7  -3,0   19:54  -8,7   00:12  20,4   0,0   0,0   3,6  15,0   20:05   NNW
 8  -6,2  -3,1   14:34  -8,7   00:12  19,3   0,0   0,0   0,2   5,0   01:14   NNW
 9  -2,9   1,0   23:34  -7,4   00:34  20,9   0,0   0,0   4,0   9,0   09:34   SSW
10   1,0   1,9   12:34 -11,8   19:45  17,9   0,0   5,7   3,2   8,0   23:15    SE
11  -2,2  -0,1   00:00 -15,9   06:00  20,2   0,0   0,0   0,3   7,0   12:11     N
12  -2,9  -1,9   18:06  -5,3   00:00  20,9   0,0   0,0   1,0  11,0   04:31     N
13  -4,3  -2,9   00:00  -5,2   21:37  19,2   0,0   0,0   0,0   2,0   21:35     N
14  -3,9   1,6   20:49  -4,4   00:00  13,3   0,0   0,0   0,0   0,0   00:00     E
15   2,6   4,0   14:49   1,6   00:49  15,9   0,0  10,4   0,7 122,0   18:32    SE
16   3,5   6,5   12:55   2,1   00:12  14,5   0,0   3,6   0,5 122,0   10:25   ESE
17   3,9   5,6   14:04   2,8   05:19  14,1   0,0   0,5   0,3  13,0   10:58   SSE
18   4,1   6,1   14:33   2,9   04:21  13,9   0,0   2,1   0,1   5,0   14:08   SSE
19   3,9   4,3   10:52   3,3   00:58  14,1   0,0   0,0   0,0   0,0   00:00     E
20   3,1   4,3   00:00   1,8   09:59  15,9   0,0   0,0   0,0   5,0   19:59   NNE
21   1,4   1,9   01:59   0,9   07:59  17,8   0,0   3,1   0,1   5,0   23:41     N
22   3,8   6,2   15:03   1,3   00:00  14,2   0,0   2,6   0,9  23,0   20:07    SE
23   8,0  11,2   19:08   4,4   01:00  10,0   0,0  19,2   1,5  25,0   19:19   SSE
24   7,7  10,6   14:08   5,6   20:31  10,3   0,0   4,1   0,4  13,0   13:29    SE
25   7,4  11,4   12:12   4,8   05:37  10,6   0,0   1,0   3,4  25,0   09:50   SSE
26   6,5   7,8   00:20   4,9   17:47  11,5   0,0   3,6   3,3  20,0   00:09   SSE
27   6,7   8,6   12:28   4,8   08:58  11,3   0,0   8,8   3,7  36,0   01:41    SE
28   3,1   5,5   23:36   0,9   07:45  15,5   0,0   0,5   1,3  13,0   20:32    SE
29   6,6   9,7   13:57   3,3   21:50  11,4   0,0   0,0   5,1  31,0   14:35    SE
30   5,8   8,2   12:22   3,6   02:05  12,2   0,0   2,1   4,5  37,0   22:19   SSE
31   7,0   8,9   12:45   5,9   00:00  11,0   0,0   0,0   7,2  28,0   15:10    SE
----------------------------------------------------------------------------------
     1,8  11,4    25   -15,9    11   484,2   0,0  70,9   2,0 122,0    15      SE

Max >=  27,0:  0
Max <=   0,0:  5
Min <=   0,0: 13
Min <= -18,0:  0
Max Rain: 19,2 on day 23
Days of Rain: 17 (>= 0,2 mm)  12 (>= 2,0 mm)  0 (>= 20,0 mm)
Heat Base: 18,0  Cool Base: 29,0  Method: Integration

powered by CumulusMX v3.8.3 (b3093) Valid HTML5    Last Cumulus update   00:24:08