NOAA-style Climate Reports

   V/Λ SELECT: Month and Year   OR  >   Month
                   Monthly Climatological Summary for Nov 2012

Name: Wetterstation Bebra-Gilfershausen   City: Bebra   State: Hessen,Germany
Elevation: 250 m  Lat: N 50° 59' 02"   Lon: E 009° 49' 37"

                  Temperature (°C), Rain (mm), Wind Speed (km/h)

                                      Heat  Cool        Avg
    Mean                              Deg   Deg         Wind                 Dom
Day Temp  High   Time   Low    Time   Days  Days  Rain  Speed High   Time    Dir
----------------------------------------------------------------------------------
 1   5,8   9,8   13:17   1,8   00:00  12,2   0,0   1,6   2,7  30,0   17:58    SE
 2   7,0   9,9   13:29   4,8   05:38  11,0   0,0   7,3   5,3  30,0   12:38    SE
 3   6,2   7,5   17:57   4,9   07:33  11,8   0,0   9,3   1,4  19,0   09:20   SSE
 4   6,7   8,4   12:07   4,1   08:07  11,3   0,0   2,1   0,4  10,0   15:03   SSE
 5   6,7   9,8   12:01   4,8   03:57  11,3   0,0   1,0   1,9  22,0   11:24    SE
 6   4,4   7,3   13:45   1,8   03:34  13,6   0,0   1,6   0,8  15,0   23:53   SSE
 7   7,6   9,6   12:02   5,3   00:00  10,4   0,0   0,5   3,3  18,0   06:44   SSE
 8   7,8   8,9   13:38   7,3   05:40  10,2   0,0   0,0   3,4  26,0   10:23   SSE
 9   6,8   9,9   13:44   3,4   23:56  11,2   0,0   0,0   1,4  28,0   15:39   SSE
10   6,5   8,9   23:58   3,4   00:00  11,5   0,0   6,7   0,3  10,0   14:51   SSE
11   8,7  10,9   12:15   4,2   23:54   9,3   0,0   0,0   0,1   5,0   13:51   NNE
12   4,6   8,3   15:04  -0,1   23:40  13,4   0,0   0,5   1,7  18,0   12:19    SE
13   1,6   6,9   14:31  -0,7   08:14  16,4   0,0   0,0   0,5   9,0   14:18    SE
14  -0,2   3,5   14:57  -2,6   08:12  18,2   0,0   0,0   0,5   9,0   13:08    SE
15   1,1   2,1   14:09  -0,1   00:00  16,9   0,0   0,0   0,6   8,0   22:02    SE
16   2,0   3,4   13:40   0,4   05:34  16,0   0,0   0,0   3,8  21,0   14:57    SE
17   3,5   4,6   13:35   2,3   08:03  14,5   0,0   0,0   5,0  21,0   10:03    SE
18   5,7   7,3   15:05   4,3   00:00  12,3   0,0   1,0   0,2   6,0   12:03    SE
19   5,8   8,4   13:30   1,8   20:47  12,2   0,0   0,5   0,3   8,0   09:49   ESE
20   2,8   4,6   20:06   0,4   03:34  15,2   0,0   0,0   0,6   8,0   11:21    SE
21   4,3   7,4   13:49   1,1   20:25  13,7   0,0   0,0   1,5  23,0   13:58    SE
22   4,5   8,7   13:41  -0,6   23:08  13,5   0,0   0,0   1,1  12,0   11:02    SE
23   3,7   7,3   14:57  -1,2   03:55  14,3   0,0   0,0   1,1  16,0   08:10    SE
24   6,5   8,7   14:25   4,9   00:08  11,5   0,0   0,5   0,3  26,0   03:17     N
25   7,5  12,6   12:06   2,8   23:55  10,5   0,0   0,0   2,7  32,0   11:26   SSE
26   4,0   7,4   13:42  -0,4   05:31  14,0   0,0   2,1   0,2   7,0   15:31    SE
27   6,6   8,4   13:21   4,9   08:19  11,4   0,0   0,0   0,3   7,0   12:10   SSE
28   5,9   6,9   11:40   5,1   23:43  12,1   0,0   2,1   1,7  13,0   23:07     N
29   3,4   5,1   00:00   2,1   20:26  14,6   0,0   0,5   2,5  19,0   07:47     N
30   1,1   3,0   14:08  -3,6   23:40  16,9   0,0   0,0   0,4  10,0   14:01   ESE
----------------------------------------------------------------------------------
     5,0  12,6    25    -3,6    30   391,4   0,0  37,3   1,5  32,0    25      SE

Max >=  27,0:  0
Max <=   0,0:  0
Min <=   0,0:  8
Min <= -18,0:  0
Max Rain: 9,3 on day 3
Days of Rain: 15 (>= 0,2 mm)  6 (>= 2,0 mm)  0 (>= 20,0 mm)
Heat Base: 18,0  Cool Base: 29,0  Method: Integration

powered by CumulusMX v3.8.3 (b3093) Valid HTML5    Last Cumulus update   12:58:08