NOAA-style Climate Reports

   V/Λ SELECT: Month and Year   OR  >   Month
                   Monthly Climatological Summary for Okt 2012

Name: Wetterstation Bebra-Gilfershausen   City: Bebra   State: Hessen,Germany
Elevation: 250 m  Lat: N 50° 59' 02"   Lon: E 009° 49' 37"

                  Temperature (°C), Rain (mm), Wind Speed (km/h)

                                      Heat  Cool        Avg
    Mean                              Deg   Deg         Wind                 Dom
Day Temp  High   Time   Low    Time   Days  Days  Rain  Speed High   Time    Dir
----------------------------------------------------------------------------------
 1   8,0  16,9   15:14   1,4   06:19  10,0   0,0   0,0   1,6  19,0   13:01    SE
 2  10,1  17,3   14:37   3,4   04:50   7,9   0,0   0,0   2,3  22,0   16:58    SE
 3  13,6  17,1   12:00   9,7   08:16   4,4   0,0   0,0   4,6  31,0   10:56    SE
 4  11,2  13,4   00:00   5,4   23:55   7,0   0,0  10,9   4,4  30,0   13:30    SE
 5  11,0  16,4   15:41   5,1   00:49   7,0   0,0   1,0   3,6  34,0   18:00    SE
 6  13,4  18,5   13:15   8,8   23:38   4,6   0,0   5,7   2,8  32,0   11:56    SE
 7   8,9  13,1   15:12   3,4   23:53   9,1   0,0   0,0   0,6  13,0   15:19   NNW
 8   6,3  12,6   15:35   1,3   04:14  11,7   0,0   0,0   0,8  27,0   15:23    SE
 9   6,7  12,3   12:48   2,2   23:54  11,3   0,0   0,0   0,8  11,0   10:54   ESE
10   5,1  11,1   14:43   0,7   03:17  12,9   0,0   0,0   0,5  12,0   12:43   ESE
11   5,5  12,1   14:56   1,3   08:32  12,5   0,0   0,0   1,1  16,0   12:56    SE
12   7,1  10,9   16:42   1,8   03:17  11,3   0,0   4,2   0,2  10,0   15:57    SE
13   7,9  13,6   14:05   3,3   08:24  10,1   0,0   1,6   3,0  31,0   15:09    SE
14   8,4  11,3   14:45   6,4   06:23   9,6   0,0   9,8   2,3  21,0   12:53    SE
15   7,7   8,9   07:15   5,8   22:30  10,3   0,0   1,6   1,1  14,0   07:32    SE
16   8,0  11,4   13:21   4,7   02:25  10,0   0,0   0,5   4,7  23,0   12:45    SE
17   9,7  15,4   14:40   6,4   08:17   8,3   0,0   0,0   1,0  22,0   13:29    SE
18   9,9  18,6   15:34   4,8   08:08   8,1   0,0   0,0   0,5   9,0   15:23    SE
19  11,1  19,6   15:29   5,1   07:48   7,1   0,0   0,0   0,4  10,0   10:31    SE
20  11,5  19,9   15:23   6,1   08:09   6,7   0,0   0,0   0,5  10,0   11:39    SE
21  12,1  20,8   15:21   6,9   08:27   6,3   0,0   0,0   0,5   8,0   10:25    NE
22  10,3  15,1   14:23   6,1   06:46   7,7   0,0   0,0   1,8  12,0   16:46     N
23  10,5  11,8   15:03   8,6   21:39   7,5   0,0   0,0   1,9  14,0   23:39     N
24   9,7  10,9   16:54   8,7   23:41   8,3   0,0   0,0   0,7  30,0   22:52   ESE
25   8,9  10,4   15:23   6,8   21:43   9,1   0,0   0,0   0,6   9,0   23:27    SE
26   4,9   7,9   00:00   1,8   23:10  13,1   0,0   2,6   2,2  18,0   10:34     N
27   0,9   2,5   15:23  -0,7   23:10  17,1   0,0   3,6   0,9  12,0   16:02    NE
28  -0,1   4,4   13:37  -3,8   05:52  18,8   0,0   1,0   0,3  10,0   10:54   ESE
29   0,9   4,1   14:27  -2,2   07:46  17,8   0,0   0,5   4,5  24,0   15:22    SE
30   3,9   5,7   15:48   1,9   00:00  14,1   0,0   3,1   2,0  17,0   02:32    SE
31   5,5  10,5   13:31   1,7   22:56  12,5   0,0   0,0   1,3  26,0   15:09   SSE
----------------------------------------------------------------------------------
     8,0  20,8    21    -3,8    28   312,2   0,0  46,1   1,7  34,0     5      SE

Max >=  27,0:  0
Max <=   0,0:  0
Min <=   0,0:  3
Min <= -18,0:  0
Max Rain: 10,9 on day 4
Days of Rain: 13 (>= 0,2 mm)  7 (>= 2,0 mm)  0 (>= 20,0 mm)
Heat Base: 18,0  Cool Base: 29,0  Method: Integration

powered by CumulusMX v3.8.3 (b3093) Valid HTML5    Last Cumulus update   08:07:19