NOAA-style Climate Reports

   V/Λ SELECT: Month and Year   OR  >   Month
                   Monthly Climatological Summary for Aug 2012

Name: Wetterstation Bebra-Gilfershausen   City: Bebra   State: Hessen,Germany
Elevation: 250 m  Lat: N 50° 59' 02"   Lon: E 009° 49' 37"

                  Temperature (°C), Rain (mm), Wind Speed (km/h)

                                      Heat  Cool        Avg
    Mean                              Deg   Deg         Wind                 Dom
Day Temp  High   Time   Low    Time   Days  Days  Rain  Speed High   Time    Dir
----------------------------------------------------------------------------------
 1  19,5  27,2   15:35  11,9   06:20   1,7   0,0   0,0   1,7  23,0   14:35    SE
 2  20,3  27,6   14:58  14,1   01:56   1,2   0,0   0,5   2,8  28,0   12:09    SE
 3  19,5  25,9   15:18  13,7   07:06   1,1   0,0   0,0   1,3  22,0   14:52    SE
 4  18,4  25,8   13:33  11,5   06:06   2,0   0,0   0,0   1,5  17,0   12:30    SE
 5  17,9  23,2   14:43  14,1   01:56   1,5   0,0   1,0   0,3  10,0   17:23    SE
 6  18,5  21,9   15:40  15,3   23:24   0,8   0,0   7,3   3,4  29,0   11:59    SE
 7  17,1  21,9   13:50  13,1   05:46   1,8   0,0   0,0   2,5  21,0   11:46    SE
 8  16,6  22,5   14:45  11,0   06:15   2,5   0,0   0,0   1,3  20,0   13:09    SE
 9  16,6  22,7   15:21  11,4   06:40   2,3   0,0   0,5   0,7  12,0   09:19   ESE
10  15,5  19,4   12:59  11,4   23:20   2,6   0,0   0,0   0,0   3,0   15:07     N
11  14,7  20,5   16:00   9,5   06:52   3,7   0,0   0,0   0,6  16,0   14:43   NNE
12  15,5  22,3   15:11   7,3   06:15   3,7   0,0   0,0   2,6  23,0   13:00     N
13  18,0  25,1   16:37  10,8   06:16   2,1   0,0   0,0   2,1  17,0   13:03     N
14  18,6  27,1   15:09   9,9   05:54   2,3   0,0   0,0   1,0  10,0   13:03   ESE
15  20,3  28,3   16:14  11,2   06:43   1,8   0,0   0,0   1,8  15,0   14:19   NNW
16  18,8  24,1   17:30  13,8   23:56   0,7   0,0   7,3   0,6  11,0   16:34   ESE
17  18,5  26,0   14:30  12,8   06:21   2,0   0,0   0,0   1,0  16,0   12:36    SE
18  20,1  29,8   16:37  11,4   06:42   2,0   0,1   0,0   1,3  14,0   15:35    SE
19  22,5  33,1   15:39  13,3   06:46   1,2   0,8   0,0   2,0  27,0   14:50   SSE
20  23,5  32,8   15:10  16,1   06:21   0,3   0,6   0,0   0,7  12,0   10:34    SE
22  20,2  25,9   14:15  13,3   23:57   0,5   0,0   0,0   2,0  27,0   14:45    SE
23  16,3  24,2   15:24   9,3   06:33   3,4   0,0   0,0   1,7  22,0   15:54    SE
24  16,4  21,4   15:49  11,9   00:00   2,3   0,0   7,3   0,7  14,0   14:51    SE
25  18,5  23,9   15:57  14,3   07:19   1,1   0,0   4,7   2,9  32,0   13:57   SSE
26  15,7  18,8   13:31  12,4   06:48   2,3   0,0   0,0   3,9  30,0   10:53    SE
27  16,5  21,8   15:45  11,4   23:54   2,3   0,0   0,5   2,1  18,0   14:45    SE
28  15,8  23,3   14:26   8,6   06:05   3,7   0,0   0,0   1,0  13,0   13:39    SE
29  18,1  26,6   15:36  11,1   04:58   2,5   0,0   0,0   1,9  21,0   13:42    SE
30  17,4  22,6   13:46  14,6   23:35   1,4   0,0   0,5   1,0  16,0   12:57    SE
31  15,1  19,8   17:06  10,4   07:02   3,2   0,0   0,0   0,8  13,0   11:00    SE
----------------------------------------------------------------------------------
    18,0  33,1    19     7,3    12    60,0   1,5  29,6   1,6  32,0    25      SE

Max >=  27,0:  7
Max <=   0,0:  0
Min <=   0,0:  0
Min <= -18,0:  0
Max Rain: 7,3 on day 6
Days of Rain: 9 (>= 0,2 mm)  4 (>= 2,0 mm)  0 (>= 20,0 mm)
Heat Base: 18,0  Cool Base: 29,0  Method: Integration

powered by CumulusMX v3.8.3 (b3093) Valid HTML5    Last Cumulus update   08:04:19