NOAA-style Climate Reports

   V/Λ SELECT: Month and Year   OR  >   Month
                   Monthly Climatological Summary for Jul 2012

Name: Wetterstation Bebra-Gilfershausen   City: Bebra   State: Hessen,Germany
Elevation: 250 m  Lat: N 50° 59' 02"   Lon: E 009° 49' 37"

                  Temperature (°C), Rain (mm), Wind Speed (km/h)

                                      Heat  Cool        Avg
    Mean                              Deg   Deg         Wind                 Dom
Day Temp  High   Time   Low    Time   Days  Days  Rain  Speed High   Time    Dir
----------------------------------------------------------------------------------
 1  18,7  22,4   13:58  13,8   23:33   0,4   0,0   7,3   1,7  19,0   11:29   SSE
 2  14,9  18,3   17:30  11,2   04:37   3,1   0,0   2,6   1,1  12,0   16:43     N
 3  18,9  25,0   17:29  15,1   04:00   1,1   0,0   0,0   0,6  10,0   14:23   ESE
 4  19,8  26,4   14:56  13,2   03:29   1,4   0,0   0,0   0,6  11,0   19:13     N
 5  19,1  23,9   17:23  15,4   05:43   0,6   0,0  16,6   0,6  14,0   08:34   NNE
 6  20,0  24,9   14:42  15,8   02:29   0,5   0,0   0,0   2,8  25,0   16:25   SSE
 7  18,3  25,3   15:13  13,1   03:37   1,5   0,0   1,6   1,0  18,0   12:16    SE
 8  17,4  23,0   15:03  12,2   05:13   1,7   0,0   2,6   3,6  30,0   15:52    SE
 9  17,9  24,4   14:51  12,9   03:19   1,6   0,0   0,0   3,6  30,0   10:45    SE
10  18,3  24,9   13:10  13,2   06:29   1,5   0,0   3,1   2,4  18,0   17:31    SE
11  15,7  19,5   13:28  12,2   23:54   2,4   0,0   6,2   2,3  23,0   13:24    SE
12  14,3  18,6   15:19  10,1   23:57   3,8   0,0   1,0   3,3  27,0   11:15    SE
13  14,1  17,8   18:40   9,5   02:08   3,9   0,0   7,3   3,8  22,0   08:16    SE
14  14,9  18,2   15:01  12,8   23:54   3,1   0,0  34,2   2,0  27,0   12:54    SE
15  14,5  19,9   13:23  10,4   05:25   3,6   0,0   1,0   1,8  24,0   13:20    SE
16  14,9  18,6   14:54  11,3   06:29   3,1   0,0   2,1   3,6  21,0   15:56    SE
17  15,7  20,6   16:47  13,2   02:22   2,5   0,0  10,4   2,2  19,0   16:36    SE
18  18,4  24,3   16:27  13,8   00:34   1,4   0,0   0,5   2,9  26,0   13:19    SE
19  17,5  21,8   13:48  14,9   23:39   1,1   0,0   0,5   3,1  32,0   11:33    SE
20  15,1  18,4   17:49  12,9   23:53   2,9   0,0   1,6   0,9  13,0   18:58    SE
21  14,1  18,5   15:40  10,3   23:55   3,9   0,0   9,3   0,6  14,0   15:10    NE
22  13,0  19,6   15:59   6,6   05:36   5,2   0,0   0,0   0,8  11,0   15:08     E
23  15,6  24,8   15:18   6,3   06:05   4,4   0,0   0,0   1,1  19,0   14:33   ESE
24  18,9  27,8   16:21   9,1   05:52   2,7   0,0   0,0   2,3  21,0   14:13     N
25  22,5  31,9   16:03  13,8   05:42   1,1   0,5   0,0   0,0   3,0   16:23    SE
26  22,4  30,3   15:43  15,3   06:07   0,5   0,1   0,0   0,2   7,0   16:26     N
27  23,7  32,7   14:38  15,7   06:00   0,4   0,7   0,0   0,8  14,0   17:06    SE
28  20,3  25,3   14:29  17,9   06:18   0,0   0,0  19,2   1,8  20,0   09:59    SE
29  18,3  22,1   15:22  12,8   23:56   0,6   0,0   9,8   1,8  15,0   14:50    SE
30  14,7  21,1   15:11   9,0   06:07   3,9   0,0   1,0   1,9  20,0   12:09    SE
31  15,8  22,8   15:40   8,4   04:56   3,4   0,0   0,0   2,1  25,0   13:19    SE
----------------------------------------------------------------------------------
    17,3  32,7    27     6,3    23    67,3   1,3 137,9   1,8  32,0    19      SE

Max >=  27,0:  4
Max <=   0,0:  0
Min <=   0,0:  0
Min <= -18,0:  0
Max Rain: 34,2 on day 14
Days of Rain: 20 (>= 0,2 mm)  13 (>= 2,0 mm)  1 (>= 20,0 mm)
Heat Base: 18,0  Cool Base: 29,0  Method: Integration

powered by CumulusMX v3.8.3 (b3093) Valid HTML5    Last Cumulus update   12:43:08