NOAA-style Climate Reports

   V/Λ SELECT: Month and Year   OR  >   Month
                   Monthly Climatological Summary for Jun 2012

Name: Wetterstation Bebra-Gilfershausen   City: Bebra   State: Hessen,Germany
Elevation: 250 m  Lat: N 50° 59' 02"   Lon: E 009° 49' 37"

                  Temperature (°C), Rain (mm), Wind Speed (km/h)

                                      Heat  Cool        Avg
    Mean                              Deg   Deg         Wind                 Dom
Day Temp  High   Time   Low    Time   Days  Days  Rain  Speed High   Time    Dir
----------------------------------------------------------------------------------
 1  13,5  16,6   12:47  11,6   23:57   4,5   0,0   0,0   1,0  18,0   11:34   ESE
 2  13,1  18,8   14:53   7,9   23:52   5,0   0,0   0,0   1,2  15,0   15:35     E
 3  10,1  13,8   18:03   5,5   04:01   7,9   0,0   6,7   0,5   9,0   12:48   ENE
 4  12,7  17,6   16:07   9,3   05:15   5,3   0,0   4,7   1,2  25,0   16:09    SE
 5  10,5  14,4   15:13   6,8   23:58   7,5   0,0   1,6   1,0  12,0   14:26   ESE
 6  10,8  15,3   19:27   4,9   02:26   7,2   0,0   1,6   1,8  21,0   13:08    SE
 7  15,3  21,2   18:21   8,7   04:27   3,3   0,0   1,0   0,4  10,0   15:46    SE
 8  17,4  22,6   16:16  12,3   23:48   1,6   0,0   0,0   3,7  23,0   12:20    SE
 9  15,2  20,4   13:28   9,6   04:20   3,2   0,0   0,0   4,4  34,0   16:11    SE
10  14,0  20,1   13:45   8,1   02:21   4,3   0,0   0,0   1,6  19,0   11:28    SE
11  14,2  20,1   11:53   9,6   05:12   3,9   0,0   3,1   0,6  11,0   11:20    SE
12  15,2  21,0   15:37  10,4   02:22   3,2   0,0   0,0   0,7  11,0   16:24   ESE
13  13,6  15,3   14:45  11,5   23:49   4,5   0,0   0,0   0,2   5,0   06:28    NE
14  13,4  17,8   16:06   9,9   23:57   4,8   0,0   1,0   0,5   7,0   18:12   NNE
15  15,1  21,3   17:32   7,3   04:19   3,7   0,0   0,0   1,1  13,0   17:01    SE
16  15,8  21,5   10:57  12,7   23:57   2,4   0,0   5,2   0,8  21,0   10:57   SSE
17  16,5  22,7   15:54  11,8   23:58   2,7   0,0   0,0   3,4  22,0   12:20    SE
18  19,5  28,8   13:01  10,8   05:48   2,4   0,0   0,0   3,4  28,0   16:43    SE
19  17,3  22,6   13:17  11,4   05:45   1,8   0,0  14,5   1,1  12,0   15:29     N
20  16,7  17,9   14:14  15,9   01:44   1,3   0,0  14,0   0,8   9,0   15:13     N
21  16,6  19,1   16:30  15,3   05:11   1,5   0,0   0,5   1,0  10,0   09:56     N
22  17,6  22,3   14:21  13,1   23:17   1,4   0,0   1,0   5,1  36,0   13:36    SE
23  15,4  21,4   16:54   8,5   06:17   3,5   0,0   0,0   1,2  14,0   12:44    SE
24  14,7  21,9   14:20   8,7   06:07   3,9   0,0   2,1   4,5  43,0   16:50    SE
25  15,1  20,3   16:24  11,0   04:07   3,1   0,0   0,5   4,0  34,0   10:56    SE
26  14,8  19,8   15:13  10,5   23:57   3,5   0,0   0,0   1,0  11,0   15:21    SE
27  16,1  23,9   16:42   7,3   05:31   3,6   0,0   0,0   1,8  18,0   13:35    SE
28  20,9  27,9   15:58  15,1   01:07   0,9   0,0   0,0   1,3  14,0   16:43    SE
29  21,7  30,5   14:17  16,5   02:58   0,3   0,1   1,0   1,6  27,0   14:21    SE
30  22,3  29,0   16:46  16,9   04:03   0,1   0,0   1,0   1,4  14,0   14:03    SE
----------------------------------------------------------------------------------
    15,5  30,5    29     4,9     6   102,3   0,1  59,5   1,7  43,0    24      SE

Max >=  27,0:  4
Max <=   0,0:  0
Min <=   0,0:  0
Min <= -18,0:  0
Max Rain: 14,5 on day 19
Days of Rain: 16 (>= 0,2 mm)  7 (>= 2,0 mm)  0 (>= 20,0 mm)
Heat Base: 18,0  Cool Base: 29,0  Method: Integration

powered by CumulusMX v3.8.3 (b3093) Valid HTML5    Last Cumulus update   07:53:19