NOAA-style Climate Reports

   V/Λ SELECT: Month and Year   OR  >   Month
                   Monthly Climatological Summary for Mai 2012

Name: Wetterstation Bebra-Gilfershausen   City: Bebra   State: Hessen,Germany
Elevation: 250 m  Lat: N 50° 59' 02"   Lon: E 009° 49' 37"

                  Temperature (°C), Rain (mm), Wind Speed (km/h)

                                      Heat  Cool        Avg
    Mean                              Deg   Deg         Wind                 Dom
Day Temp  High   Time   Low    Time   Days  Days  Rain  Speed High   Time    Dir
----------------------------------------------------------------------------------
 1  18,5  24,5   15:00  13,9   06:39   1,4   0,0   0,0   2,6  13,0   02:24   ENE
 2  16,6  24,9   15:23  10,4   05:53   2,7   0,0   1,6   1,4  16,0   13:51     N
 3  13,8  16,5   18:10   8,8   23:52   4,2   0,0   0,5   2,9  21,0   05:50    SE
 4  13,4  22,3   14:13   5,4   06:07   5,4   0,0   1,5   3,5  26,0   12:54   SSE
 5  11,0  13,9   12:41   8,6   23:47   7,0   0,0  23,3   0,3   7,0   17:19    NE
 6   8,3   9,3   17:38   6,9   07:25   9,7   0,0   2,1   1,9  11,0   15:34     N
 7   9,8  13,3   14:36   5,6   23:56   8,2   0,0   0,0   0,4   9,0   14:11     E
 8  12,4  20,8   15:54   4,9   00:56   6,1   0,0   0,0   2,9  26,0   13:13    SE
 9  15,0  19,4   14:22  10,2   02:56   3,2   0,0   0,0   4,2  31,0   15:39    SE
10  17,6  25,6   16:27   9,8   05:47   2,6   0,0   0,0   3,2  27,0   14:23    SE
11  19,2  29,5   14:48  13,0   23:54   1,5   0,0   5,7   2,2  33,0   11:56    SE
12  10,8  14,3   14:17   4,6   23:55   7,2   0,0   0,0   1,7  14,0   14:17   NNE
13   7,0  13,5   16:01   1,8   03:59  11,0   0,0   0,0   1,3  17,0   13:06   ESE
14   9,5  18,1   16:22   0,1   05:52   8,5   0,0   0,0   2,5  20,0   13:39    SE
15   8,2  13,8   10:44   2,9   05:52  10,2   0,0   3,6   1,5  22,0   13:46    SE
16   8,1  12,9   13:53   4,1   23:40   9,9   0,0   3,6   1,5  17,0   15:14   ESE
17   8,0  15,9   16:24   0,4   05:21  10,0   0,0   0,0   1,3  15,0   12:20   ESE
18  11,5  18,5   17:30   5,6   02:09   6,5   0,0   0,5   2,3  25,0   09:09    SE
19  16,1  22,8   16:12   9,8   04:59   3,1   0,0   1,0   1,2  18,0   13:18   ESE
20  18,9  25,8   16:21  13,1   06:39   1,7   0,0   1,0   1,8  14,0   13:19   NNE
21  19,2  25,3   17:09  12,2   04:01   1,6   0,0   0,0   2,7  17,0   18:00     N
22  19,7  27,1   16:03  11,5   05:53   1,7   0,0   0,0   1,6  14,0   14:06     N
23  20,4  28,5   14:22  12,8   05:11   1,5   0,0   0,0   1,8  16,0   18:00   NNE
24  19,0  25,5   15:27  13,2   23:54   1,5   0,0   0,0   2,6  25,0   14:59   NNE
25  16,0  22,3   15:39   9,0   06:18   3,1   0,0   0,0   2,9  26,0   16:17   NNE
26  15,6  22,9   16:14   6,6   05:53   3,9   0,0   0,0   2,5  22,0   12:42   NNE
27  17,1  22,7   15:43  11,3   02:22   2,4   0,0   0,0   0,9  11,0   11:19   NNE
28  17,7  25,6   13:24   9,6   05:43   2,7   0,0   0,0   1,1  13,0   13:24   ENE
29  18,1  24,6   14:18  11,4   06:20   1,9   0,0   0,0   1,3  19,0   14:13     E
30  16,8  23,9   14:46  11,6   05:51   2,5   0,0   0,0   1,6  15,0   11:42   ESE
31  15,7  22,6   13:24   9,3   03:46   3,2   0,0  10,4   1,7  21,0   16:00    SE
----------------------------------------------------------------------------------
    14,5  29,5    11     0,1    14   146,1   0,0  54,8   2,0  33,0    11       E

Max >=  27,0:  3
Max <=   0,0:  0
Min <=   0,0:  0
Min <= -18,0:  0
Max Rain: 23,3 on day 5
Days of Rain: 12 (>= 0,2 mm)  6 (>= 2,0 mm)  1 (>= 20,0 mm)
Heat Base: 18,0  Cool Base: 29,0  Method: Integration

powered by CumulusMX v3.8.3 (b3093) Valid HTML5    Last Cumulus update   07:44:19