NOAA-style Climate Reports

   V/Λ SELECT: Month and Year   OR  >   Month
                   Monthly Climatological Summary for Apr 2012

Name: Wetterstation Bebra-Gilfershausen   City: Bebra   State: Hessen,Germany
Elevation: 250 m  Lat: N 50° 59' 02"   Lon: E 009° 49' 37"

                  Temperature (°C), Rain (mm), Wind Speed (km/h)

                                      Heat  Cool        Avg
    Mean                              Deg   Deg         Wind                 Dom
Day Temp  High   Time   Low    Time   Days  Days  Rain  Speed High   Time    Dir
----------------------------------------------------------------------------------
 1   3,4  10,9   15:46  -3,9   07:24  14,5   0,0   0,0   1,8  22,0   12:50     E
 2   6,5  10,6   16:36   3,9   02:51  11,5   0,0   0,0   1,4  12,0   12:08    SE
 3   9,1  17,4   16:24   1,6   05:10   8,9   0,0   0,0   1,7  25,0   15:10    SE
 4   8,7  12,4   15:39   6,4   23:45   9,3   0,0  12,4   2,2  17,0   10:54   NNE
 5   5,3   6,7   15:53   4,2   23:23  12,7   0,0   0,0   4,4  20,0   10:25   NNE
 6   3,8   6,2   17:52   1,4   21:52  14,2   0,0   0,0   1,1  18,0   13:46    NE
 7   3,8   8,7   16:11   0,3   22:10  14,2   0,0   2,6   1,6  23,0   12:26   ENE
 8   2,3   7,8   15:17  -1,2   03:47  16,1   0,0   0,0   1,0  17,0   15:53   ENE
 9   2,9   6,9   23:41  -2,4   02:42  15,1   0,0   0,5   5,1  27,0   09:12    SE
10  11,0  17,7   15:56   6,9   00:00   7,0   0,0   0,5   7,6  28,0   10:43    SE
11   9,4  12,4   16:47   5,4   23:57   8,6   0,0   2,6   0,6  10,0   16:17    SE
12   7,4  14,3   15:29   2,0   06:12  10,6   0,0   0,5   1,9  20,0   18:16    SE
13   7,8  12,9   15:49   2,9   23:55  10,2   0,0   0,0   0,8  17,0   13:49    SE
14   6,4  13,0   14:32  -0,6   06:54  11,6   0,0   0,0   1,6  11,0   12:30   NNE
15   7,0  12,1   16:40   1,3   03:42  11,0   0,0   0,0   3,8  24,0   17:05     N
16   5,9   9,6   16:24   0,1   23:52  12,1   0,0   0,0   3,2  22,0   11:57     N
17   4,4  11,8   16:19  -3,3   06:41  13,6   0,0   0,0   4,4  42,0   15:09    SE
18   7,6  12,9   14:46   2,8   02:17  11,2   0,0   0,0   3,6  25,0   17:14    SE
19   9,0  17,3   15:32   1,1   06:54   9,3   0,0   0,0   3,6  32,0   11:11    SE
20   8,7  15,4   16:12   2,4   06:34   9,7   0,0   1,0   4,0  29,0   11:51    SE
21   7,0  13,0   15:28   1,5   03:54  11,0   0,0   4,2   4,3  32,0   16:07   SSE
22   7,8  13,0   16:32   3,6   07:05  10,2   0,0   2,1   4,1  32,0   17:19    SE
23   8,2  13,8   15:57   4,1   05:38   9,8   0,0   1,6   3,9  31,0   14:21    SE
24   9,4  13,8   13:52   5,8   23:22   8,6   0,0   0,0   3,7  23,0   12:52    SE
25  10,5  15,3   15:02   5,6   02:15   7,5   0,0   0,0   4,7  28,0   12:49    SE
26  11,7  14,4   12:53   9,0   05:34   6,3   0,0   0,5   4,6  33,0   16:06    SE
27  14,3  21,2   14:42   7,8   06:04   4,2   0,0   0,5   3,7  31,0   17:16    SE
28  20,1  29,5   15:01  11,5   02:55   1,9   0,0   0,0   2,2  25,0   18:30   NNE
29  18,1  25,5   14:23  11,1   06:32   2,1   0,0   0,0   1,6  25,0   15:12    SE
30  17,7  23,7   15:57  12,3   05:40   2,0   0,0   0,0   4,2  31,0   19:33   NNE
----------------------------------------------------------------------------------
     8,5  29,5    28    -3,9     1   295,0   0,0  29,0   3,1  42,0    17     ESE

Max >=  27,0:  1
Max <=   0,0:  0
Min <=   0,0:  5
Min <= -18,0:  0
Max Rain: 12,4 on day 4
Days of Rain: 12 (>= 0,2 mm)  5 (>= 2,0 mm)  0 (>= 20,0 mm)
Heat Base: 18,0  Cool Base: 29,0  Method: Integration

powered by CumulusMX v3.8.3 (b3093) Valid HTML5    Last Cumulus update   23:45:08