NOAA-style Climate Reports

   V/Λ SELECT: Month and Year   OR  >   Month
                   Monthly Climatological Summary for Mrz 2012

Name: Wetterstation Bebra-Gilfershausen   City: Bebra   State: Hessen,Germany
Elevation: 250 m  Lat: N 50° 59' 02"   Lon: E 009° 49' 37"

                  Temperature (°C), Rain (mm), Wind Speed (km/h)

                                      Heat  Cool        Avg
    Mean                              Deg   Deg         Wind                 Dom
Day Temp  High   Time   Low    Time   Days  Days  Rain  Speed High   Time    Dir
----------------------------------------------------------------------------------
 1   7,7  11,4   15:18   3,8   21:27  10,3   0,0   0,0   0,4   8,0   11:42    SE
 2   5,7   8,6   16:01   0,9   23:29  12,3   0,0   0,0   0,8  12,0   09:54   NNE
 3   5,1   8,9   12:54  -0,1   07:05  12,9   0,0   0,5   1,7  19,0   10:10     E
 4   7,3  11,4   14:41   4,6   05:03  10,7   0,0   0,0   0,7  11,0   13:58   SSE
 5   5,0   6,9   01:13   1,5   23:42  13,0   0,0   1,5   3,0  20,0   16:58    SE
 6   2,7   8,8   14:59  -2,2   07:36  15,3   0,0   0,0   0,8   9,0   11:10    NE
 7   3,0   9,3   14:12  -2,8   06:03  15,0   0,0   2,1   3,8  27,0   13:59    SE
 8   3,7   8,3   14:24  -0,7   23:47  14,3   0,0   4,2   1,6  26,0   15:02    SE
 9   2,5   9,4   14:08  -3,4   07:02  15,4   0,0   0,0   2,0  21,0   14:45    SE
10   6,9   9,4   11:03   3,1   00:01  11,1   0,0   0,0   2,8  22,0   10:57    SE
11   7,9   9,5   13:16   6,9   05:46  10,1   0,0   0,0   1,7  11,0   13:46     N
12   7,3   8,2   15:45   6,9   06:22  10,7   0,0   0,0   0,9  10,0   11:00   ESE
13   6,6   7,5   12:45   5,5   07:21  11,4   0,0   0,5   0,5   7,0   18:06     N
14   6,0   7,5   15:46   5,3   08:59  12,0   0,0   0,0   0,5   8,0   03:33     N
15   7,0  13,8   15:15   1,4   23:55  11,0   0,0   0,0   2,5  16,0   13:37   SSE
16   7,7  20,1   14:57  -0,7   06:53  10,5   0,0   0,0   2,0  31,0   12:34    SE
17   9,7  18,9   14:42   0,5   06:42   8,4   0,0   0,0   3,5  37,0   15:37    SE
18   7,2  10,1   11:45   3,4   23:15  10,8   0,0   0,5   1,1   9,0   12:54    SE
19   5,2  10,7   15:08  -0,5   23:57  12,8   0,0   0,5   0,9  13,0   11:13     N
20   4,6  13,3   14:31  -2,6   06:12  13,4   0,0   0,0   1,3  17,0   13:42    SE
21   7,3  16,0   14:35  -0,7   06:50  10,7   0,0   0,0   0,9  14,0   14:39   ESE
22   8,6  15,4   14:51   2,4   06:09   9,4   0,0   0,0   1,8  16,0   15:02     N
23   9,0  17,2   14:57   1,9   06:31   9,0   0,0   0,0   1,5  19,0   17:35   NNE
24   9,1  18,1   14:35   1,2   06:28   8,9   0,0   0,0   1,3  13,0   09:37     E
25   9,3  18,7   14:53   1,3   07:15   8,4   0,0   0,0   1,9  19,0   15:42   NNE
26   8,5  16,9   15:37   0,9   07:48   9,5   0,0   0,0   1,5  16,0   17:37   NNE
27   8,7  17,8   16:09   0,2   07:28   9,6   0,0   0,0   1,4  19,0   15:24    NE
28   9,9  19,1   16:33   1,6   06:59   8,2   0,0   0,0   1,2  23,0   10:57    NE
29   8,7  11,9   13:41   5,9   01:03   9,3   0,0   0,0   2,6  22,0   19:00   NNE
30   8,3  10,5   14:19   6,9   01:26   9,7   0,0   2,6   2,5  15,0   10:26    SE
31   6,9   9,8   11:42   0,1   23:59  11,1   0,0   0,5   2,9  23,0   11:23   NNE
----------------------------------------------------------------------------------
     6,9  20,1    16    -3,4     9   345,2   0,0  12,9   1,7  37,0    17       E

Max >=  27,0:  0
Max <=   0,0:  0
Min <=   0,0:  9
Min <= -18,0:  0
Max Rain: 4,2 on day 8
Days of Rain: 9 (>= 0,2 mm)  3 (>= 2,0 mm)  0 (>= 20,0 mm)
Heat Base: 18,0  Cool Base: 29,0  Method: Integration

powered by CumulusMX v3.8.3 (b3093) Valid HTML5    Last Cumulus update   09:24:19